{"id":1221,"date":"2015-03-20T13:43:31","date_gmt":"2015-03-20T12:43:31","guid":{"rendered":"http:\/\/christusnews.de\/site\/?page_id=1221"},"modified":"2015-05-27T14:36:12","modified_gmt":"2015-05-27T12:36:12","slug":"flotte-nadeln","status":"publish","type":"page","link":"https:\/\/christusnews.de\/site\/gemeinde\/flotte-nadeln\/","title":{"rendered":"Flotte Nadeln"},"content":{"rendered":"<div class=\"wpb-content-wrapper\"><p>[vc_row][vc_column width=&#8221;1\/1&#8243;][vc_column_text css_animation=&#8221;appear&#8221;]<\/p>\n<h2><b>Ein Herz f\u00fcr Kinder der Gemeinde<\/b><\/h2>\n<p>[\/vc_column_text][vc_column_text css_animation=&#8221;appear&#8221;]<em><b>Wer sind wir?<\/b><\/em><\/p>\n<p>Die \u201eFlotten Nadeln\u201c sind ein Handarbeitskreis aller Altersgruppen der Christus-Garnisonkirche, der sich kreativ bet\u00e4tigt.<\/p>\n<p>Wir treffen uns alle 14 Tage im Gemeindehaus zum gemeinsamen handarbeiten.<\/p>\n<p>Das Kl\u00f6nen kommt aber auch nicht zu kurz.<\/p>\n<p>Haben Sie Interesse an unserem Kreis ? Dann besuchen Sie uns doch mal im Gemeindehaus Kirchplatz 1 oder nehmen Sie Kontakt mit uns auf.<\/p>\n<p>\u00dcbrigens: auch M\u00e4nner sind gerne willkommen.[\/vc_column_text][\/vc_column][\/vc_row][vc_row][vc_column width=&#8221;1\/3&#8243;][vc_single_image image=&#8221;2155&#8243; alignment=&#8221;center&#8221; border_color=&#8221;grey&#8221; img_link_large=&#8221;yes&#8221; img_link_target=&#8221;_self&#8221; css_animation=&#8221;appear&#8221; img_size=&#8221;medium&#8221;][vc_column_text css_animation=&#8221;appear&#8221;]<strong>Monika Grosch<\/strong><br \/>\nTel. 04421-301943<br \/>\nE-Mail: <a href=\"mailto:MuR.Grosch@t-online.de\">MuR.Grosch@t-online.de<\/a>[\/vc_column_text][\/vc_column][vc_column width=&#8221;1\/3&#8243;][vc_single_image image=&#8221;2156&#8243; alignment=&#8221;center&#8221; border_color=&#8221;grey&#8221; img_link_large=&#8221;&#8221; img_link_target=&#8221;_self&#8221; css_animation=&#8221;appear&#8221; img_size=&#8221;medium&#8221;][\/vc_column][vc_column width=&#8221;1\/3&#8243;][vc_single_image image=&#8221;2157&#8243; alignment=&#8221;center&#8221; border_color=&#8221;grey&#8221; img_link_large=&#8221;&#8221; img_link_target=&#8221;_self&#8221; css_animation=&#8221;appear&#8221; img_size=&#8221;medium&#8221;][\/vc_column][\/vc_row][vc_row][vc_column width=&#8221;1\/1&#8243;][vc_column_text css_animation=&#8221;appear&#8221;]<em><b>Was machen wir?<\/b><\/em><\/p>\n<p>Die Bandbreite unserer Kreativit\u00e4t reicht von\u00a0 Stricken, H\u00e4keln, Basteln bis zu Holzarbeiten.\u00a0Und und und\u2026.<\/p>\n<p>Mit viel Freude\u00a0 nehmen wir auch an den Ausfl\u00fcgen der Gemeinde\u00a0 teil.<\/p>\n<p>[\/vc_column_text][\/vc_column][\/vc_row][vc_row][vc_column width=&#8221;1\/3&#8243;][vc_single_image image=&#8221;2161&#8243; alignment=&#8221;center&#8221; border_color=&#8221;grey&#8221; img_link_large=&#8221;&#8221; img_link_target=&#8221;_self&#8221; css_animation=&#8221;appear&#8221; img_size=&#8221;medium&#8221;][\/vc_column][vc_column width=&#8221;1\/3&#8243;][vc_single_image image=&#8221;2162&#8243; alignment=&#8221;center&#8221; border_color=&#8221;grey&#8221; img_link_large=&#8221;&#8221; img_link_target=&#8221;_self&#8221; css_animation=&#8221;appear&#8221; img_size=&#8221;medium&#8221;][\/vc_column][vc_column width=&#8221;1\/3&#8243;][vc_single_image image=&#8221;2163&#8243; alignment=&#8221;center&#8221; border_color=&#8221;grey&#8221; img_link_large=&#8221;&#8221; img_link_target=&#8221;_self&#8221; css_animation=&#8221;appear&#8221; img_size=&#8221;medium&#8221;][\/vc_column][\/vc_row][vc_row][vc_column width=&#8221;1\/4&#8243;][vc_single_image image=&#8221;2166&#8243; alignment=&#8221;center&#8221; border_color=&#8221;grey&#8221; img_link_large=&#8221;&#8221; img_link_target=&#8221;_self&#8221; css_animation=&#8221;appear&#8221; img_size=&#8221;medium&#8221;][\/vc_column][vc_column width=&#8221;1\/4&#8243;][vc_single_image image=&#8221;2167&#8243; alignment=&#8221;center&#8221; border_color=&#8221;grey&#8221; img_link_large=&#8221;&#8221; img_link_target=&#8221;_self&#8221; css_animation=&#8221;appear&#8221; img_size=&#8221;medium&#8221;][\/vc_column][vc_column width=&#8221;1\/4&#8243;][vc_single_image image=&#8221;2168&#8243; alignment=&#8221;center&#8221; border_color=&#8221;grey&#8221; img_link_large=&#8221;&#8221; img_link_target=&#8221;_self&#8221; css_animation=&#8221;appear&#8221; img_size=&#8221;medium&#8221;][\/vc_column][vc_column width=&#8221;1\/4&#8243;][vc_single_image image=&#8221;2169&#8243; alignment=&#8221;center&#8221; border_color=&#8221;grey&#8221; img_link_large=&#8221;&#8221; img_link_target=&#8221;_self&#8221; css_animation=&#8221;appear&#8221; img_size=&#8221;medium&#8221;][\/vc_column][\/vc_row][vc_row][vc_column width=&#8221;1\/1&#8243;][vc_column_text css_animation=&#8221;appear&#8221;]<em><b>F\u00fcr wen sind wir aktiv ?<\/b><\/em><\/p>\n<p>Wir unterst\u00fctzen mit unserem Weihnachtsbasar-Erl\u00f6s die Kinder unserer Gemeinde, insbesondere die beiden Kinderg\u00e4rten Christuskindergarten<\/p>\n<p>und Kindergarten Inselviertel.<\/p>\n<p>Unsere Spende wird einmal im Jahr \u00fcbergeben.<\/p>\n<p>[\/vc_column_text][\/vc_column][\/vc_row][vc_row][vc_column width=&#8221;1\/3&#8243;][vc_single_image image=&#8221;2172&#8243; alignment=&#8221;center&#8221; border_color=&#8221;grey&#8221; img_link_large=&#8221;&#8221; img_link_target=&#8221;_self&#8221; css_animation=&#8221;appear&#8221; img_size=&#8221;medium&#8221;][\/vc_column][vc_column width=&#8221;1\/3&#8243;][vc_single_image image=&#8221;2173&#8243; alignment=&#8221;center&#8221; border_color=&#8221;grey&#8221; img_link_large=&#8221;&#8221; img_link_target=&#8221;_self&#8221; css_animation=&#8221;appear&#8221; img_size=&#8221;medium&#8221;][\/vc_column][vc_column width=&#8221;1\/3&#8243;][vc_single_image image=&#8221;2174&#8243; alignment=&#8221;center&#8221; border_color=&#8221;grey&#8221; img_link_large=&#8221;&#8221; img_link_target=&#8221;_self&#8221; css_animation=&#8221;appear&#8221; img_size=&#8221;medium&#8221;][\/vc_column][\/vc_row][vc_row][vc_column width=&#8221;1\/3&#8243;][vc_single_image image=&#8221;2175&#8243; alignment=&#8221;center&#8221; border_color=&#8221;grey&#8221; img_link_large=&#8221;&#8221; img_link_target=&#8221;_self&#8221; css_animation=&#8221;appear&#8221; img_size=&#8221;medium&#8221;][\/vc_column][vc_column width=&#8221;1\/3&#8243;][vc_single_image image=&#8221;2176&#8243; alignment=&#8221;center&#8221; border_color=&#8221;grey&#8221; img_link_large=&#8221;&#8221; img_link_target=&#8221;_self&#8221; css_animation=&#8221;appear&#8221; img_size=&#8221;medium&#8221;][\/vc_column][vc_column width=&#8221;1\/3&#8243;][vc_single_image image=&#8221;2157&#8243; alignment=&#8221;center&#8221; border_color=&#8221;grey&#8221; img_link_large=&#8221;&#8221; img_link_target=&#8221;_self&#8221; css_animation=&#8221;appear&#8221; img_size=&#8221;medium&#8221;][\/vc_column][\/vc_row][vc_row][vc_column width=&#8221;1\/1&#8243;][vc_button title=&#8221;HIER finden Sie eine Pr\u00e4sentation \u00fcber die Flotten Nadeln&#8221; target=&#8221;_blank&#8221; color=&#8221;btn-success&#8221; icon=&#8221;wpb_document_pdf&#8221; size=&#8221;btn-large&#8221; href=&#8221;http:\/\/christusnews.de\/site\/wp-content\/uploads\/Flotte_Nadeln2015.pdf&#8221;][\/vc_column][\/vc_row]<\/p>\n<\/div>","protected":false},"excerpt":{"rendered":"<p>[vc_row][vc_column width=&#8221;1\/1&#8243;][vc_column_text css_animation=&#8221;appear&#8221;] Ein Herz f\u00fcr Kinder der Gemeinde [\/vc_column_text][vc_column_text css_animation=&#8221;appear&#8221;]Wer sind wir? Die \u201eFlotten Nadeln\u201c sind ein Handarbeitskreis aller Altersgruppen der Christus-Garnisonkirche, der sich kreativ bet\u00e4tigt. Wir treffen uns alle 14 Tage im Gemeindehaus zum gemeinsamen handarbeiten. Das Kl\u00f6nen kommt aber auch nicht zu kurz. Haben Sie Interesse an unserem Kreis ? Dann besuchen Sie uns doch mal im Gemeindehaus Kirchplatz 1 oder nehmen Sie Kontakt mit uns auf. \u00dcbrigens: auch M\u00e4nner sind gerne willkommen.[\/vc_column_text][\/vc_column][\/vc_row][vc_row][vc_column width=&#8221;1\/3&#8243;][vc_single_image image=&#8221;2155&#8243; alignment=&#8221;center&#8221; border_color=&#8221;grey&#8221; img_link_large=&#8221;yes&#8221; img_link_target=&#8221;_self&#8221; css_animation=&#8221;appear&#8221; img_size=&#8221;medium&#8221;][vc_column_text css_animation=&#8221;appear&#8221;]Monika Grosch Tel. 04421-301943 E-Mail: MuR.Grosch@t-online.de[\/vc_column_text][\/vc_column][vc_column width=&#8221;1\/3&#8243;][vc_single_image image=&#8221;2156&#8243; alignment=&#8221;center&#8221; border_color=&#8221;grey&#8221; img_link_large=&#8221;&#8221; img_link_target=&#8221;_self&#8221; css_animation=&#8221;appear&#8221; img_size=&#8221;medium&#8221;][\/vc_column][vc_column width=&#8221;1\/3&#8243;][vc_single_image image=&#8221;2157&#8243;&#8230;<\/p>\n","protected":false},"author":1,"featured_media":0,"parent":847,"menu_order":7,"comment_status":"closed","ping_status":"open","template":"","meta":{"footnotes":""},"class_list":["post-1221","page","type-page","status-publish","hentry"],"_links":{"self":[{"href":"https:\/\/christusnews.de\/site\/wp-json\/wp\/v2\/pages\/1221","targetHints":{"allow":["GET"]}}],"collection":[{"href":"https:\/\/christusnews.de\/site\/wp-json\/wp\/v2\/pages"}],"about":[{"href":"https:\/\/christusnews.de\/site\/wp-json\/wp\/v2\/types\/page"}],"author":[{"embeddable":true,"href":"https:\/\/christusnews.de\/site\/wp-json\/wp\/v2\/users\/1"}],"replies":[{"embeddable":true,"href":"https:\/\/christusnews.de\/site\/wp-json\/wp\/v2\/comments?post=1221"}],"version-history":[{"count":19,"href":"https:\/\/christusnews.de\/site\/wp-json\/wp\/v2\/pages\/1221\/revisions"}],"predecessor-version":[{"id":2180,"href":"https:\/\/christusnews.de\/site\/wp-json\/wp\/v2\/pages\/1221\/revisions\/2180"}],"up":[{"embeddable":true,"href":"https:\/\/christusnews.de\/site\/wp-json\/wp\/v2\/pages\/847"}],"wp:attachment":[{"href":"https:\/\/christusnews.de\/site\/wp-json\/wp\/v2\/media?parent=1221"}],"curies":[{"name":"wp","href":"https:\/\/api.w.org\/{rel}","templated":true}]}}

<div class="wpb-content-wrapper"><p>[vc_row][vc_column width=&#8221;1/1&#8243;][vc_column_text css_animation=&#8221;appear&#8221;]</p>
<h2><b>Ein Herz für Kinder der Gemeinde</b></h2>
<p>[/vc_column_text][vc_column_text css_animation=&#8221;appear&#8221;]<em><b>Wer sind wir?</b></em></p>
<p>Die „Flotten Nadeln“ sind ein Handarbeitskreis aller Altersgruppen der Christus-Garnisonkirche, der sich kreativ betätigt.</p>
<p>Wir treffen uns alle 14 Tage im Gemeindehaus zum gemeinsamen handarbeiten.</p>
<p>Das Klönen kommt aber auch nicht zu kurz.</p>
<p>Haben Sie Interesse an unserem Kreis ? Dann besuchen Sie uns doch mal im Gemeindehaus Kirchplatz 1 oder nehmen Sie Kontakt mit uns auf.</p>
<p>Übrigens: auch Männer sind gerne willkommen.[/vc_column_text][/vc_column][/vc_row][vc_row][vc_column width=&#8221;1/3&#8243;][vc_single_image image=&#8221;2155&#8243; alignment=&#8221;center&#8221; border_color=&#8221;grey&#8221; img_link_large=&#8221;yes&#8221; img_link_target=&#8221;_self&#8221; css_animation=&#8221;appear&#8221; img_size=&#8221;medium&#8221;][vc_column_text css_animation=&#8221;appear&#8221;]<strong>Monika Grosch</strong><br />
Tel. 04421-301943<br />
E-Mail: <a href="mailto:MuR.Grosch@t-online.de">MuR.Grosch@t-online.de</a>[/vc_column_text][/vc_column][vc_column width=&#8221;1/3&#8243;][vc_single_image image=&#8221;2156&#8243; alignment=&#8221;center&#8221; border_color=&#8221;grey&#8221; img_link_large=&#8221;&#8221; img_link_target=&#8221;_self&#8221; css_animation=&#8221;appear&#8221; img_size=&#8221;medium&#8221;][/vc_column][vc_column width=&#8221;1/3&#8243;][vc_single_image image=&#8221;2157&#8243; alignment=&#8221;center&#8221; border_color=&#8221;grey&#8221; img_link_large=&#8221;&#8221; img_link_target=&#8221;_self&#8221; css_animation=&#8221;appear&#8221; img_size=&#8221;medium&#8221;][/vc_column][/vc_row][vc_row][vc_column width=&#8221;1/1&#8243;][vc_column_text css_animation=&#8221;appear&#8221;]<em><b>Was machen wir?</b></em></p>
<p>Die Bandbreite unserer Kreativität reicht von  Stricken, Häkeln, Basteln bis zu Holzarbeiten. Und und und….</p>
<p>Mit viel Freude  nehmen wir auch an den Ausflügen der Gemeinde  teil.</p>
<p>[/vc_column_text][/vc_column][/vc_row][vc_row][vc_column width=&#8221;1/3&#8243;][vc_single_image image=&#8221;2161&#8243; alignment=&#8221;center&#8221; border_color=&#8221;grey&#8221; img_link_large=&#8221;&#8221; img_link_target=&#8221;_self&#8221; css_animation=&#8221;appear&#8221; img_size=&#8221;medium&#8221;][/vc_column][vc_column width=&#8221;1/3&#8243;][vc_single_image image=&#8221;2162&#8243; alignment=&#8221;center&#8221; border_color=&#8221;grey&#8221; img_link_large=&#8221;&#8221; img_link_target=&#8221;_self&#8221; css_animation=&#8221;appear&#8221; img_size=&#8221;medium&#8221;][/vc_column][vc_column width=&#8221;1/3&#8243;][vc_single_image image=&#8221;2163&#8243; alignment=&#8221;center&#8221; border_color=&#8221;grey&#8221; img_link_large=&#8221;&#8221; img_link_target=&#8221;_self&#8221; css_animation=&#8221;appear&#8221; img_size=&#8221;medium&#8221;][/vc_column][/vc_row][vc_row][vc_column width=&#8221;1/4&#8243;][vc_single_image image=&#8221;2166&#8243; alignment=&#8221;center&#8221; border_color=&#8221;grey&#8221; img_link_large=&#8221;&#8221; img_link_target=&#8221;_self&#8221; css_animation=&#8221;appear&#8221; img_size=&#8221;medium&#8221;][/vc_column][vc_column width=&#8221;1/4&#8243;][vc_single_image image=&#8221;2167&#8243; alignment=&#8221;center&#8221; border_color=&#8221;grey&#8221; img_link_large=&#8221;&#8221; img_link_target=&#8221;_self&#8221; css_animation=&#8221;appear&#8221; img_size=&#8221;medium&#8221;][/vc_column][vc_column width=&#8221;1/4&#8243;][vc_single_image image=&#8221;2168&#8243; alignment=&#8221;center&#8221; border_color=&#8221;grey&#8221; img_link_large=&#8221;&#8221; img_link_target=&#8221;_self&#8221; css_animation=&#8221;appear&#8221; img_size=&#8221;medium&#8221;][/vc_column][vc_column width=&#8221;1/4&#8243;][vc_single_image image=&#8221;2169&#8243; alignment=&#8221;center&#8221; border_color=&#8221;grey&#8221; img_link_large=&#8221;&#8221; img_link_target=&#8221;_self&#8221; css_animation=&#8221;appear&#8221; img_size=&#8221;medium&#8221;][/vc_column][/vc_row][vc_row][vc_column width=&#8221;1/1&#8243;][vc_column_text css_animation=&#8221;appear&#8221;]<em><b>Für wen sind wir aktiv ?</b></em></p>
<p>Wir unterstützen mit unserem Weihnachtsbasar-Erlös die Kinder unserer Gemeinde, insbesondere die beiden Kindergärten Christuskindergarten</p>
<p>und Kindergarten Inselviertel.</p>
<p>Unsere Spende wird einmal im Jahr übergeben.</p>
<p>[/vc_column_text][/vc_column][/vc_row][vc_row][vc_column width=&#8221;1/3&#8243;][vc_single_image image=&#8221;2172&#8243; alignment=&#8221;center&#8221; border_color=&#8221;grey&#8221; img_link_large=&#8221;&#8221; img_link_target=&#8221;_self&#8221; css_animation=&#8221;appear&#8221; img_size=&#8221;medium&#8221;][/vc_column][vc_column width=&#8221;1/3&#8243;][vc_single_image image=&#8221;2173&#8243; alignment=&#8221;center&#8221; border_color=&#8221;grey&#8221; img_link_large=&#8221;&#8221; img_link_target=&#8221;_self&#8221; css_animation=&#8221;appear&#8221; img_size=&#8221;medium&#8221;][/vc_column][vc_column width=&#8221;1/3&#8243;][vc_single_image image=&#8221;2174&#8243; alignment=&#8221;center&#8221; border_color=&#8221;grey&#8221; img_link_large=&#8221;&#8221; img_link_target=&#8221;_self&#8221; css_animation=&#8221;appear&#8221; img_size=&#8221;medium&#8221;][/vc_column][/vc_row][vc_row][vc_column width=&#8221;1/3&#8243;][vc_single_image image=&#8221;2175&#8243; alignment=&#8221;center&#8221; border_color=&#8221;grey&#8221; img_link_large=&#8221;&#8221; img_link_target=&#8221;_self&#8221; css_animation=&#8221;appear&#8221; img_size=&#8221;medium&#8221;][/vc_column][vc_column width=&#8221;1/3&#8243;][vc_single_image image=&#8221;2176&#8243; alignment=&#8221;center&#8221; border_color=&#8221;grey&#8221; img_link_large=&#8221;&#8221; img_link_target=&#8221;_self&#8221; css_animation=&#8221;appear&#8221; img_size=&#8221;medium&#8221;][/vc_column][vc_column width=&#8221;1/3&#8243;][vc_single_image image=&#8221;2157&#8243; alignment=&#8221;center&#8221; border_color=&#8221;grey&#8221; img_link_large=&#8221;&#8221; img_link_target=&#8221;_self&#8221; css_animation=&#8221;appear&#8221; img_size=&#8221;medium&#8221;][/vc_column][/vc_row][vc_row][vc_column width=&#8221;1/1&#8243;][vc_button title=&#8221;HIER finden Sie eine Präsentation über die Flotten Nadeln&#8221; target=&#8221;_blank&#8221; color=&#8221;btn-success&#8221; icon=&#8221;wpb_document_pdf&#8221; size=&#8221;btn-large&#8221; href=&#8221;http://christusnews.de/site/wp-content/uploads/Flotte_Nadeln2015.pdf&#8221;][/vc_column][/vc_row]</p>
</div>

<p>[vc_row][vc_column width=&#8221;1/1&#8243;][vc_column_text css_animation=&#8221;appear&#8221;] Ein Herz für Kinder der Gemeinde [/vc_column_text][vc_column_text css_animation=&#8221;appear&#8221;]Wer sind wir? Die „Flotten Nadeln“ sind ein Handarbeitskreis aller Altersgruppen der Christus-Garnisonkirche, der sich kreativ betätigt. Wir treffen uns alle 14 Tage im Gemeindehaus zum gemeinsamen handarbeiten. Das Klönen kommt aber auch nicht zu kurz. Haben Sie Interesse an unserem Kreis ? Dann besuchen Sie uns doch mal im Gemeindehaus Kirchplatz 1 oder nehmen Sie Kontakt mit uns auf. Übrigens: auch Männer sind gerne willkommen.[/vc_column_text][/vc_column][/vc_row][vc_row][vc_column width=&#8221;1/3&#8243;][vc_single_image image=&#8221;2155&#8243; alignment=&#8221;center&#8221; border_color=&#8221;grey&#8221; img_link_large=&#8221;yes&#8221; img_link_target=&#8221;_self&#8221; css_animation=&#8221;appear&#8221; img_size=&#8221;medium&#8221;][vc_column_text css_animation=&#8221;appear&#8221;]Monika Grosch Tel. 04421-301943 E-Mail: MuR.Grosch@t-online.de[/vc_column_text][/vc_column][vc_column width=&#8221;1/3&#8243;][vc_single_image image=&#8221;2156&#8243; alignment=&#8221;center&#8221; border_color=&#8221;grey&#8221; img_link_large=&#8221;&#8221; img_link_target=&#8221;_self&#8221; css_animation=&#8221;appear&#8221; img_size=&#8221;medium&#8221;][/vc_column][vc_column width=&#8221;1/3&#8243;][vc_single_image image=&#8221;2157&#8243;&#8230;</p>
