{"id":17773,"date":"2021-06-16T10:32:53","date_gmt":"2021-06-16T08:32:53","guid":{"rendered":"https:\/\/christusnews.de\/site\/?page_id=17773"},"modified":"2023-08-26T11:45:01","modified_gmt":"2023-08-26T09:45:01","slug":"vibe-festival","status":"publish","type":"page","link":"https:\/\/christusnews.de\/site\/vibe-festival\/","title":{"rendered":"VIBE FESTIVAL"},"content":{"rendered":"<div class=\"wpb-content-wrapper\"><p>[vc_row full_width=&#8221;stretch_row_content_no_spaces&#8221;][vc_column]\n\t\t\t<!-- START Ticketera_VIBE REVOLUTION SLIDER 6.7.34 --><p class=\"rs-p-wp-fix\"><\/p>\n\t\t\t<rs-module-wrap id=\"rev_slider_3_1_wrapper\" class=\"rev_slider\" data-source=\"gallery\" style=\"visibility:hidden;background:transparent;padding:0;margin:0px auto;margin-top:0;margin-bottom:0;\">\n\t\t\t\t<rs-module id=\"rev_slider_3_1\" style=\"\" data-version=\"6.7.34\">\n\t\t\t\t\t<rs-slides style=\"overflow: hidden; position: absolute;\">\n\t\t\t\t\t\t<rs-slide style=\"position: absolute;\" data-key=\"rs-4\" data-title=\"Slide\" data-anim=\"ms:600;r:0;\" data-in=\"o:0;\" data-out=\"a:false;\">\n\t\t\t\t\t\t\t<img decoding=\"async\" src=\"\/\/christusnews.de\/site\/wp-content\/plugins\/revslider\/sr6\/assets\/assets\/dummy.png\" alt=\"\" title=\"ticketera_vibe_slide01.jpg\" width=\"1680\" height=\"599\" class=\"rev-slidebg tp-rs-img rs-lazyload\" data-lazyload=\"\/\/christusnews.de\/site\/wp-content\/uploads\/revslider\/Ticketera_VIBE\/ticketera_vibe_slide01.jpg\" data-parallax=\"off\" data-panzoom=\"d:10000;ss:100;se:110;\" data-no-retina>\n<!--\n\t\t\t\t\t\t\t--><rs-layer\n\t\t\t\t\t\t\t\tid=\"slider-3-slide-4-layer-3\" \n\t\t\t\t\t\t\t\tclass=\"Img1\"\n\t\t\t\t\t\t\t\tdata-type=\"image\"\n\t\t\t\t\t\t\t\tdata-rsp_ch=\"on\"\n\t\t\t\t\t\t\t\tdata-xy=\"xo:174px,60px,29px,25px;y:m;yo:-193px,-152px,-224px,-221px;\"\n\t\t\t\t\t\t\t\tdata-text=\"l:22;a:inherit;\"\n\t\t\t\t\t\t\t\tdata-dim=\"w:1180px,928px,706px,436px;h:214px,168px,128px,79px;\"\n\t\t\t\t\t\t\t\tdata-frame_1=\"st:960;sR:960;\"\n\t\t\t\t\t\t\t\tdata-frame_999=\"o:0;st:w;sR:7740;\"\n\t\t\t\t\t\t\t\tstyle=\"z-index:8;\"\n\t\t\t\t\t\t\t><img decoding=\"async\" src=\"\/\/christusnews.de\/site\/wp-content\/plugins\/revslider\/sr6\/assets\/assets\/dummy.png\" alt=\"\" class=\"tp-rs-img rs-lazyload\" width=\"1709\" height=\"310\" data-lazyload=\"\/\/christusnews.de\/site\/wp-content\/uploads\/revslider\/Ticketera_VIBE\/ticketera_vibe-festival_logo-blur.png\" data-no-retina> \n\t\t\t\t\t\t\t<\/rs-layer><!--\n-->\t\t\t\t\t<\/rs-slide>\n\t\t\t\t\t<\/rs-slides>\n\t\t\t\t<\/rs-module>\n\t\t\t\t<script>\n\t\t\t\t\tsetREVStartSize({c: 'rev_slider_3_1',rl:[1240,1024,778,480],el:[969,768,960,720],gw:[1500,1024,778,480],gh:[969,768,960,720],type:'standard',justify:'',layout:'fullwidth',mh:\"0\"});if (window.RS_MODULES!==undefined && window.RS_MODULES.modules!==undefined && window.RS_MODULES.modules[\"revslider31\"]!==undefined) {window.RS_MODULES.modules[\"revslider31\"].once = false;window.revapi3 = undefined;if (window.RS_MODULES.checkMinimal!==undefined) window.RS_MODULES.checkMinimal()}\n\t\t\t\t<\/script>\n\t\t\t<\/rs-module-wrap>\n\t\t\t<!-- END REVOLUTION SLIDER -->\n[\/vc_column][\/vc_row][vc_row][vc_column][vc_empty_space height=&#8221;60px&#8221;][vc_btn title=&#8221;www.vibe-festival.de&#8221; style=&#8221;custom&#8221; custom_background=&#8221;#2c446f&#8221; custom_text=&#8221;#ffffff&#8221; shape=&#8221;square&#8221; size=&#8221;lg&#8221; align=&#8221;center&#8221; i_icon_fontawesome=&#8221;fas fa-link&#8221; css_animation=&#8221;slideInDown&#8221; add_icon=&#8221;true&#8221; link=&#8221;url:https%3A%2F%2Fvibe-festival.de|target:_blank&#8221;][vc_empty_space height=&#8221;60px&#8221;][\/vc_column][\/vc_row][vc_row][vc_column][vc_column_text]<\/p>\n<div class=\"wpb_text_column wpb_content_element \">\n<div class=\"wpb_wrapper\">\n<h2>WHV VIBE FESTIVAL #3 | <span class=\"wixui-rich-text__text\">01<\/span><span class=\"wixui-rich-text__text\">. &#8211; 03<\/span><span class=\"wixui-rich-text__text\">. September 2023<\/span><\/h2>\n<p>&nbsp;<\/p>\n<div>\n<p class=\"font_9 wixui-rich-text__text\"><span class=\"wixui-rich-text__text\">Und was h\u00f6rst Du?<\/span><\/p>\n<p class=\"font_9 wixui-rich-text__text\"><span class=\"wixui-rich-text__text\">Unter diesem Motto findet in diesem Jahr das dritte WHV VIBE FESTIVAL statt. Dass Wilhelmshaven an verschiedensten Orten Vibraphon Musik vertragen kann, das haben die letzten beiden Jahre gezeigt.\u00a0<\/span><\/p>\n<p class=\"font_9 wixui-rich-text__text\"><span class=\"wixui-rich-text__text\"><br class=\"wixui-rich-text__text\" \/>Als Gemeinde um die Christus- und Garnisonkirche und Citykirche im Kirchenkreis FRI-WHV freuen wir uns, dass Hauke Renken immer wieder hierhin zur\u00fcckkommt, um die Stadt und seine Fans zu begeistern.\u00a0<\/span><\/p>\n<p class=\"font_9 wixui-rich-text__text\"><span class=\"wixui-rich-text__text\"><br class=\"wixui-rich-text__text\" \/>Hauke war in diesem Fr\u00fchjahr auch schon mit Tim Fischer im Stadttheater zu Gast. Diese Zusammenarbeit zeigt, wie vielf\u00e4ltig der Zeteler Renken unterwegs ist. F\u00fcr ihn und seine Musik gibt es keine Grenzen.\u00a0<\/span><\/p>\n<p class=\"font_9 wixui-rich-text__text\"><span class=\"wixui-rich-text__text\"><br class=\"wixui-rich-text__text\" \/>So sehen wir dem neuen Programm \u201eWas h\u00f6rst Du?\u201c mit gro\u00dfer Vorfreude entgegen.<\/span><\/p>\n<p class=\"font_9 wixui-rich-text__text\"><span class=\"wixui-rich-text__text\"><br class=\"wixui-rich-text__text\" \/>Hinter jeder gro\u00dfen Idee stecken viele Menschen, die daf\u00fcr sorgen, dass alles l\u00e4uft. Einige wollen wir daher nennen.\u00a0<br class=\"wixui-rich-text__text\" \/>Besonders danken wir in diesem Jahr Helmut B\u00e4r, der mit seinem A-cappella Festival \u00fcber mehr als zwei Jahrzehnte die Kulturszene in Wilhelmshaven gepr\u00e4gt hat. Er hat in diesem Jahr die Programmplanung begleitet und vor allem die Sponsorensuche organisiert. F\u00fcr die passenden Worte hat wieder Wianne Kampen gesorgt und Michael Lorenz hat sich um das gute Layout gek\u00fcmmert.\u00a0<\/span><\/p>\n<p class=\"font_9 wixui-rich-text__text\"><span class=\"wixui-rich-text__text\"><br class=\"wixui-rich-text__text\" \/>Und ohne das Team um die Kirche w\u00fcrde es auch nicht laufen.\u00a0<\/span><\/p>\n<p class=\"font_9 wixui-rich-text__text\"><span class=\"wixui-rich-text__text\"><br class=\"wixui-rich-text__text\" \/>Die gro\u00dfe Unterst\u00fctzung durch die vielen Sponsoren, erm\u00f6glicht es uns auch in diesem Jahr, dieses Festival als Geschenk f\u00fcr die Stadt zu organisieren. So bleiben alle Konzerte f\u00fcr die Besuchenden kostenfrei. Vielen Dank daf\u00fcr!\u00a0<\/span><\/p>\n<p class=\"font_9 wixui-rich-text__text\"><span class=\"wixui-rich-text__text\"><br class=\"wixui-rich-text__text\" \/>\u00dcber eine Kollekte am Ausgang der Veranstaltungen freuen wir uns nat\u00fcrlich trotzdem.<br class=\"wixui-rich-text__text\" \/>Zum Schluss noch ein Dank an die Oldenburgische Kirche und den Kirchenkreis, die uns in unserer Arbeit unterst\u00fctzen. Und immer wieder ein Herz haben f\u00fcr besondere Projekte.<\/span><\/p>\n<p>&nbsp;<\/p>\n<p class=\"font_9 wixui-rich-text__text\"><span class=\"wixui-rich-text__text\">So und nun, suchen Sie aus:\u00a0<br class=\"wixui-rich-text__text\" \/>Und was h\u00f6rst Du? Wir freuen uns auf Ihren und Euren Besuch<br class=\"wixui-rich-text__text\" \/><\/span><\/p>\n<p>&nbsp;<\/p>\n<p class=\"font_9 wixui-rich-text__text\"><span class=\"wixui-rich-text__text\">Ihre Busemann &amp; Morgenstern<\/span><\/p>\n<\/div>\n<\/div>\n<\/div>\n<p>[\/vc_column_text][vc_empty_space height=&#8221;85px&#8221;][vc_column_text]<\/p>\n<h1 style=\"text-align: center;\">Hier gibt&#8217;s Infos zu den Veranstaltungen<\/h1>\n<h1 style=\"text-align: center;\"><strong><a href=\"https:\/\/vibe-festival.de\" target=\"_blank\" rel=\"noopener\">www.vibe-festival.de<\/a><\/strong><\/h1>\n<p style=\"text-align: center;\">Der Eintritt ist frei &#8211; Eine Vorab-Reservierung nicht notwendig.<\/p>\n<p>[\/vc_column_text][vc_empty_space height=&#8221;85px&#8221;][vc_empty_space height=&#8221;150px&#8221;][\/vc_column][\/vc_row][vc_row][vc_column][vc_btn title=&#8221;www.vibe-festival.de&#8221; style=&#8221;custom&#8221; custom_background=&#8221;#2c446f&#8221; custom_text=&#8221;#ffffff&#8221; shape=&#8221;square&#8221; size=&#8221;lg&#8221; align=&#8221;center&#8221; i_icon_fontawesome=&#8221;fas fa-link&#8221; css_animation=&#8221;slideInDown&#8221; add_icon=&#8221;true&#8221; link=&#8221;url:https%3A%2F%2Fvibe-festival.de|target:_blank&#8221;][\/vc_column][\/vc_row][vc_row][vc_column][vc_empty_space height=&#8221;100px&#8221;][\/vc_column][\/vc_row]<\/p>\n<\/div>","protected":false},"excerpt":{"rendered":"<p>[vc_row full_width=&#8221;stretch_row_content_no_spaces&#8221;][vc_column][\/vc_column][\/vc_row][vc_row][vc_column][vc_empty_space height=&#8221;60px&#8221;][vc_btn title=&#8221;www.vibe-festival.de&#8221; style=&#8221;custom&#8221; custom_background=&#8221;#2c446f&#8221; custom_text=&#8221;#ffffff&#8221; shape=&#8221;square&#8221; size=&#8221;lg&#8221; align=&#8221;center&#8221; i_icon_fontawesome=&#8221;fas fa-link&#8221; css_animation=&#8221;slideInDown&#8221; add_icon=&#8221;true&#8221; link=&#8221;url:https%3A%2F%2Fvibe-festival.de|target:_blank&#8221;][vc_empty_space height=&#8221;60px&#8221;][\/vc_column][\/vc_row][vc_row][vc_column][vc_column_text] WHV VIBE FESTIVAL #3 | 01. &#8211; 03. September 2023 &nbsp; Und was h\u00f6rst Du? Unter diesem Motto findet in diesem Jahr das dritte WHV VIBE FESTIVAL statt. Dass Wilhelmshaven an verschiedensten Orten Vibraphon Musik vertragen kann, das haben die letzten beiden Jahre gezeigt.\u00a0 Als Gemeinde um die Christus- und Garnisonkirche und Citykirche im Kirchenkreis FRI-WHV freuen wir uns, dass Hauke Renken immer wieder hierhin zur\u00fcckkommt, um die Stadt und seine Fans zu begeistern.\u00a0 Hauke war in diesem Fr\u00fchjahr auch schon mit Tim Fischer&#8230;<\/p>\n","protected":false},"author":1,"featured_media":0,"parent":0,"menu_order":0,"comment_status":"closed","ping_status":"closed","template":"page_home.php","meta":{"footnotes":""},"class_list":["post-17773","page","type-page","status-publish","hentry"],"_links":{"self":[{"href":"https:\/\/christusnews.de\/site\/wp-json\/wp\/v2\/pages\/17773","targetHints":{"allow":["GET"]}}],"collection":[{"href":"https:\/\/christusnews.de\/site\/wp-json\/wp\/v2\/pages"}],"about":[{"href":"https:\/\/christusnews.de\/site\/wp-json\/wp\/v2\/types\/page"}],"author":[{"embeddable":true,"href":"https:\/\/christusnews.de\/site\/wp-json\/wp\/v2\/users\/1"}],"replies":[{"embeddable":true,"href":"https:\/\/christusnews.de\/site\/wp-json\/wp\/v2\/comments?post=17773"}],"version-history":[{"count":37,"href":"https:\/\/christusnews.de\/site\/wp-json\/wp\/v2\/pages\/17773\/revisions"}],"predecessor-version":[{"id":24941,"href":"https:\/\/christusnews.de\/site\/wp-json\/wp\/v2\/pages\/17773\/revisions\/24941"}],"wp:attachment":[{"href":"https:\/\/christusnews.de\/site\/wp-json\/wp\/v2\/media?parent=17773"}],"curies":[{"name":"wp","href":"https:\/\/api.w.org\/{rel}","templated":true}]}}

<div class="wpb-content-wrapper"><p>[vc_row full_width=&#8221;stretch_row_content_no_spaces&#8221;][vc_column]
			<!-- START Ticketera_VIBE REVOLUTION SLIDER 6.7.34 --><p class="rs-p-wp-fix"></p>
			<rs-module-wrap id="rev_slider_3_1_wrapper" class="rev_slider" data-source="gallery" style="visibility:hidden;background:transparent;padding:0;margin:0px auto;margin-top:0;margin-bottom:0;">
				<rs-module id="rev_slider_3_1" style="" data-version="6.7.34">
					<rs-slides style="overflow: hidden; position: absolute;">
						<rs-slide style="position: absolute;" data-key="rs-4" data-title="Slide" data-anim="ms:600;r:0;" data-in="o:0;" data-out="a:false;">
							<img decoding="async" src="//christusnews.de/site/wp-content/plugins/revslider/sr6/assets/assets/dummy.png" alt="" title="ticketera_vibe_slide01.jpg" width="1680" height="599" class="rev-slidebg tp-rs-img rs-lazyload" data-lazyload="//christusnews.de/site/wp-content/uploads/revslider/Ticketera_VIBE/ticketera_vibe_slide01.jpg" data-parallax="off" data-panzoom="d:10000;ss:100;se:110;" data-no-retina>
<!--
							--><rs-layer
								id="slider-3-slide-4-layer-3" 
								class="Img1"
								data-type="image"
								data-rsp_ch="on"
								data-xy="xo:174px,60px,29px,25px;y:m;yo:-193px,-152px,-224px,-221px;"
								data-text="l:22;a:inherit;"
								data-dim="w:1180px,928px,706px,436px;h:214px,168px,128px,79px;"
								data-frame_1="st:960;sR:960;"
								data-frame_999="o:0;st:w;sR:7740;"
								style="z-index:8;"
							><img decoding="async" src="//christusnews.de/site/wp-content/plugins/revslider/sr6/assets/assets/dummy.png" alt="" class="tp-rs-img rs-lazyload" width="1709" height="310" data-lazyload="//christusnews.de/site/wp-content/uploads/revslider/Ticketera_VIBE/ticketera_vibe-festival_logo-blur.png" data-no-retina> 
							</rs-layer><!--
-->					</rs-slide>
					</rs-slides>
				</rs-module>
				<script>
					setREVStartSize({c: 'rev_slider_3_1',rl:[1240,1024,778,480],el:[969,768,960,720],gw:[1500,1024,778,480],gh:[969,768,960,720],type:'standard',justify:'',layout:'fullwidth',mh:"0"});if (window.RS_MODULES!==undefined && window.RS_MODULES.modules!==undefined && window.RS_MODULES.modules["revslider31"]!==undefined) {window.RS_MODULES.modules["revslider31"].once = false;window.revapi3 = undefined;if (window.RS_MODULES.checkMinimal!==undefined) window.RS_MODULES.checkMinimal()}
				</script>
			</rs-module-wrap>
			<!-- END REVOLUTION SLIDER -->
[/vc_column][/vc_row][vc_row][vc_column][vc_empty_space height=&#8221;60px&#8221;][vc_btn title=&#8221;www.vibe-festival.de&#8221; style=&#8221;custom&#8221; custom_background=&#8221;#2c446f&#8221; custom_text=&#8221;#ffffff&#8221; shape=&#8221;square&#8221; size=&#8221;lg&#8221; align=&#8221;center&#8221; i_icon_fontawesome=&#8221;fas fa-link&#8221; css_animation=&#8221;slideInDown&#8221; add_icon=&#8221;true&#8221; link=&#8221;url:https%3A%2F%2Fvibe-festival.de|target:_blank&#8221;][vc_empty_space height=&#8221;60px&#8221;][/vc_column][/vc_row][vc_row][vc_column][vc_column_text]</p>
<div class="wpb_text_column wpb_content_element ">
<div class="wpb_wrapper">
<h2>WHV VIBE FESTIVAL #3 | <span class="wixui-rich-text__text">01</span><span class="wixui-rich-text__text">. &#8211; 03</span><span class="wixui-rich-text__text">. September 2023</span></h2>
<p>&nbsp;</p>
<div>
<p class="font_9 wixui-rich-text__text"><span class="wixui-rich-text__text">Und was hörst Du?</span></p>
<p class="font_9 wixui-rich-text__text"><span class="wixui-rich-text__text">Unter diesem Motto findet in diesem Jahr das dritte WHV VIBE FESTIVAL statt. Dass Wilhelmshaven an verschiedensten Orten Vibraphon Musik vertragen kann, das haben die letzten beiden Jahre gezeigt. </span></p>
<p class="font_9 wixui-rich-text__text"><span class="wixui-rich-text__text"><br class="wixui-rich-text__text" />Als Gemeinde um die Christus- und Garnisonkirche und Citykirche im Kirchenkreis FRI-WHV freuen wir uns, dass Hauke Renken immer wieder hierhin zurückkommt, um die Stadt und seine Fans zu begeistern. </span></p>
<p class="font_9 wixui-rich-text__text"><span class="wixui-rich-text__text"><br class="wixui-rich-text__text" />Hauke war in diesem Frühjahr auch schon mit Tim Fischer im Stadttheater zu Gast. Diese Zusammenarbeit zeigt, wie vielfältig der Zeteler Renken unterwegs ist. Für ihn und seine Musik gibt es keine Grenzen. </span></p>
<p class="font_9 wixui-rich-text__text"><span class="wixui-rich-text__text"><br class="wixui-rich-text__text" />So sehen wir dem neuen Programm „Was hörst Du?“ mit großer Vorfreude entgegen.</span></p>
<p class="font_9 wixui-rich-text__text"><span class="wixui-rich-text__text"><br class="wixui-rich-text__text" />Hinter jeder großen Idee stecken viele Menschen, die dafür sorgen, dass alles läuft. Einige wollen wir daher nennen. <br class="wixui-rich-text__text" />Besonders danken wir in diesem Jahr Helmut Bär, der mit seinem A-cappella Festival über mehr als zwei Jahrzehnte die Kulturszene in Wilhelmshaven geprägt hat. Er hat in diesem Jahr die Programmplanung begleitet und vor allem die Sponsorensuche organisiert. Für die passenden Worte hat wieder Wianne Kampen gesorgt und Michael Lorenz hat sich um das gute Layout gekümmert. </span></p>
<p class="font_9 wixui-rich-text__text"><span class="wixui-rich-text__text"><br class="wixui-rich-text__text" />Und ohne das Team um die Kirche würde es auch nicht laufen. </span></p>
<p class="font_9 wixui-rich-text__text"><span class="wixui-rich-text__text"><br class="wixui-rich-text__text" />Die große Unterstützung durch die vielen Sponsoren, ermöglicht es uns auch in diesem Jahr, dieses Festival als Geschenk für die Stadt zu organisieren. So bleiben alle Konzerte für die Besuchenden kostenfrei. Vielen Dank dafür! </span></p>
<p class="font_9 wixui-rich-text__text"><span class="wixui-rich-text__text"><br class="wixui-rich-text__text" />Über eine Kollekte am Ausgang der Veranstaltungen freuen wir uns natürlich trotzdem.<br class="wixui-rich-text__text" />Zum Schluss noch ein Dank an die Oldenburgische Kirche und den Kirchenkreis, die uns in unserer Arbeit unterstützen. Und immer wieder ein Herz haben für besondere Projekte.</span></p>
<p>&nbsp;</p>
<p class="font_9 wixui-rich-text__text"><span class="wixui-rich-text__text">So und nun, suchen Sie aus: <br class="wixui-rich-text__text" />Und was hörst Du? Wir freuen uns auf Ihren und Euren Besuch<br class="wixui-rich-text__text" /></span></p>
<p>&nbsp;</p>
<p class="font_9 wixui-rich-text__text"><span class="wixui-rich-text__text">Ihre Busemann &amp; Morgenstern</span></p>
</div>
</div>
</div>
<p>[/vc_column_text][vc_empty_space height=&#8221;85px&#8221;][vc_column_text]</p>
<h1 style="text-align: center;">Hier gibt&#8217;s Infos zu den Veranstaltungen</h1>
<h1 style="text-align: center;"><strong><a href="https://vibe-festival.de" target="_blank" rel="noopener">www.vibe-festival.de</a></strong></h1>
<p style="text-align: center;">Der Eintritt ist frei &#8211; Eine Vorab-Reservierung nicht notwendig.</p>
<p>[/vc_column_text][vc_empty_space height=&#8221;85px&#8221;][vc_empty_space height=&#8221;150px&#8221;][/vc_column][/vc_row][vc_row][vc_column][vc_btn title=&#8221;www.vibe-festival.de&#8221; style=&#8221;custom&#8221; custom_background=&#8221;#2c446f&#8221; custom_text=&#8221;#ffffff&#8221; shape=&#8221;square&#8221; size=&#8221;lg&#8221; align=&#8221;center&#8221; i_icon_fontawesome=&#8221;fas fa-link&#8221; css_animation=&#8221;slideInDown&#8221; add_icon=&#8221;true&#8221; link=&#8221;url:https%3A%2F%2Fvibe-festival.de|target:_blank&#8221;][/vc_column][/vc_row][vc_row][vc_column][vc_empty_space height=&#8221;100px&#8221;][/vc_column][/vc_row]</p>
</div>

<p>[vc_row full_width=&#8221;stretch_row_content_no_spaces&#8221;][vc_column][/vc_column][/vc_row][vc_row][vc_column][vc_empty_space height=&#8221;60px&#8221;][vc_btn title=&#8221;www.vibe-festival.de&#8221; style=&#8221;custom&#8221; custom_background=&#8221;#2c446f&#8221; custom_text=&#8221;#ffffff&#8221; shape=&#8221;square&#8221; size=&#8221;lg&#8221; align=&#8221;center&#8221; i_icon_fontawesome=&#8221;fas fa-link&#8221; css_animation=&#8221;slideInDown&#8221; add_icon=&#8221;true&#8221; link=&#8221;url:https%3A%2F%2Fvibe-festival.de|target:_blank&#8221;][vc_empty_space height=&#8221;60px&#8221;][/vc_column][/vc_row][vc_row][vc_column][vc_column_text] WHV VIBE FESTIVAL #3 | 01. &#8211; 03. September 2023 &nbsp; Und was hörst Du? Unter diesem Motto findet in diesem Jahr das dritte WHV VIBE FESTIVAL statt. Dass Wilhelmshaven an verschiedensten Orten Vibraphon Musik vertragen kann, das haben die letzten beiden Jahre gezeigt.  Als Gemeinde um die Christus- und Garnisonkirche und Citykirche im Kirchenkreis FRI-WHV freuen wir uns, dass Hauke Renken immer wieder hierhin zurückkommt, um die Stadt und seine Fans zu begeistern.  Hauke war in diesem Frühjahr auch schon mit Tim Fischer&#8230;</p>
