{"id":18704,"date":"2021-09-09T20:02:14","date_gmt":"2021-09-09T18:02:14","guid":{"rendered":"https:\/\/christusnews.de\/site\/?post_type=tribe_events&#038;p=18704"},"modified":"2021-09-21T00:41:38","modified_gmt":"2021-09-20T22:41:38","slug":"abendklang-mit-illi-und-konstantin-pfiz","status":"publish","type":"tribe_events","link":"https:\/\/christusnews.de\/site\/event\/abendklang-mit-illi-und-konstantin-pfiz\/","title":{"rendered":"Abendklang mit Illi und Konstantin Pfiz"},"content":{"rendered":"<p class=\"gmail-p1\"><span class=\"gmail-s1\">Abendklang am Sonntag mit Illi und Konstantin Pfiz<\/span><\/p>\n<p class=\"gmail-p1\"><span class=\"gmail-s2\">Der Wahlabend am Sonntag (26.9.) wird <span dir=\"ltr\">um 18 Uhr<\/span> mit Spitzenmusik er\u00f6ffnet. Passend zu den ersten Hochrechnungen gibt es eindeutig sch\u00f6ne und gro\u00dfartige Musik. Mit Illi Pfiz \u00a0und Konstantin Pfiz treten die beiden Wilhelmshavener:innen zum ersten Mal im Abendklang im Duo auf. Ein musikalisches Geschenk f\u00fcr die Stadt. Zwei Musiker:innen, die normalerweise in Bayreuth und Oslo auftreten, bereichern nun den Abendklang. Cello und Bratsche verzaubern f\u00fcr 30 min die Kirche. Sie spielen St\u00fccke von\u00a0<\/span>Beethoven, Bruch, Faure, Schostakowitsch sowie<span class=\"gmail-Apple-converted-space\">\u00a0<\/span>ein\u00a0<span class=\"gmail-s3\">Nordnorwegisches Abendlied.\u00a0<\/span><\/p>\n<p class=\"gmail-p1\"><span class=\"gmail-s3\">Abendklang<\/span><span class=\"gmail-s2\">\u00a0findet immer <span dir=\"ltr\">um 18 Uhr<\/span> statt. Musik und Wort f\u00fcllen die 35 min aus. Der Eintritt ist frei, um eine Kollekte wird gebeten.\u00a0<\/span><\/p>\n","protected":false},"excerpt":{"rendered":"<p>Abendklang am Sonntag mit Illi und Konstantin Pfiz Der Wahlabend am Sonntag (26.9.) wird um 18 Uhr mit Spitzenmusik er\u00f6ffnet. Passend zu den ersten Hochrechnungen gibt es eindeutig sch\u00f6ne und gro\u00dfartige Musik. Mit Illi Pfiz \u00a0und Konstantin Pfiz treten die beiden Wilhelmshavener:innen zum ersten Mal im Abendklang im Duo auf. Ein musikalisches Geschenk f\u00fcr die Stadt. Zwei Musiker:innen, die normalerweise in Bayreuth und Oslo auftreten, bereichern nun den Abendklang. Cello und Bratsche verzaubern f\u00fcr 30 min die Kirche. Sie spielen St\u00fccke von\u00a0Beethoven, Bruch, Faure, Schostakowitsch sowie\u00a0ein\u00a0Nordnorwegisches Abendlied.\u00a0 Abendklang\u00a0findet immer um 18 Uhr statt. Musik und Wort f\u00fcllen die 35 min&#8230;<\/p>\n","protected":false},"author":2,"featured_media":18705,"template":"","meta":{"_tribe_events_status":"","_tribe_events_status_reason":"","footnotes":""},"tags":[],"tribe_events_cat":[30,39,29],"class_list":["post-18704","tribe_events","type-tribe_events","status-publish","has-post-thumbnail","hentry","tribe_events_cat-citykirche","tribe_events_cat-gottesdienst","tribe_events_cat-veranstaltung","cat_citykirche","cat_gottesdienst","cat_veranstaltung"],"_links":{"self":[{"href":"https:\/\/christusnews.de\/site\/wp-json\/wp\/v2\/tribe_events\/18704","targetHints":{"allow":["GET"]}}],"collection":[{"href":"https:\/\/christusnews.de\/site\/wp-json\/wp\/v2\/tribe_events"}],"about":[{"href":"https:\/\/christusnews.de\/site\/wp-json\/wp\/v2\/types\/tribe_events"}],"author":[{"embeddable":true,"href":"https:\/\/christusnews.de\/site\/wp-json\/wp\/v2\/users\/2"}],"version-history":[{"count":3,"href":"https:\/\/christusnews.de\/site\/wp-json\/wp\/v2\/tribe_events\/18704\/revisions"}],"predecessor-version":[{"id":18811,"href":"https:\/\/christusnews.de\/site\/wp-json\/wp\/v2\/tribe_events\/18704\/revisions\/18811"}],"wp:featuredmedia":[{"embeddable":true,"href":"https:\/\/christusnews.de\/site\/wp-json\/wp\/v2\/media\/18705"}],"wp:attachment":[{"href":"https:\/\/christusnews.de\/site\/wp-json\/wp\/v2\/media?parent=18704"}],"wp:term":[{"taxonomy":"post_tag","embeddable":true,"href":"https:\/\/christusnews.de\/site\/wp-json\/wp\/v2\/tags?post=18704"},{"taxonomy":"tribe_events_cat","embeddable":true,"href":"https:\/\/christusnews.de\/site\/wp-json\/wp\/v2\/tribe_events_cat?post=18704"}],"curies":[{"name":"wp","href":"https:\/\/api.w.org\/{rel}","templated":true}]}}

<p class="gmail-p1"><span class="gmail-s1">Abendklang am Sonntag mit Illi und Konstantin Pfiz</span></p>
<p class="gmail-p1"><span class="gmail-s2">Der Wahlabend am Sonntag (26.9.) wird <span dir="ltr">um 18 Uhr</span> mit Spitzenmusik eröffnet. Passend zu den ersten Hochrechnungen gibt es eindeutig schöne und großartige Musik. Mit Illi Pfiz  und Konstantin Pfiz treten die beiden Wilhelmshavener:innen zum ersten Mal im Abendklang im Duo auf. Ein musikalisches Geschenk für die Stadt. Zwei Musiker:innen, die normalerweise in Bayreuth und Oslo auftreten, bereichern nun den Abendklang. Cello und Bratsche verzaubern für 30 min die Kirche. Sie spielen Stücke von </span>Beethoven, Bruch, Faure, Schostakowitsch sowie<span class="gmail-Apple-converted-space"> </span>ein <span class="gmail-s3">Nordnorwegisches Abendlied. </span></p>
<p class="gmail-p1"><span class="gmail-s3">Abendklang</span><span class="gmail-s2"> findet immer <span dir="ltr">um 18 Uhr</span> statt. Musik und Wort füllen die 35 min aus. Der Eintritt ist frei, um eine Kollekte wird gebeten. </span></p>

<p>Abendklang am Sonntag mit Illi und Konstantin Pfiz Der Wahlabend am Sonntag (26.9.) wird um 18 Uhr mit Spitzenmusik eröffnet. Passend zu den ersten Hochrechnungen gibt es eindeutig schöne und großartige Musik. Mit Illi Pfiz  und Konstantin Pfiz treten die beiden Wilhelmshavener:innen zum ersten Mal im Abendklang im Duo auf. Ein musikalisches Geschenk für die Stadt. Zwei Musiker:innen, die normalerweise in Bayreuth und Oslo auftreten, bereichern nun den Abendklang. Cello und Bratsche verzaubern für 30 min die Kirche. Sie spielen Stücke von Beethoven, Bruch, Faure, Schostakowitsch sowie ein Nordnorwegisches Abendlied.  Abendklang findet immer um 18 Uhr statt. Musik und Wort füllen die 35 min&#8230;</p>
