{"id":19164,"date":"2021-10-28T16:01:01","date_gmt":"2021-10-28T14:01:01","guid":{"rendered":"https:\/\/christusnews.de\/site\/?post_type=tribe_events&#038;p=19164"},"modified":"2021-10-28T16:02:46","modified_gmt":"2021-10-28T14:02:46","slug":"vortrag-das-schwierige-werk-und-das-schwierige-erbe","status":"publish","type":"tribe_events","link":"https:\/\/christusnews.de\/site\/event\/vortrag-das-schwierige-werk-und-das-schwierige-erbe\/","title":{"rendered":"Vortrag: Das \u201eschwierige Werk\u201c und das \u201eschwierige Erbe\u201c"},"content":{"rendered":"<p>Vortrag: Das \u201eschwierige Werk\u201c und das \u201eschwierige Erbe\u201c<\/p>\n<p>Ein schwarzwei\u00df-Foto, aufgenommen am 2. Juni 1957: Im Bildzentrum zeigt es einen gebeugten alten Herren, der gest\u00fctzt auf seinen Stock, untergehakt von seinem Begleiter und seiner Begleiterin durch ein Spalier Matrosen ein Portal verl\u00e4sst. Dahinter zwischen weiteren Honoratioren ein kahlk\u00f6pfiger Mann im Talar. Friedrich Ronneberger, Pfarrer an der Christus- und Garnisonkirche, sowie Erich Raeder und Karl D\u00f6nitz, unl\u00e4ngst aus alliierter Kriegsverbrecherhaft entlassene ehemalige Oberbefehlshaber der Kriegsmarine haben soeben ein \u201eschwieriges Werk\u201c vollendet und ein Mahnmal zur Erinnerung an die Gefallenen Marineangeh\u00f6rigen der Weltkriege eingeweiht.<\/p>\n<p>Das schwierige Werk und das daraus erwachsene Erbe sowie die Verflechtungen der Lebenswege von D\u00f6nitz, Raeder und Ronneberger stehen im Mittelpunkt des Vortrages von Dr. Stephan Huck am Mittwoch, den 10. November 2021 um 19.30 h in der Christus- und Garnisonkirche.<\/p>\n","protected":false},"excerpt":{"rendered":"<p>Vortrag: Das \u201eschwierige Werk\u201c und das \u201eschwierige Erbe\u201c Ein schwarzwei\u00df-Foto, aufgenommen am 2. Juni 1957: Im Bildzentrum zeigt es einen gebeugten alten Herren, der gest\u00fctzt auf seinen Stock, untergehakt von seinem Begleiter und seiner Begleiterin durch ein Spalier Matrosen ein Portal verl\u00e4sst. Dahinter zwischen weiteren Honoratioren ein kahlk\u00f6pfiger Mann im Talar. Friedrich Ronneberger, Pfarrer an der Christus- und Garnisonkirche, sowie Erich Raeder und Karl D\u00f6nitz, unl\u00e4ngst aus alliierter Kriegsverbrecherhaft entlassene ehemalige Oberbefehlshaber der Kriegsmarine haben soeben ein \u201eschwieriges Werk\u201c vollendet und ein Mahnmal zur Erinnerung an die Gefallenen Marineangeh\u00f6rigen der Weltkriege eingeweiht. Das schwierige Werk und das daraus erwachsene Erbe&#8230;<\/p>\n","protected":false},"author":2,"featured_media":19169,"template":"","meta":{"_tribe_events_status":"","_tribe_events_status_reason":"","footnotes":""},"tags":[],"tribe_events_cat":[30,29],"class_list":["post-19164","tribe_events","type-tribe_events","status-publish","has-post-thumbnail","hentry","tribe_events_cat-citykirche","tribe_events_cat-veranstaltung","cat_citykirche","cat_veranstaltung"],"_links":{"self":[{"href":"https:\/\/christusnews.de\/site\/wp-json\/wp\/v2\/tribe_events\/19164","targetHints":{"allow":["GET"]}}],"collection":[{"href":"https:\/\/christusnews.de\/site\/wp-json\/wp\/v2\/tribe_events"}],"about":[{"href":"https:\/\/christusnews.de\/site\/wp-json\/wp\/v2\/types\/tribe_events"}],"author":[{"embeddable":true,"href":"https:\/\/christusnews.de\/site\/wp-json\/wp\/v2\/users\/2"}],"version-history":[{"count":1,"href":"https:\/\/christusnews.de\/site\/wp-json\/wp\/v2\/tribe_events\/19164\/revisions"}],"predecessor-version":[{"id":19170,"href":"https:\/\/christusnews.de\/site\/wp-json\/wp\/v2\/tribe_events\/19164\/revisions\/19170"}],"wp:featuredmedia":[{"embeddable":true,"href":"https:\/\/christusnews.de\/site\/wp-json\/wp\/v2\/media\/19169"}],"wp:attachment":[{"href":"https:\/\/christusnews.de\/site\/wp-json\/wp\/v2\/media?parent=19164"}],"wp:term":[{"taxonomy":"post_tag","embeddable":true,"href":"https:\/\/christusnews.de\/site\/wp-json\/wp\/v2\/tags?post=19164"},{"taxonomy":"tribe_events_cat","embeddable":true,"href":"https:\/\/christusnews.de\/site\/wp-json\/wp\/v2\/tribe_events_cat?post=19164"}],"curies":[{"name":"wp","href":"https:\/\/api.w.org\/{rel}","templated":true}]}}

<p>Vortrag: Das „schwierige Werk“ und das „schwierige Erbe“</p>
<p>Ein schwarzweiß-Foto, aufgenommen am 2. Juni 1957: Im Bildzentrum zeigt es einen gebeugten alten Herren, der gestützt auf seinen Stock, untergehakt von seinem Begleiter und seiner Begleiterin durch ein Spalier Matrosen ein Portal verlässt. Dahinter zwischen weiteren Honoratioren ein kahlköpfiger Mann im Talar. Friedrich Ronneberger, Pfarrer an der Christus- und Garnisonkirche, sowie Erich Raeder und Karl Dönitz, unlängst aus alliierter Kriegsverbrecherhaft entlassene ehemalige Oberbefehlshaber der Kriegsmarine haben soeben ein „schwieriges Werk“ vollendet und ein Mahnmal zur Erinnerung an die Gefallenen Marineangehörigen der Weltkriege eingeweiht.</p>
<p>Das schwierige Werk und das daraus erwachsene Erbe sowie die Verflechtungen der Lebenswege von Dönitz, Raeder und Ronneberger stehen im Mittelpunkt des Vortrages von Dr. Stephan Huck am Mittwoch, den 10. November 2021 um 19.30 h in der Christus- und Garnisonkirche.</p>

<p>Vortrag: Das „schwierige Werk“ und das „schwierige Erbe“ Ein schwarzweiß-Foto, aufgenommen am 2. Juni 1957: Im Bildzentrum zeigt es einen gebeugten alten Herren, der gestützt auf seinen Stock, untergehakt von seinem Begleiter und seiner Begleiterin durch ein Spalier Matrosen ein Portal verlässt. Dahinter zwischen weiteren Honoratioren ein kahlköpfiger Mann im Talar. Friedrich Ronneberger, Pfarrer an der Christus- und Garnisonkirche, sowie Erich Raeder und Karl Dönitz, unlängst aus alliierter Kriegsverbrecherhaft entlassene ehemalige Oberbefehlshaber der Kriegsmarine haben soeben ein „schwieriges Werk“ vollendet und ein Mahnmal zur Erinnerung an die Gefallenen Marineangehörigen der Weltkriege eingeweiht. Das schwierige Werk und das daraus erwachsene Erbe&#8230;</p>
