{"id":19171,"date":"2021-10-28T16:12:49","date_gmt":"2021-10-28T14:12:49","guid":{"rendered":"https:\/\/christusnews.de\/site\/?post_type=tribe_events&#038;p=19171"},"modified":"2021-10-28T16:12:49","modified_gmt":"2021-10-28T14:12:49","slug":"damals-und-jetzt-interviews-zeitzeugengespraech-und-katalogpraesentation","status":"publish","type":"tribe_events","link":"https:\/\/christusnews.de\/site\/event\/damals-und-jetzt-interviews-zeitzeugengespraech-und-katalogpraesentation\/","title":{"rendered":"Damals und jetzt! Interviews, Zeitzeugengespr\u00e4ch und Katalogpr\u00e4sentation"},"content":{"rendered":"<p>Damals und jetzt! Anl\u00e4sslich der Installation \/Ein schwieriges Werk&#8221; findet in der Kirche ein Zeitzeugengespr\u00e4ch mit Hartmut Wiesner und Joachim Gottschalk statt. Beide waren damals dabei, als unsere Kirche in der heutigen Form gepr\u00e4gt wurde. Was ist im Kopf und im Herz geblieben. Ein Gespr\u00e4ch mit zeitzeugen, die von ihrer Geschichte erz\u00e4hlen. Dazu kommt ein Gespr\u00e4ch mit den beiden Initiatoren der Installation. ASCHE &amp;WIESNER. Des weiteren wird der Katalog der Ausstellung pr\u00e4sentiert.<\/p>\n","protected":false},"excerpt":{"rendered":"<p>Damals und jetzt! Anl\u00e4sslich der Installation \/Ein schwieriges Werk&#8221; findet in der Kirche ein Zeitzeugengespr\u00e4ch mit Hartmut Wiesner und Joachim Gottschalk statt. Beide waren damals dabei, als unsere Kirche in der heutigen Form gepr\u00e4gt wurde. Was ist im Kopf und im Herz geblieben. Ein Gespr\u00e4ch mit zeitzeugen, die von ihrer Geschichte erz\u00e4hlen. Dazu kommt ein Gespr\u00e4ch mit den beiden Initiatoren der Installation. ASCHE &amp;WIESNER. Des weiteren wird der Katalog der Ausstellung pr\u00e4sentiert.<\/p>\n","protected":false},"author":2,"featured_media":19173,"template":"","meta":{"_tribe_events_status":"","_tribe_events_status_reason":"","footnotes":""},"tags":[],"tribe_events_cat":[30,29],"class_list":["post-19171","tribe_events","type-tribe_events","status-publish","has-post-thumbnail","hentry","tribe_events_cat-citykirche","tribe_events_cat-veranstaltung","cat_citykirche","cat_veranstaltung"],"_links":{"self":[{"href":"https:\/\/christusnews.de\/site\/wp-json\/wp\/v2\/tribe_events\/19171","targetHints":{"allow":["GET"]}}],"collection":[{"href":"https:\/\/christusnews.de\/site\/wp-json\/wp\/v2\/tribe_events"}],"about":[{"href":"https:\/\/christusnews.de\/site\/wp-json\/wp\/v2\/types\/tribe_events"}],"author":[{"embeddable":true,"href":"https:\/\/christusnews.de\/site\/wp-json\/wp\/v2\/users\/2"}],"version-history":[{"count":1,"href":"https:\/\/christusnews.de\/site\/wp-json\/wp\/v2\/tribe_events\/19171\/revisions"}],"predecessor-version":[{"id":19174,"href":"https:\/\/christusnews.de\/site\/wp-json\/wp\/v2\/tribe_events\/19171\/revisions\/19174"}],"wp:featuredmedia":[{"embeddable":true,"href":"https:\/\/christusnews.de\/site\/wp-json\/wp\/v2\/media\/19173"}],"wp:attachment":[{"href":"https:\/\/christusnews.de\/site\/wp-json\/wp\/v2\/media?parent=19171"}],"wp:term":[{"taxonomy":"post_tag","embeddable":true,"href":"https:\/\/christusnews.de\/site\/wp-json\/wp\/v2\/tags?post=19171"},{"taxonomy":"tribe_events_cat","embeddable":true,"href":"https:\/\/christusnews.de\/site\/wp-json\/wp\/v2\/tribe_events_cat?post=19171"}],"curies":[{"name":"wp","href":"https:\/\/api.w.org\/{rel}","templated":true}]}}

Damals und jetzt! Interviews, Zeitzeugengespräch und Katalogpräsentation

<p>Damals und jetzt! Anlässlich der Installation /Ein schwieriges Werk&#8221; findet in der Kirche ein Zeitzeugengespräch mit Hartmut Wiesner und Joachim Gottschalk statt. Beide waren damals dabei, als unsere Kirche in der heutigen Form geprägt wurde. Was ist im Kopf und im Herz geblieben. Ein Gespräch mit zeitzeugen, die von ihrer Geschichte erzählen. Dazu kommt ein Gespräch mit den beiden Initiatoren der Installation. ASCHE &amp;WIESNER. Des weiteren wird der Katalog der Ausstellung präsentiert.</p>
