{"id":19453,"date":"2021-11-26T09:03:24","date_gmt":"2021-11-26T08:03:24","guid":{"rendered":"https:\/\/christusnews.de\/site\/?post_type=tribe_events&#038;p=19453"},"modified":"2022-01-21T16:17:46","modified_gmt":"2022-01-21T15:17:46","slug":"ensemble-choralis-ungewoehnliche-besetzung-und-einnehmende-klangwelten","status":"publish","type":"tribe_events","link":"https:\/\/christusnews.de\/site\/event\/ensemble-choralis-ungewoehnliche-besetzung-und-einnehmende-klangwelten\/","title":{"rendered":"Wegen der Pandemie f\u00e4llt das Konzert aus. Nachholtermin wird bekanntgegeben!!!  Ensemble ChoRaLis  Ungew\u00f6hnliche Besetzung und einnehmende Klangwelten"},"content":{"rendered":"<p><strong>Wegen der Pandemie f\u00e4llt das Konzert aus. Nachholtermin wird bekanntgegeben!!! <\/strong><\/p>\n<p><strong>Ensemble ChoRaLis<\/strong><\/p>\n<p><strong>Ungew\u00f6hnliche Besetzung und einnehmende Klangwelten<\/strong><\/p>\n<p>Einnehmende Klangwelten verspricht das Ensemble ChoRaLis am 19. Februar um 19 Uhr in der Christus- und Garnisonkirche. \u00a0ChoRaLis &#8211; das sind die drei Musiker und Komponisten Gerhard Koch-Darkow, Erich A. Radke und Karsten Klinker, die f\u00fcr die au\u00dfergew\u00f6hnliche Besetzung\u00a0 von Orgel und Saiteninstrumente komponieren und \u00a0interpretieren.<\/p>\n<p>Damit wagt sich das Trio an eine Instrumentalbesetzung, f\u00fcr die es in der Musikgeschichte keine Vorbilder gibt. Konzertgitarre, E-Gitarre, E-Piano und eine Kirchenorgel, dazu von St\u00fcck zu St\u00fcck unterschiedliche Percussions-Instrumente, teils orientalisch, teils historisch mit Zeitbezug zur Gegenwart. Den besonderen Reiz des bereits \u00fcberregional bekannten Ensembles machen das Zusammenspiel von breiter Dynamik und vielf\u00e4ltigen Klangfarben der Kirchenorgel mit dem filigranen, fast intimen Klang der Saiteninstrumente aus. \u00a0Vor dem inneren Auge des Zuh\u00f6rers l\u00e4sst die Musik des Trios die biblische Welt des mittleren Ostens und vorderen Orients mit ihrem Nachthimmel \u00fcber W\u00fcsten, archaischen Landschaften und st\u00e4dtischen Basaren zu Zeiten des neuen und alten Testamentes entstehen.<\/p>\n<p><em>Eintrittspreis 12 \u20ac \/ erm\u00e4\u00dfigt 10 \u20ac\u00a0 vorschlagen<\/em><\/p>\n","protected":false},"excerpt":{"rendered":"<p>Wegen der Pandemie f\u00e4llt das Konzert aus. Nachholtermin wird bekanntgegeben!!! Ensemble ChoRaLis Ungew\u00f6hnliche Besetzung und einnehmende Klangwelten Einnehmende Klangwelten verspricht das Ensemble ChoRaLis am 19. Februar um 19 Uhr in der Christus- und Garnisonkirche. \u00a0ChoRaLis &#8211; das sind die drei Musiker und Komponisten Gerhard Koch-Darkow, Erich A. Radke und Karsten Klinker, die f\u00fcr die au\u00dfergew\u00f6hnliche Besetzung\u00a0 von Orgel und Saiteninstrumente komponieren und \u00a0interpretieren. Damit wagt sich das Trio an eine Instrumentalbesetzung, f\u00fcr die es in der Musikgeschichte keine Vorbilder gibt. Konzertgitarre, E-Gitarre, E-Piano und eine Kirchenorgel, dazu von St\u00fcck zu St\u00fcck unterschiedliche Percussions-Instrumente, teils orientalisch, teils historisch mit Zeitbezug zur&#8230;<\/p>\n","protected":false},"author":2,"featured_media":19402,"template":"","meta":{"_tribe_events_status":"","_tribe_events_status_reason":"","footnotes":""},"tags":[],"tribe_events_cat":[30,41,29],"class_list":["post-19453","tribe_events","type-tribe_events","status-publish","has-post-thumbnail","hentry","tribe_events_cat-citykirche","tribe_events_cat-konzert","tribe_events_cat-veranstaltung","cat_citykirche","cat_konzert","cat_veranstaltung"],"_links":{"self":[{"href":"https:\/\/christusnews.de\/site\/wp-json\/wp\/v2\/tribe_events\/19453","targetHints":{"allow":["GET"]}}],"collection":[{"href":"https:\/\/christusnews.de\/site\/wp-json\/wp\/v2\/tribe_events"}],"about":[{"href":"https:\/\/christusnews.de\/site\/wp-json\/wp\/v2\/types\/tribe_events"}],"author":[{"embeddable":true,"href":"https:\/\/christusnews.de\/site\/wp-json\/wp\/v2\/users\/2"}],"version-history":[{"count":2,"href":"https:\/\/christusnews.de\/site\/wp-json\/wp\/v2\/tribe_events\/19453\/revisions"}],"predecessor-version":[{"id":19925,"href":"https:\/\/christusnews.de\/site\/wp-json\/wp\/v2\/tribe_events\/19453\/revisions\/19925"}],"wp:featuredmedia":[{"embeddable":true,"href":"https:\/\/christusnews.de\/site\/wp-json\/wp\/v2\/media\/19402"}],"wp:attachment":[{"href":"https:\/\/christusnews.de\/site\/wp-json\/wp\/v2\/media?parent=19453"}],"wp:term":[{"taxonomy":"post_tag","embeddable":true,"href":"https:\/\/christusnews.de\/site\/wp-json\/wp\/v2\/tags?post=19453"},{"taxonomy":"tribe_events_cat","embeddable":true,"href":"https:\/\/christusnews.de\/site\/wp-json\/wp\/v2\/tribe_events_cat?post=19453"}],"curies":[{"name":"wp","href":"https:\/\/api.w.org\/{rel}","templated":true}]}}

Wegen der Pandemie fällt das Konzert aus. Nachholtermin wird bekanntgegeben!!!  Ensemble ChoRaLis  Ungewöhnliche Besetzung und einnehmende Klangwelten

<p><strong>Wegen der Pandemie fällt das Konzert aus. Nachholtermin wird bekanntgegeben!!! </strong></p>
<p><strong>Ensemble ChoRaLis</strong></p>
<p><strong>Ungewöhnliche Besetzung und einnehmende Klangwelten</strong></p>
<p>Einnehmende Klangwelten verspricht das Ensemble ChoRaLis am 19. Februar um 19 Uhr in der Christus- und Garnisonkirche.  ChoRaLis &#8211; das sind die drei Musiker und Komponisten Gerhard Koch-Darkow, Erich A. Radke und Karsten Klinker, die für die außergewöhnliche Besetzung  von Orgel und Saiteninstrumente komponieren und  interpretieren.</p>
<p>Damit wagt sich das Trio an eine Instrumentalbesetzung, für die es in der Musikgeschichte keine Vorbilder gibt. Konzertgitarre, E-Gitarre, E-Piano und eine Kirchenorgel, dazu von Stück zu Stück unterschiedliche Percussions-Instrumente, teils orientalisch, teils historisch mit Zeitbezug zur Gegenwart. Den besonderen Reiz des bereits überregional bekannten Ensembles machen das Zusammenspiel von breiter Dynamik und vielfältigen Klangfarben der Kirchenorgel mit dem filigranen, fast intimen Klang der Saiteninstrumente aus.  Vor dem inneren Auge des Zuhörers lässt die Musik des Trios die biblische Welt des mittleren Ostens und vorderen Orients mit ihrem Nachthimmel über Wüsten, archaischen Landschaften und städtischen Basaren zu Zeiten des neuen und alten Testamentes entstehen.</p>
<p><em>Eintrittspreis 12 € / ermäßigt 10 €  vorschlagen</em></p>

<p>Wegen der Pandemie fällt das Konzert aus. Nachholtermin wird bekanntgegeben!!! Ensemble ChoRaLis Ungewöhnliche Besetzung und einnehmende Klangwelten Einnehmende Klangwelten verspricht das Ensemble ChoRaLis am 19. Februar um 19 Uhr in der Christus- und Garnisonkirche.  ChoRaLis &#8211; das sind die drei Musiker und Komponisten Gerhard Koch-Darkow, Erich A. Radke und Karsten Klinker, die für die außergewöhnliche Besetzung  von Orgel und Saiteninstrumente komponieren und  interpretieren. Damit wagt sich das Trio an eine Instrumentalbesetzung, für die es in der Musikgeschichte keine Vorbilder gibt. Konzertgitarre, E-Gitarre, E-Piano und eine Kirchenorgel, dazu von Stück zu Stück unterschiedliche Percussions-Instrumente, teils orientalisch, teils historisch mit Zeitbezug zur&#8230;</p>
