{"id":20803,"date":"2022-04-21T14:57:48","date_gmt":"2022-04-21T12:57:48","guid":{"rendered":"https:\/\/christusnews.de\/site\/?post_type=tribe_events&#038;p=20803"},"modified":"2022-04-21T14:57:48","modified_gmt":"2022-04-21T12:57:48","slug":"arbeiten-fuer-den-frieden-rundfunkgottesdienst-mit-ndr-info-wdr-am-01-mai-um-10-uhr","status":"publish","type":"tribe_events","link":"https:\/\/christusnews.de\/site\/event\/arbeiten-fuer-den-frieden-rundfunkgottesdienst-mit-ndr-info-wdr-am-01-mai-um-10-uhr\/","title":{"rendered":"Arbeiten f\u00fcr den Frieden &#8211; Rundfunkgottesdienst mit NDR Info \/ WDR am 01. Mai um 10 Uhr"},"content":{"rendered":"<div class=\"page\" title=\"Page 1\">\n<div class=\"layoutArea\">\n<div class=\"column\">\n<p><b>Rundfunkgottesdienst mit dem NDR Info \/ WDR 5 am 01. Mai 2022 um 10 Uhr Christus- und Garnisonkirche Wilhelmshaven<br \/>\n\u201eArbeiten f\u00fcr den Frieden\u201c<span class=\"Apple-converted-space\">\u00a0<\/span><\/b><\/p>\n<p>In diesem Jahr ist der Tag der Arbeit ein Sonntag. Im NDR \/ WDR Rundfunkgottesdienst wird es darum gehen, was wir Menschen tun k\u00f6nnen, um gemeinsam am Frieden zu arbeiten.<span class=\"Apple-converted-space\">\u00a0<\/span><\/p>\n<p>Die Welt hat sich in den vergangenen Wochen grundlegend ver\u00e4ndert.<span class=\"Apple-converted-space\">\u00a0<\/span><\/p>\n<p>In der Christus- und Garnisonkirche findet man zahlreiche Spuren und tiefe Wunden aus den Kriegen der Vergangenheit und der Kolonialzeit. Die Kirche in der S\u00fcdstadt von Wilhelmshaven grenzt an den gr\u00f6\u00dften Bundeswehrstandort in Deutschland. Sie ist eng verkn\u00fcpft mit der Vergangenheit und der Gegenwart der Marine. Die Gemeinde hat sich in Gottesdiensten, Veranstaltungen und Ausstellungen immer wieder schwerpunktm\u00e4ssig mit dem Thema Frieden auseinandergesetzt. Als Christinnen und Christen ist es unser Auftrag, jeden Tag von<span class=\"Apple-converted-space\">\u00a0<\/span><\/p>\n<p>Neuem am Frieden zu arbeiten. Der Kammerchor der neuapostolischen Gemeinde unter Leitung von Gerrit Junge wird den Gottesdienst musikalisch begleiten. Dieses Zeichen von \u00f6kumenischer Verbundenheit ist uns sehr wichtig. Organist Holger Trempeck-Wilken wird am Fl\u00fcgel improvisieren. Pfarrer Christian Scheuer, Kreispfarrer im Kirchen<\/p>\n<p>kreis Friesland-Wilhelmshaven wird die Predigt halten. Stimmen aus der Nachbarschaft der Kirche werden erz\u00e4hlen, wie sie konkret am Frieden in der Schule, in der Evangelischen Beratungsarbeit oder bei der Marine arbeiten. Und das Gottesdienstteam der Gemeinde und Pfarrer Bernhard Busemann werden liturgisch durch den Rundfunkgottesdienst f\u00fchren.<span class=\"Apple-converted-space\">\u00a0<\/span><\/p>\n<p>Die Gottesdienstbesuchenden werden gebeten bis 9.45 Uhr in die Kirche zu kommen, damit die \u00dcbertragung p\u00fcnktlich um 10 Uhr beginnen kann.<span class=\"Apple-converted-space\">\u00a0<\/span><\/p>\n<\/div>\n<\/div>\n<\/div>\n","protected":false},"excerpt":{"rendered":"<p>Rundfunkgottesdienst mit dem NDR Info \/ WDR 5 am 01. Mai 2022 um 10 Uhr Christus- und Garnisonkirche Wilhelmshaven \u201eArbeiten f\u00fcr den Frieden\u201c\u00a0 In diesem Jahr ist der Tag der Arbeit ein Sonntag. Im NDR \/ WDR Rundfunkgottesdienst wird es darum gehen, was wir Menschen tun k\u00f6nnen, um gemeinsam am Frieden zu arbeiten.\u00a0 Die Welt hat sich in den vergangenen Wochen grundlegend ver\u00e4ndert.\u00a0 In der Christus- und Garnisonkirche findet man zahlreiche Spuren und tiefe Wunden aus den Kriegen der Vergangenheit und der Kolonialzeit. Die Kirche in der S\u00fcdstadt von Wilhelmshaven grenzt an den gr\u00f6\u00dften Bundeswehrstandort in Deutschland. Sie ist eng&#8230;<\/p>\n","protected":false},"author":4,"featured_media":20799,"template":"","meta":{"_tribe_events_status":"","_tribe_events_status_reason":"","footnotes":""},"tags":[],"tribe_events_cat":[39],"class_list":["post-20803","tribe_events","type-tribe_events","status-publish","has-post-thumbnail","hentry","tribe_events_cat-gottesdienst","cat_gottesdienst"],"_links":{"self":[{"href":"https:\/\/christusnews.de\/site\/wp-json\/wp\/v2\/tribe_events\/20803","targetHints":{"allow":["GET"]}}],"collection":[{"href":"https:\/\/christusnews.de\/site\/wp-json\/wp\/v2\/tribe_events"}],"about":[{"href":"https:\/\/christusnews.de\/site\/wp-json\/wp\/v2\/types\/tribe_events"}],"author":[{"embeddable":true,"href":"https:\/\/christusnews.de\/site\/wp-json\/wp\/v2\/users\/4"}],"version-history":[{"count":2,"href":"https:\/\/christusnews.de\/site\/wp-json\/wp\/v2\/tribe_events\/20803\/revisions"}],"predecessor-version":[{"id":20806,"href":"https:\/\/christusnews.de\/site\/wp-json\/wp\/v2\/tribe_events\/20803\/revisions\/20806"}],"wp:featuredmedia":[{"embeddable":true,"href":"https:\/\/christusnews.de\/site\/wp-json\/wp\/v2\/media\/20799"}],"wp:attachment":[{"href":"https:\/\/christusnews.de\/site\/wp-json\/wp\/v2\/media?parent=20803"}],"wp:term":[{"taxonomy":"post_tag","embeddable":true,"href":"https:\/\/christusnews.de\/site\/wp-json\/wp\/v2\/tags?post=20803"},{"taxonomy":"tribe_events_cat","embeddable":true,"href":"https:\/\/christusnews.de\/site\/wp-json\/wp\/v2\/tribe_events_cat?post=20803"}],"curies":[{"name":"wp","href":"https:\/\/api.w.org\/{rel}","templated":true}]}}

Arbeiten für den Frieden &#8211; Rundfunkgottesdienst mit NDR Info / WDR am 01. Mai um 10 Uhr

<div class="page" title="Page 1">
<div class="layoutArea">
<div class="column">
<p><b>Rundfunkgottesdienst mit dem NDR Info / WDR 5 am 01. Mai 2022 um 10 Uhr Christus- und Garnisonkirche Wilhelmshaven<br />
„Arbeiten für den Frieden“<span class="Apple-converted-space"> </span></b></p>
<p>In diesem Jahr ist der Tag der Arbeit ein Sonntag. Im NDR / WDR Rundfunkgottesdienst wird es darum gehen, was wir Menschen tun können, um gemeinsam am Frieden zu arbeiten.<span class="Apple-converted-space"> </span></p>
<p>Die Welt hat sich in den vergangenen Wochen grundlegend verändert.<span class="Apple-converted-space"> </span></p>
<p>In der Christus- und Garnisonkirche findet man zahlreiche Spuren und tiefe Wunden aus den Kriegen der Vergangenheit und der Kolonialzeit. Die Kirche in der Südstadt von Wilhelmshaven grenzt an den größten Bundeswehrstandort in Deutschland. Sie ist eng verknüpft mit der Vergangenheit und der Gegenwart der Marine. Die Gemeinde hat sich in Gottesdiensten, Veranstaltungen und Ausstellungen immer wieder schwerpunktmässig mit dem Thema Frieden auseinandergesetzt. Als Christinnen und Christen ist es unser Auftrag, jeden Tag von<span class="Apple-converted-space"> </span></p>
<p>Neuem am Frieden zu arbeiten. Der Kammerchor der neuapostolischen Gemeinde unter Leitung von Gerrit Junge wird den Gottesdienst musikalisch begleiten. Dieses Zeichen von ökumenischer Verbundenheit ist uns sehr wichtig. Organist Holger Trempeck-Wilken wird am Flügel improvisieren. Pfarrer Christian Scheuer, Kreispfarrer im Kirchen</p>
<p>kreis Friesland-Wilhelmshaven wird die Predigt halten. Stimmen aus der Nachbarschaft der Kirche werden erzählen, wie sie konkret am Frieden in der Schule, in der Evangelischen Beratungsarbeit oder bei der Marine arbeiten. Und das Gottesdienstteam der Gemeinde und Pfarrer Bernhard Busemann werden liturgisch durch den Rundfunkgottesdienst führen.<span class="Apple-converted-space"> </span></p>
<p>Die Gottesdienstbesuchenden werden gebeten bis 9.45 Uhr in die Kirche zu kommen, damit die Übertragung pünktlich um 10 Uhr beginnen kann.<span class="Apple-converted-space"> </span></p>
</div>
</div>
</div>

<p>Rundfunkgottesdienst mit dem NDR Info / WDR 5 am 01. Mai 2022 um 10 Uhr Christus- und Garnisonkirche Wilhelmshaven „Arbeiten für den Frieden“  In diesem Jahr ist der Tag der Arbeit ein Sonntag. Im NDR / WDR Rundfunkgottesdienst wird es darum gehen, was wir Menschen tun können, um gemeinsam am Frieden zu arbeiten.  Die Welt hat sich in den vergangenen Wochen grundlegend verändert.  In der Christus- und Garnisonkirche findet man zahlreiche Spuren und tiefe Wunden aus den Kriegen der Vergangenheit und der Kolonialzeit. Die Kirche in der Südstadt von Wilhelmshaven grenzt an den größten Bundeswehrstandort in Deutschland. Sie ist eng&#8230;</p>
