{"id":21426,"date":"2022-06-29T10:13:36","date_gmt":"2022-06-29T08:13:36","guid":{"rendered":"https:\/\/christusnews.de\/site\/?post_type=tribe_events&#038;p=21426"},"modified":"2022-08-04T12:10:28","modified_gmt":"2022-08-04T10:10:28","slug":"konzert-fiori-concertati-am-20-08-2022-um-19-uhr","status":"publish","type":"tribe_events","link":"https:\/\/christusnews.de\/site\/event\/konzert-fiori-concertati-am-20-08-2022-um-19-uhr\/","title":{"rendered":"Konzert Fiori Concertati am 20.08.2022 um 19 Uhr"},"content":{"rendered":"<h1>Barockmusik zum Ausklang der Ferien<\/h1>\n<h2>Veronika Winter und Fiori Concertati in der Christus- und Garnisonkirche<\/h2>\n<p>Georg Friedrich H\u00e4ndels hochvirtuose Motette \u201eSilete venti\u201c steht im Zentrum des traditionellen Konzerts zum Ausklang der Sommerferien, welches das Ensemble Fiori Concertati am 20. August um 19.00 Uhr in der Wilhelmshavener Christus- und Garnisonkirche geben wird. Daneben erklingen Werke von Georg Philipp Telemann und Johann David Heinichen. Die Solisten sind Veronika Winter (Sopran) und Simon B\u00f6ckenhoff (Barockoboe), die Leitung hat Matthias Hengelbrock. Weil das Platzangebot pandemiebedingt immer noch reduziert ist, wird auch die Generalprobe um 16.00 Uhr \u00f6ffentlich sein. Dank der Unterst\u00fctzung der Nietiedt Gruppe kann diese gut einst\u00fcndige Veranstaltung wieder zweimal zu freiem Eintritt angeboten werden.<\/p>\n<p>&nbsp;<\/p>\n<p>Die Sopranistin Veronika Winter ist international als Spezialistin f\u00fcr Alte Musik gefragt. Auf diesem Gebiet arbeitet sie mit zahlreichen renommierten Ensembles und Dirigenten zusammen. Sie hat bei zahlreichen Rundfunk- und CD-Produktionen mitgewirkt und ist regelm\u00e4\u00dfig Gast bei internationalen Festivals. In H\u00e4ndels \u201eSilete venti\u201c wird sie s\u00e4mtliche Facetten ihres Ausdrucksspektrums von sehnsuchtsvoller Lyrik \u00fcber dramatische Gesten bis hin zu einem triumphalen \u201eHalleluja\u201c zur Geltung bringen k\u00f6nnen.<\/p>\n<p>&nbsp;<\/p>\n<p>Die Konzerte von Fiori Concertati in der Christus- und Garnisonkirche sind seit dem Jahr 2000 fester Bestandteil des Wilhelmshavener Kulturlebens und rufen regelm\u00e4\u00dfig \u201eSt\u00fcrme der Begeisterung\u201c (so die Wilhelmshavener Zeitung) hervor. Im Kern besteht das Ensemble aus ehemaligen Wilhelmshavenern, die inzwischen \u00fcber die gesamte Bundesrepublik verstreut leben, sich aber seit der EXPO 2000 regelm\u00e4\u00dfig am letzten Wochenende der Sommerferien in ihrer alten Heimat treffen, um das Publikum in der Christus- und Garnisonkirche mit exquisiten Programmen zu be- und verzaubern. Da seine Konzerte immer sehr gut besucht sind, sollte man sich fr\u00fch auf den Weg machen; Einlass ist ab 15.00 bzw. 18.00 Uhr.<\/p>\n","protected":false},"excerpt":{"rendered":"<p>Barockmusik zum Ausklang der Ferien Veronika Winter und Fiori Concertati in der Christus- und Garnisonkirche Georg Friedrich H\u00e4ndels hochvirtuose Motette \u201eSilete venti\u201c steht im Zentrum des traditionellen Konzerts zum Ausklang der Sommerferien, welches das Ensemble Fiori Concertati am 20. August um 19.00 Uhr in der Wilhelmshavener Christus- und Garnisonkirche geben wird. Daneben erklingen Werke von Georg Philipp Telemann und Johann David Heinichen. Die Solisten sind Veronika Winter (Sopran) und Simon B\u00f6ckenhoff (Barockoboe), die Leitung hat Matthias Hengelbrock. Weil das Platzangebot pandemiebedingt immer noch reduziert ist, wird auch die Generalprobe um 16.00 Uhr \u00f6ffentlich sein. Dank der Unterst\u00fctzung der Nietiedt Gruppe&#8230;<\/p>\n","protected":false},"author":4,"featured_media":21427,"template":"","meta":{"_tribe_events_status":"","_tribe_events_status_reason":"","footnotes":""},"tags":[],"tribe_events_cat":[41],"class_list":["post-21426","tribe_events","type-tribe_events","status-publish","has-post-thumbnail","hentry","tribe_events_cat-konzert","cat_konzert"],"_links":{"self":[{"href":"https:\/\/christusnews.de\/site\/wp-json\/wp\/v2\/tribe_events\/21426","targetHints":{"allow":["GET"]}}],"collection":[{"href":"https:\/\/christusnews.de\/site\/wp-json\/wp\/v2\/tribe_events"}],"about":[{"href":"https:\/\/christusnews.de\/site\/wp-json\/wp\/v2\/types\/tribe_events"}],"author":[{"embeddable":true,"href":"https:\/\/christusnews.de\/site\/wp-json\/wp\/v2\/users\/4"}],"version-history":[{"count":2,"href":"https:\/\/christusnews.de\/site\/wp-json\/wp\/v2\/tribe_events\/21426\/revisions"}],"predecessor-version":[{"id":21747,"href":"https:\/\/christusnews.de\/site\/wp-json\/wp\/v2\/tribe_events\/21426\/revisions\/21747"}],"wp:featuredmedia":[{"embeddable":true,"href":"https:\/\/christusnews.de\/site\/wp-json\/wp\/v2\/media\/21427"}],"wp:attachment":[{"href":"https:\/\/christusnews.de\/site\/wp-json\/wp\/v2\/media?parent=21426"}],"wp:term":[{"taxonomy":"post_tag","embeddable":true,"href":"https:\/\/christusnews.de\/site\/wp-json\/wp\/v2\/tags?post=21426"},{"taxonomy":"tribe_events_cat","embeddable":true,"href":"https:\/\/christusnews.de\/site\/wp-json\/wp\/v2\/tribe_events_cat?post=21426"}],"curies":[{"name":"wp","href":"https:\/\/api.w.org\/{rel}","templated":true}]}}

<h1>Barockmusik zum Ausklang der Ferien</h1>
<h2>Veronika Winter und Fiori Concertati in der Christus- und Garnisonkirche</h2>
<p>Georg Friedrich Händels hochvirtuose Motette „Silete venti“ steht im Zentrum des traditionellen Konzerts zum Ausklang der Sommerferien, welches das Ensemble Fiori Concertati am 20. August um 19.00 Uhr in der Wilhelmshavener Christus- und Garnisonkirche geben wird. Daneben erklingen Werke von Georg Philipp Telemann und Johann David Heinichen. Die Solisten sind Veronika Winter (Sopran) und Simon Böckenhoff (Barockoboe), die Leitung hat Matthias Hengelbrock. Weil das Platzangebot pandemiebedingt immer noch reduziert ist, wird auch die Generalprobe um 16.00 Uhr öffentlich sein. Dank der Unterstützung der Nietiedt Gruppe kann diese gut einstündige Veranstaltung wieder zweimal zu freiem Eintritt angeboten werden.</p>
<p>&nbsp;</p>
<p>Die Sopranistin Veronika Winter ist international als Spezialistin für Alte Musik gefragt. Auf diesem Gebiet arbeitet sie mit zahlreichen renommierten Ensembles und Dirigenten zusammen. Sie hat bei zahlreichen Rundfunk- und CD-Produktionen mitgewirkt und ist regelmäßig Gast bei internationalen Festivals. In Händels „Silete venti“ wird sie sämtliche Facetten ihres Ausdrucksspektrums von sehnsuchtsvoller Lyrik über dramatische Gesten bis hin zu einem triumphalen „Halleluja“ zur Geltung bringen können.</p>
<p>&nbsp;</p>
<p>Die Konzerte von Fiori Concertati in der Christus- und Garnisonkirche sind seit dem Jahr 2000 fester Bestandteil des Wilhelmshavener Kulturlebens und rufen regelmäßig „Stürme der Begeisterung“ (so die Wilhelmshavener Zeitung) hervor. Im Kern besteht das Ensemble aus ehemaligen Wilhelmshavenern, die inzwischen über die gesamte Bundesrepublik verstreut leben, sich aber seit der EXPO 2000 regelmäßig am letzten Wochenende der Sommerferien in ihrer alten Heimat treffen, um das Publikum in der Christus- und Garnisonkirche mit exquisiten Programmen zu be- und verzaubern. Da seine Konzerte immer sehr gut besucht sind, sollte man sich früh auf den Weg machen; Einlass ist ab 15.00 bzw. 18.00 Uhr.</p>

<p>Barockmusik zum Ausklang der Ferien Veronika Winter und Fiori Concertati in der Christus- und Garnisonkirche Georg Friedrich Händels hochvirtuose Motette „Silete venti“ steht im Zentrum des traditionellen Konzerts zum Ausklang der Sommerferien, welches das Ensemble Fiori Concertati am 20. August um 19.00 Uhr in der Wilhelmshavener Christus- und Garnisonkirche geben wird. Daneben erklingen Werke von Georg Philipp Telemann und Johann David Heinichen. Die Solisten sind Veronika Winter (Sopran) und Simon Böckenhoff (Barockoboe), die Leitung hat Matthias Hengelbrock. Weil das Platzangebot pandemiebedingt immer noch reduziert ist, wird auch die Generalprobe um 16.00 Uhr öffentlich sein. Dank der Unterstützung der Nietiedt Gruppe&#8230;</p>
