{"id":21563,"date":"2022-07-14T11:59:10","date_gmt":"2022-07-14T09:59:10","guid":{"rendered":"https:\/\/christusnews.de\/site\/?post_type=tribe_events&#038;p=21563"},"modified":"2022-07-14T11:59:10","modified_gmt":"2022-07-14T09:59:10","slug":"calmus-ensemble-konzert-am-do-18-august-2022-um-20-uhr-klassik-am-meer","status":"publish","type":"tribe_events","link":"https:\/\/christusnews.de\/site\/event\/calmus-ensemble-konzert-am-do-18-august-2022-um-20-uhr-klassik-am-meer\/","title":{"rendered":"Calmus Ensemble &#8211; Konzert am Do. 18. August 2022 um 20 Uhr &#8211; Klassik am Meer"},"content":{"rendered":"<p class=\"p1\"><span class=\"s1\">\u201eKlassik am Meer\u201c: \u201eHallelujah hoch drei\u201c mit dem Calmus Ensemble<\/span><\/p>\n<p class=\"p1\"><span class=\"s2\">18. August 2022, 20 Uhr<\/span><span class=\"s1\">, Christus- und Garnisonkirche, Wilhelmshaven<\/span><\/p>\n<p class=\"p1\"><span class=\"s1\">Ihr A-cappella-Gesang sei von \u201ewunderbarer Lyrik und exquisiter Ausdruckskraft\u201c, die Interpretationen \u201eso klar und durchscheinend, wie man sie selten h\u00f6rt\u201c, zudem von gro\u00dfer \u201emusikalischer Tiefe\u201c &#8211; wann immer das Calmus Ensemble die B\u00fchne betritt, \u00fcberschlagen sich die Rezensenten vor Lob. Und so darf man gespannt und voller Vorfreude sein auf den Auftritt der f\u00fcnf Vokalk\u00fcnstler im Zuge des Konzertfestivals \u201eKlassik am Meer\u201c am Donnerstag, <\/span><span class=\"s2\">dem 18. August um 20 Uhr<\/span><span class=\"s1\"> in der Wilhelmshavener Christus- und Garnisonkirche.<\/span><\/p>\n<p class=\"p1\"><span class=\"s1\">Mitbringen wird das Leipziger Ensemble ein Programm, das wie geschaffen ist f\u00fcr die traditionsreichen Kirchenmauern: \u201eHalleluja hoch drei\u201c r\u00fcckt mit Salomone Rossi, Paul Gerhardt und Leonard Cohen drei Komponisten geistlicher Lieder in den Fokus und spannt zugleich einen weiten musikalischen Bogen von den biblischen Psalmen bis hin zur Singer-Songwriter-Musik unserer Zeit.<\/span><\/p>\n<p class=\"p1\"><span class=\"s1\">\u00a0<\/span>Man lasse sich dabei ber\u00fchren von der einzigartigen Renaissance-Musik, die Salomone Rossi in hebr\u00e4ischer Sprache f\u00fcr die Synagoge schrieb. Man staune angesichts der Kirchenlieder Paul Gerhardts, wohlbekannt aus dem Gesangbuch und doch \u00fcberraschend anders in den kunstvollen Chorals\u00e4tzen von Johann Sebastian Bach. Einen H\u00f6rgenuss versprechen aber auch die poetischen Songs von Leonard Cohen &#8211; nicht zuletzt das ber\u00fchmte \u201eHallelujah\u201c.<\/p>\n<p class=\"p1\"><span class=\"s1\">\u00a0<\/span>Es wird spannend sein, die Unterschiede wie auch die Gemeinsamkeiten der Lieder zu entdecken. Zudem bietet sich die besondere Gelegenheit, das Calmus Ensemble noch einmal in seiner bew\u00e4hrten Besetzung zu h\u00f6ren, bevor ab September mit drei anderen S\u00e4ngern eine neue \u00c4ra in der \u00fcber 20-j\u00e4hrigen Ensemblegeschichte beginnt. Nutzen Sie die Chance auf klassische Vokalmusik und A-cappella der Extraklasse!<\/p>\n<p><a href=\"https:\/\/christusnews.de\/site\/wp-content\/uploads\/EDF8F692-EAAF-4133-A379-896D4DC9A381.png\"><img loading=\"lazy\" decoding=\"async\" class=\"alignright size-large wp-image-21554\" src=\"https:\/\/christusnews.de\/site\/wp-content\/uploads\/EDF8F692-EAAF-4133-A379-896D4DC9A381-1024x683.png\" alt=\"\" width=\"770\" height=\"514\" srcset=\"https:\/\/christusnews.de\/site\/wp-content\/uploads\/EDF8F692-EAAF-4133-A379-896D4DC9A381-1024x683.png 1024w, https:\/\/christusnews.de\/site\/wp-content\/uploads\/EDF8F692-EAAF-4133-A379-896D4DC9A381-300x200.png 300w, https:\/\/christusnews.de\/site\/wp-content\/uploads\/EDF8F692-EAAF-4133-A379-896D4DC9A381-768x512.png 768w, https:\/\/christusnews.de\/site\/wp-content\/uploads\/EDF8F692-EAAF-4133-A379-896D4DC9A381-1536x1024.png 1536w, https:\/\/christusnews.de\/site\/wp-content\/uploads\/EDF8F692-EAAF-4133-A379-896D4DC9A381-263x177.png 263w, https:\/\/christusnews.de\/site\/wp-content\/uploads\/EDF8F692-EAAF-4133-A379-896D4DC9A381-500x335.png 500w, https:\/\/christusnews.de\/site\/wp-content\/uploads\/EDF8F692-EAAF-4133-A379-896D4DC9A381-150x100.png 150w, https:\/\/christusnews.de\/site\/wp-content\/uploads\/EDF8F692-EAAF-4133-A379-896D4DC9A381.png 1581w\" sizes=\"auto, (max-width: 770px) 100vw, 770px\" \/><\/a><a href=\"https:\/\/christusnews.de\/site\/wp-content\/uploads\/C5598B7F-22DC-4B82-B296-E26AC22B6DC9.jpeg\"><img loading=\"lazy\" decoding=\"async\" class=\"alignright size-large wp-image-21555\" src=\"https:\/\/christusnews.de\/site\/wp-content\/uploads\/C5598B7F-22DC-4B82-B296-E26AC22B6DC9-1024x576.jpeg\" alt=\"\" width=\"770\" height=\"433\" srcset=\"https:\/\/christusnews.de\/site\/wp-content\/uploads\/C5598B7F-22DC-4B82-B296-E26AC22B6DC9-1024x576.jpeg 1024w, https:\/\/christusnews.de\/site\/wp-content\/uploads\/C5598B7F-22DC-4B82-B296-E26AC22B6DC9-300x169.jpeg 300w, https:\/\/christusnews.de\/site\/wp-content\/uploads\/C5598B7F-22DC-4B82-B296-E26AC22B6DC9-768x432.jpeg 768w, https:\/\/christusnews.de\/site\/wp-content\/uploads\/C5598B7F-22DC-4B82-B296-E26AC22B6DC9-1536x864.jpeg 1536w, https:\/\/christusnews.de\/site\/wp-content\/uploads\/C5598B7F-22DC-4B82-B296-E26AC22B6DC9-847x477.jpeg 847w, https:\/\/christusnews.de\/site\/wp-content\/uploads\/C5598B7F-22DC-4B82-B296-E26AC22B6DC9.jpeg 1920w\" sizes=\"auto, (max-width: 770px) 100vw, 770px\" \/><\/a><\/p>\n","protected":false},"excerpt":{"rendered":"<p>\u201eKlassik am Meer\u201c: \u201eHallelujah hoch drei\u201c mit dem Calmus Ensemble 18. August 2022, 20 Uhr, Christus- und Garnisonkirche, Wilhelmshaven Ihr A-cappella-Gesang sei von \u201ewunderbarer Lyrik und exquisiter Ausdruckskraft\u201c, die Interpretationen \u201eso klar und durchscheinend, wie man sie selten h\u00f6rt\u201c, zudem von gro\u00dfer \u201emusikalischer Tiefe\u201c &#8211; wann immer das Calmus Ensemble die B\u00fchne betritt, \u00fcberschlagen sich die Rezensenten vor Lob. Und so darf man gespannt und voller Vorfreude sein auf den Auftritt der f\u00fcnf Vokalk\u00fcnstler im Zuge des Konzertfestivals \u201eKlassik am Meer\u201c am Donnerstag, dem 18. August um 20 Uhr in der Wilhelmshavener Christus- und Garnisonkirche. Mitbringen wird das Leipziger Ensemble&#8230;<\/p>\n","protected":false},"author":4,"featured_media":21554,"template":"","meta":{"_tribe_events_status":"","_tribe_events_status_reason":"","footnotes":""},"tags":[],"tribe_events_cat":[30,41],"class_list":["post-21563","tribe_events","type-tribe_events","status-publish","has-post-thumbnail","hentry","tribe_events_cat-citykirche","tribe_events_cat-konzert","cat_citykirche","cat_konzert"],"_links":{"self":[{"href":"https:\/\/christusnews.de\/site\/wp-json\/wp\/v2\/tribe_events\/21563","targetHints":{"allow":["GET"]}}],"collection":[{"href":"https:\/\/christusnews.de\/site\/wp-json\/wp\/v2\/tribe_events"}],"about":[{"href":"https:\/\/christusnews.de\/site\/wp-json\/wp\/v2\/types\/tribe_events"}],"author":[{"embeddable":true,"href":"https:\/\/christusnews.de\/site\/wp-json\/wp\/v2\/users\/4"}],"version-history":[{"count":1,"href":"https:\/\/christusnews.de\/site\/wp-json\/wp\/v2\/tribe_events\/21563\/revisions"}],"predecessor-version":[{"id":21564,"href":"https:\/\/christusnews.de\/site\/wp-json\/wp\/v2\/tribe_events\/21563\/revisions\/21564"}],"wp:featuredmedia":[{"embeddable":true,"href":"https:\/\/christusnews.de\/site\/wp-json\/wp\/v2\/media\/21554"}],"wp:attachment":[{"href":"https:\/\/christusnews.de\/site\/wp-json\/wp\/v2\/media?parent=21563"}],"wp:term":[{"taxonomy":"post_tag","embeddable":true,"href":"https:\/\/christusnews.de\/site\/wp-json\/wp\/v2\/tags?post=21563"},{"taxonomy":"tribe_events_cat","embeddable":true,"href":"https:\/\/christusnews.de\/site\/wp-json\/wp\/v2\/tribe_events_cat?post=21563"}],"curies":[{"name":"wp","href":"https:\/\/api.w.org\/{rel}","templated":true}]}}

<p class="p1"><span class="s1">„Klassik am Meer“: „Hallelujah hoch drei“ mit dem Calmus Ensemble</span></p>
<p class="p1"><span class="s2">18. August 2022, 20 Uhr</span><span class="s1">, Christus- und Garnisonkirche, Wilhelmshaven</span></p>
<p class="p1"><span class="s1">Ihr A-cappella-Gesang sei von „wunderbarer Lyrik und exquisiter Ausdruckskraft“, die Interpretationen „so klar und durchscheinend, wie man sie selten hört“, zudem von großer „musikalischer Tiefe“ &#8211; wann immer das Calmus Ensemble die Bühne betritt, überschlagen sich die Rezensenten vor Lob. Und so darf man gespannt und voller Vorfreude sein auf den Auftritt der fünf Vokalkünstler im Zuge des Konzertfestivals „Klassik am Meer“ am Donnerstag, </span><span class="s2">dem 18. August um 20 Uhr</span><span class="s1"> in der Wilhelmshavener Christus- und Garnisonkirche.</span></p>
<p class="p1"><span class="s1">Mitbringen wird das Leipziger Ensemble ein Programm, das wie geschaffen ist für die traditionsreichen Kirchenmauern: „Halleluja hoch drei“ rückt mit Salomone Rossi, Paul Gerhardt und Leonard Cohen drei Komponisten geistlicher Lieder in den Fokus und spannt zugleich einen weiten musikalischen Bogen von den biblischen Psalmen bis hin zur Singer-Songwriter-Musik unserer Zeit.</span></p>
<p class="p1"><span class="s1"> </span>Man lasse sich dabei berühren von der einzigartigen Renaissance-Musik, die Salomone Rossi in hebräischer Sprache für die Synagoge schrieb. Man staune angesichts der Kirchenlieder Paul Gerhardts, wohlbekannt aus dem Gesangbuch und doch überraschend anders in den kunstvollen Choralsätzen von Johann Sebastian Bach. Einen Hörgenuss versprechen aber auch die poetischen Songs von Leonard Cohen &#8211; nicht zuletzt das berühmte „Hallelujah“.</p>
<p class="p1"><span class="s1"> </span>Es wird spannend sein, die Unterschiede wie auch die Gemeinsamkeiten der Lieder zu entdecken. Zudem bietet sich die besondere Gelegenheit, das Calmus Ensemble noch einmal in seiner bewährten Besetzung zu hören, bevor ab September mit drei anderen Sängern eine neue Ära in der über 20-jährigen Ensemblegeschichte beginnt. Nutzen Sie die Chance auf klassische Vokalmusik und A-cappella der Extraklasse!</p>
<p><a href="https://christusnews.de/site/wp-content/uploads/EDF8F692-EAAF-4133-A379-896D4DC9A381.png"><img loading="lazy" decoding="async" class="alignright size-large wp-image-21554" src="https://christusnews.de/site/wp-content/uploads/EDF8F692-EAAF-4133-A379-896D4DC9A381-1024x683.png" alt="" width="770" height="514" srcset="https://christusnews.de/site/wp-content/uploads/EDF8F692-EAAF-4133-A379-896D4DC9A381-1024x683.png 1024w, https://christusnews.de/site/wp-content/uploads/EDF8F692-EAAF-4133-A379-896D4DC9A381-300x200.png 300w, https://christusnews.de/site/wp-content/uploads/EDF8F692-EAAF-4133-A379-896D4DC9A381-768x512.png 768w, https://christusnews.de/site/wp-content/uploads/EDF8F692-EAAF-4133-A379-896D4DC9A381-1536x1024.png 1536w, https://christusnews.de/site/wp-content/uploads/EDF8F692-EAAF-4133-A379-896D4DC9A381-263x177.png 263w, https://christusnews.de/site/wp-content/uploads/EDF8F692-EAAF-4133-A379-896D4DC9A381-500x335.png 500w, https://christusnews.de/site/wp-content/uploads/EDF8F692-EAAF-4133-A379-896D4DC9A381-150x100.png 150w, https://christusnews.de/site/wp-content/uploads/EDF8F692-EAAF-4133-A379-896D4DC9A381.png 1581w" sizes="auto, (max-width: 770px) 100vw, 770px" /></a><a href="https://christusnews.de/site/wp-content/uploads/C5598B7F-22DC-4B82-B296-E26AC22B6DC9.jpeg"><img loading="lazy" decoding="async" class="alignright size-large wp-image-21555" src="https://christusnews.de/site/wp-content/uploads/C5598B7F-22DC-4B82-B296-E26AC22B6DC9-1024x576.jpeg" alt="" width="770" height="433" srcset="https://christusnews.de/site/wp-content/uploads/C5598B7F-22DC-4B82-B296-E26AC22B6DC9-1024x576.jpeg 1024w, https://christusnews.de/site/wp-content/uploads/C5598B7F-22DC-4B82-B296-E26AC22B6DC9-300x169.jpeg 300w, https://christusnews.de/site/wp-content/uploads/C5598B7F-22DC-4B82-B296-E26AC22B6DC9-768x432.jpeg 768w, https://christusnews.de/site/wp-content/uploads/C5598B7F-22DC-4B82-B296-E26AC22B6DC9-1536x864.jpeg 1536w, https://christusnews.de/site/wp-content/uploads/C5598B7F-22DC-4B82-B296-E26AC22B6DC9-847x477.jpeg 847w, https://christusnews.de/site/wp-content/uploads/C5598B7F-22DC-4B82-B296-E26AC22B6DC9.jpeg 1920w" sizes="auto, (max-width: 770px) 100vw, 770px" /></a></p>

<p>„Klassik am Meer“: „Hallelujah hoch drei“ mit dem Calmus Ensemble 18. August 2022, 20 Uhr, Christus- und Garnisonkirche, Wilhelmshaven Ihr A-cappella-Gesang sei von „wunderbarer Lyrik und exquisiter Ausdruckskraft“, die Interpretationen „so klar und durchscheinend, wie man sie selten hört“, zudem von großer „musikalischer Tiefe“ &#8211; wann immer das Calmus Ensemble die Bühne betritt, überschlagen sich die Rezensenten vor Lob. Und so darf man gespannt und voller Vorfreude sein auf den Auftritt der fünf Vokalkünstler im Zuge des Konzertfestivals „Klassik am Meer“ am Donnerstag, dem 18. August um 20 Uhr in der Wilhelmshavener Christus- und Garnisonkirche. Mitbringen wird das Leipziger Ensemble&#8230;</p>
