{"id":22565,"date":"2022-11-06T15:53:59","date_gmt":"2022-11-06T14:53:59","guid":{"rendered":"https:\/\/christusnews.de\/site\/?post_type=tribe_events&#038;p=22565"},"modified":"2022-11-06T15:57:30","modified_gmt":"2022-11-06T14:57:30","slug":"gottesdienst-am-volkstrauertag-13-11-2022-um-12-uhr","status":"publish","type":"tribe_events","link":"https:\/\/christusnews.de\/site\/event\/gottesdienst-am-volkstrauertag-13-11-2022-um-12-uhr\/","title":{"rendered":"Gottesdienst am Volkstrauertag"},"content":{"rendered":"<p>Am 13. November feiern wir einen Gedenkgottesdienst am Volkstrauertag. Gerade in diesen Kriegstagen bekommen wir ein unmittelbares Gef\u00fchl daf\u00fcr, wie verheerend der erste und zweite Weltkrieg f\u00fcr die Menschen in Europa gewesen sind. Im Rahmen des Gottesdienstes werden Gedenkworte von Sch\u00fclerinnen und Sch\u00fclern, vom \u00a0Oberb\u00fcrgermeister und vom Admiral der Marine gesprochen. In der Predigt von Pastor Bernhard Busemann geht es um die derzeitige Ausstellung von Sophie Scholl und den Mitgliedern der Widerstandsbewegung &#8220;Weisse Rose&#8221;, die im S\u00fcdschiff der Christus- und Garnisonkirche zu sehen ist. Im Anschluss an den Gottesdienst werden im Mahnmal Kr\u00e4nze niederlegt. F\u00fcr den musikalischen Rahmen sorgt das Marinemusikkorps Wilhelmshaven.<\/p>\n","protected":false},"excerpt":{"rendered":"<p>Am 13. November feiern wir einen Gedenkgottesdienst am Volkstrauertag. Gerade in diesen Kriegstagen bekommen wir ein unmittelbares Gef\u00fchl daf\u00fcr, wie verheerend der erste und zweite Weltkrieg f\u00fcr die Menschen in Europa gewesen sind. Im Rahmen des Gottesdienstes werden Gedenkworte von Sch\u00fclerinnen und Sch\u00fclern, vom \u00a0Oberb\u00fcrgermeister und vom Admiral der Marine gesprochen. In der Predigt von Pastor Bernhard Busemann geht es um die derzeitige Ausstellung von Sophie Scholl und den Mitgliedern der Widerstandsbewegung &#8220;Weisse Rose&#8221;, die im S\u00fcdschiff der Christus- und Garnisonkirche zu sehen ist. Im Anschluss an den Gottesdienst werden im Mahnmal Kr\u00e4nze niederlegt. F\u00fcr den musikalischen Rahmen sorgt das&#8230;<\/p>\n","protected":false},"author":4,"featured_media":22564,"template":"","meta":{"_tribe_events_status":"","_tribe_events_status_reason":"","footnotes":""},"tags":[],"tribe_events_cat":[],"class_list":["post-22565","tribe_events","type-tribe_events","status-publish","has-post-thumbnail","hentry"],"_links":{"self":[{"href":"https:\/\/christusnews.de\/site\/wp-json\/wp\/v2\/tribe_events\/22565","targetHints":{"allow":["GET"]}}],"collection":[{"href":"https:\/\/christusnews.de\/site\/wp-json\/wp\/v2\/tribe_events"}],"about":[{"href":"https:\/\/christusnews.de\/site\/wp-json\/wp\/v2\/types\/tribe_events"}],"author":[{"embeddable":true,"href":"https:\/\/christusnews.de\/site\/wp-json\/wp\/v2\/users\/4"}],"version-history":[{"count":2,"href":"https:\/\/christusnews.de\/site\/wp-json\/wp\/v2\/tribe_events\/22565\/revisions"}],"predecessor-version":[{"id":22570,"href":"https:\/\/christusnews.de\/site\/wp-json\/wp\/v2\/tribe_events\/22565\/revisions\/22570"}],"wp:featuredmedia":[{"embeddable":true,"href":"https:\/\/christusnews.de\/site\/wp-json\/wp\/v2\/media\/22564"}],"wp:attachment":[{"href":"https:\/\/christusnews.de\/site\/wp-json\/wp\/v2\/media?parent=22565"}],"wp:term":[{"taxonomy":"post_tag","embeddable":true,"href":"https:\/\/christusnews.de\/site\/wp-json\/wp\/v2\/tags?post=22565"},{"taxonomy":"tribe_events_cat","embeddable":true,"href":"https:\/\/christusnews.de\/site\/wp-json\/wp\/v2\/tribe_events_cat?post=22565"}],"curies":[{"name":"wp","href":"https:\/\/api.w.org\/{rel}","templated":true}]}}

<p>Am 13. November feiern wir einen Gedenkgottesdienst am Volkstrauertag. Gerade in diesen Kriegstagen bekommen wir ein unmittelbares Gefühl dafür, wie verheerend der erste und zweite Weltkrieg für die Menschen in Europa gewesen sind. Im Rahmen des Gottesdienstes werden Gedenkworte von Schülerinnen und Schülern, vom  Oberbürgermeister und vom Admiral der Marine gesprochen. In der Predigt von Pastor Bernhard Busemann geht es um die derzeitige Ausstellung von Sophie Scholl und den Mitgliedern der Widerstandsbewegung &#8220;Weisse Rose&#8221;, die im Südschiff der Christus- und Garnisonkirche zu sehen ist. Im Anschluss an den Gottesdienst werden im Mahnmal Kränze niederlegt. Für den musikalischen Rahmen sorgt das Marinemusikkorps Wilhelmshaven.</p>

<p>Am 13. November feiern wir einen Gedenkgottesdienst am Volkstrauertag. Gerade in diesen Kriegstagen bekommen wir ein unmittelbares Gefühl dafür, wie verheerend der erste und zweite Weltkrieg für die Menschen in Europa gewesen sind. Im Rahmen des Gottesdienstes werden Gedenkworte von Schülerinnen und Schülern, vom  Oberbürgermeister und vom Admiral der Marine gesprochen. In der Predigt von Pastor Bernhard Busemann geht es um die derzeitige Ausstellung von Sophie Scholl und den Mitgliedern der Widerstandsbewegung &#8220;Weisse Rose&#8221;, die im Südschiff der Christus- und Garnisonkirche zu sehen ist. Im Anschluss an den Gottesdienst werden im Mahnmal Kränze niederlegt. Für den musikalischen Rahmen sorgt das&#8230;</p>
