{"id":22608,"date":"2022-11-09T23:19:16","date_gmt":"2022-11-09T22:19:16","guid":{"rendered":"https:\/\/christusnews.de\/site\/?post_type=tribe_events&#038;p=22608"},"modified":"2022-11-09T23:19:16","modified_gmt":"2022-11-09T22:19:16","slug":"gottesdienst-am-ewigkeitssonntag-3","status":"publish","type":"tribe_events","link":"https:\/\/christusnews.de\/site\/event\/gottesdienst-am-ewigkeitssonntag-3\/","title":{"rendered":"Gottesdienst am Ewigkeitssonntag"},"content":{"rendered":"<p style=\"font-weight: 400;\">Sie haben einen Menschen verloren, der Ihnen nahe stand. Das hat das Leben ver\u00e4ndert.\u00a0Jede und jeder findet dabei eigene Wege, um zu trauern und mit dem Verlust zu leben. Ein Weg der Trauer ist das Erinnern. Sich zu erinnern, ist sch\u00f6n und schmerzlich zugleich.<br \/>\nFr\u00f6hliche und schwere Tage werden ins Ged\u00e4chtnis gerufen. Wir laden Sie zu einem Tag der bewussten Erinnerung ein. Gerade zur Vorbereitung auf die Zeit von Advent und Weihnachten tut es gut, sich nochmal ganz bewusst zu erinnern.<\/p>\n<p style=\"font-weight: 400;\">Am Ewigkeitssonntag denken wir im Gottesdienst an die Verstorbenen aus dem vergangenen Kirchenjahr (Advent bis Ewigkeitssonntag). Wir nennen die Namen und entz\u00fcnden f\u00fcr jede Verstorbene und jeden Verstorbenen eine Kerze. Es ist ein Tag, um gemeinsam zu erinnern und zu trauern, aber auch ein Tag, um Hoffnung zu sch\u00f6pfen, einander zu tr\u00f6sten und Kraft zu tanken f\u00fcr den weiteren Weg.<\/p>\n<p style=\"font-weight: 400;\"><strong>Zu diesem Gottesdienst<br \/>\nam 20. November 2022, um 12.00 Uhr,<br \/>\nladen wir Sie herzlich ein.<\/strong><\/p>\n<p>Pastor Bernhard Busemann und das Gottesdienstteam haben alles vorbereitet. Holger Trempeck-Wilken wird den Gottesdienst musikalisch begleiten.<\/p>\n","protected":false},"excerpt":{"rendered":"<p>Sie haben einen Menschen verloren, der Ihnen nahe stand. Das hat das Leben ver\u00e4ndert.\u00a0Jede und jeder findet dabei eigene Wege, um zu trauern und mit dem Verlust zu leben. Ein Weg der Trauer ist das Erinnern. Sich zu erinnern, ist sch\u00f6n und schmerzlich zugleich. Fr\u00f6hliche und schwere Tage werden ins Ged\u00e4chtnis gerufen. Wir laden Sie zu einem Tag der bewussten Erinnerung ein. Gerade zur Vorbereitung auf die Zeit von Advent und Weihnachten tut es gut, sich nochmal ganz bewusst zu erinnern. Am Ewigkeitssonntag denken wir im Gottesdienst an die Verstorbenen aus dem vergangenen Kirchenjahr (Advent bis Ewigkeitssonntag). Wir nennen die&#8230;<\/p>\n","protected":false},"author":4,"featured_media":22607,"template":"","meta":{"_tribe_events_status":"","_tribe_events_status_reason":"","footnotes":""},"tags":[],"tribe_events_cat":[39],"class_list":["post-22608","tribe_events","type-tribe_events","status-publish","has-post-thumbnail","hentry","tribe_events_cat-gottesdienst","cat_gottesdienst"],"_links":{"self":[{"href":"https:\/\/christusnews.de\/site\/wp-json\/wp\/v2\/tribe_events\/22608","targetHints":{"allow":["GET"]}}],"collection":[{"href":"https:\/\/christusnews.de\/site\/wp-json\/wp\/v2\/tribe_events"}],"about":[{"href":"https:\/\/christusnews.de\/site\/wp-json\/wp\/v2\/types\/tribe_events"}],"author":[{"embeddable":true,"href":"https:\/\/christusnews.de\/site\/wp-json\/wp\/v2\/users\/4"}],"version-history":[{"count":1,"href":"https:\/\/christusnews.de\/site\/wp-json\/wp\/v2\/tribe_events\/22608\/revisions"}],"predecessor-version":[{"id":22609,"href":"https:\/\/christusnews.de\/site\/wp-json\/wp\/v2\/tribe_events\/22608\/revisions\/22609"}],"wp:featuredmedia":[{"embeddable":true,"href":"https:\/\/christusnews.de\/site\/wp-json\/wp\/v2\/media\/22607"}],"wp:attachment":[{"href":"https:\/\/christusnews.de\/site\/wp-json\/wp\/v2\/media?parent=22608"}],"wp:term":[{"taxonomy":"post_tag","embeddable":true,"href":"https:\/\/christusnews.de\/site\/wp-json\/wp\/v2\/tags?post=22608"},{"taxonomy":"tribe_events_cat","embeddable":true,"href":"https:\/\/christusnews.de\/site\/wp-json\/wp\/v2\/tribe_events_cat?post=22608"}],"curies":[{"name":"wp","href":"https:\/\/api.w.org\/{rel}","templated":true}]}}

<p style="font-weight: 400;">Sie haben einen Menschen verloren, der Ihnen nahe stand. Das hat das Leben verändert. Jede und jeder findet dabei eigene Wege, um zu trauern und mit dem Verlust zu leben. Ein Weg der Trauer ist das Erinnern. Sich zu erinnern, ist schön und schmerzlich zugleich.<br />
Fröhliche und schwere Tage werden ins Gedächtnis gerufen. Wir laden Sie zu einem Tag der bewussten Erinnerung ein. Gerade zur Vorbereitung auf die Zeit von Advent und Weihnachten tut es gut, sich nochmal ganz bewusst zu erinnern.</p>
<p style="font-weight: 400;">Am Ewigkeitssonntag denken wir im Gottesdienst an die Verstorbenen aus dem vergangenen Kirchenjahr (Advent bis Ewigkeitssonntag). Wir nennen die Namen und entzünden für jede Verstorbene und jeden Verstorbenen eine Kerze. Es ist ein Tag, um gemeinsam zu erinnern und zu trauern, aber auch ein Tag, um Hoffnung zu schöpfen, einander zu trösten und Kraft zu tanken für den weiteren Weg.</p>
<p style="font-weight: 400;"><strong>Zu diesem Gottesdienst<br />
am 20. November 2022, um 12.00 Uhr,<br />
laden wir Sie herzlich ein.</strong></p>
<p>Pastor Bernhard Busemann und das Gottesdienstteam haben alles vorbereitet. Holger Trempeck-Wilken wird den Gottesdienst musikalisch begleiten.</p>

<p>Sie haben einen Menschen verloren, der Ihnen nahe stand. Das hat das Leben verändert. Jede und jeder findet dabei eigene Wege, um zu trauern und mit dem Verlust zu leben. Ein Weg der Trauer ist das Erinnern. Sich zu erinnern, ist schön und schmerzlich zugleich. Fröhliche und schwere Tage werden ins Gedächtnis gerufen. Wir laden Sie zu einem Tag der bewussten Erinnerung ein. Gerade zur Vorbereitung auf die Zeit von Advent und Weihnachten tut es gut, sich nochmal ganz bewusst zu erinnern. Am Ewigkeitssonntag denken wir im Gottesdienst an die Verstorbenen aus dem vergangenen Kirchenjahr (Advent bis Ewigkeitssonntag). Wir nennen die&#8230;</p>
