{"id":22718,"date":"2022-11-22T22:50:12","date_gmt":"2022-11-22T21:50:12","guid":{"rendered":"https:\/\/christusnews.de\/site\/?post_type=tribe_events&#038;p=22718"},"modified":"2022-11-22T22:50:12","modified_gmt":"2022-11-22T21:50:12","slug":"basar-der-flotten-nadeln","status":"publish","type":"tribe_events","link":"https:\/\/christusnews.de\/site\/event\/basar-der-flotten-nadeln\/","title":{"rendered":"Basar der Flotten Nadeln"},"content":{"rendered":"<p>Am Samstag, 26.11. und Sonntag, 27.11. von 11 &#8211; 17 Uhr ist wieder der Basar der &#8220;Flotten Nadeln&#8221;. Bei Tee, Kaffee und Kuchen kann man sich die hochwertigen Handarbeiten anschauen und kaufen. Der Erl\u00f6s ist f\u00fcr die Kinderg\u00e4rten der Gemeinde bestimmt. Herzlich willkommen!<\/p>\n","protected":false},"excerpt":{"rendered":"<p>Am Samstag, 26.11. und Sonntag, 27.11. von 11 &#8211; 17 Uhr ist wieder der Basar der &#8220;Flotten Nadeln&#8221;. Bei Tee, Kaffee und Kuchen kann man sich die hochwertigen Handarbeiten anschauen und kaufen. Der Erl\u00f6s ist f\u00fcr die Kinderg\u00e4rten der Gemeinde bestimmt. Herzlich willkommen!<\/p>\n","protected":false},"author":4,"featured_media":22719,"template":"","meta":{"_tribe_events_status":"","_tribe_events_status_reason":"","footnotes":""},"tags":[],"tribe_events_cat":[29],"class_list":["post-22718","tribe_events","type-tribe_events","status-publish","has-post-thumbnail","hentry","tribe_events_cat-veranstaltung","cat_veranstaltung"],"_links":{"self":[{"href":"https:\/\/christusnews.de\/site\/wp-json\/wp\/v2\/tribe_events\/22718","targetHints":{"allow":["GET"]}}],"collection":[{"href":"https:\/\/christusnews.de\/site\/wp-json\/wp\/v2\/tribe_events"}],"about":[{"href":"https:\/\/christusnews.de\/site\/wp-json\/wp\/v2\/types\/tribe_events"}],"author":[{"embeddable":true,"href":"https:\/\/christusnews.de\/site\/wp-json\/wp\/v2\/users\/4"}],"version-history":[{"count":1,"href":"https:\/\/christusnews.de\/site\/wp-json\/wp\/v2\/tribe_events\/22718\/revisions"}],"predecessor-version":[{"id":22720,"href":"https:\/\/christusnews.de\/site\/wp-json\/wp\/v2\/tribe_events\/22718\/revisions\/22720"}],"wp:featuredmedia":[{"embeddable":true,"href":"https:\/\/christusnews.de\/site\/wp-json\/wp\/v2\/media\/22719"}],"wp:attachment":[{"href":"https:\/\/christusnews.de\/site\/wp-json\/wp\/v2\/media?parent=22718"}],"wp:term":[{"taxonomy":"post_tag","embeddable":true,"href":"https:\/\/christusnews.de\/site\/wp-json\/wp\/v2\/tags?post=22718"},{"taxonomy":"tribe_events_cat","embeddable":true,"href":"https:\/\/christusnews.de\/site\/wp-json\/wp\/v2\/tribe_events_cat?post=22718"}],"curies":[{"name":"wp","href":"https:\/\/api.w.org\/{rel}","templated":true}]}}

<p>Am Samstag, 26.11. und Sonntag, 27.11. von 11 &#8211; 17 Uhr ist wieder der Basar der &#8220;Flotten Nadeln&#8221;. Bei Tee, Kaffee und Kuchen kann man sich die hochwertigen Handarbeiten anschauen und kaufen. Der Erlös ist für die Kindergärten der Gemeinde bestimmt. Herzlich willkommen!</p>
