{"id":22725,"date":"2022-11-22T22:58:03","date_gmt":"2022-11-22T21:58:03","guid":{"rendered":"https:\/\/christusnews.de\/site\/?post_type=tribe_events&#038;p=22725"},"modified":"2022-11-22T22:59:56","modified_gmt":"2022-11-22T21:59:56","slug":"gottesdienst-am-1-advent","status":"publish","type":"tribe_events","link":"https:\/\/christusnews.de\/site\/event\/gottesdienst-am-1-advent\/","title":{"rendered":"Gottesdienst am 1. Advent"},"content":{"rendered":"<p>Am Sonntag, 27.11. um 12 Uhr feiern wir einen Gottesdienst zum 1. Advent. Der Bl\u00e4serkreis wird den Gottesdienste musikalisch gestalten. Die Erzieherinnen und Erzieher aus den Kindertagesst\u00e4tten feiern mit der Gemeinde am 1. Advent ihre Dienstjubil\u00e4en. Herzliche Einladung zum Gottesdienst. Pastor Busemann und das Gottesdienst Team freuen sich auf zahlreiche G\u00e4ste.<\/p>\n","protected":false},"excerpt":{"rendered":"<p>Am Sonntag, 27.11. um 12 Uhr feiern wir einen Gottesdienst zum 1. Advent. Der Bl\u00e4serkreis wird den Gottesdienste musikalisch gestalten. Die Erzieherinnen und Erzieher aus den Kindertagesst\u00e4tten feiern mit der Gemeinde am 1. Advent ihre Dienstjubil\u00e4en. Herzliche Einladung zum Gottesdienst. Pastor Busemann und das Gottesdienst Team freuen sich auf zahlreiche G\u00e4ste.<\/p>\n","protected":false},"author":4,"featured_media":22726,"template":"","meta":{"_tribe_events_status":"","_tribe_events_status_reason":"","footnotes":""},"tags":[],"tribe_events_cat":[39],"class_list":["post-22725","tribe_events","type-tribe_events","status-publish","has-post-thumbnail","hentry","tribe_events_cat-gottesdienst","cat_gottesdienst"],"_links":{"self":[{"href":"https:\/\/christusnews.de\/site\/wp-json\/wp\/v2\/tribe_events\/22725","targetHints":{"allow":["GET"]}}],"collection":[{"href":"https:\/\/christusnews.de\/site\/wp-json\/wp\/v2\/tribe_events"}],"about":[{"href":"https:\/\/christusnews.de\/site\/wp-json\/wp\/v2\/types\/tribe_events"}],"author":[{"embeddable":true,"href":"https:\/\/christusnews.de\/site\/wp-json\/wp\/v2\/users\/4"}],"version-history":[{"count":2,"href":"https:\/\/christusnews.de\/site\/wp-json\/wp\/v2\/tribe_events\/22725\/revisions"}],"predecessor-version":[{"id":22728,"href":"https:\/\/christusnews.de\/site\/wp-json\/wp\/v2\/tribe_events\/22725\/revisions\/22728"}],"wp:featuredmedia":[{"embeddable":true,"href":"https:\/\/christusnews.de\/site\/wp-json\/wp\/v2\/media\/22726"}],"wp:attachment":[{"href":"https:\/\/christusnews.de\/site\/wp-json\/wp\/v2\/media?parent=22725"}],"wp:term":[{"taxonomy":"post_tag","embeddable":true,"href":"https:\/\/christusnews.de\/site\/wp-json\/wp\/v2\/tags?post=22725"},{"taxonomy":"tribe_events_cat","embeddable":true,"href":"https:\/\/christusnews.de\/site\/wp-json\/wp\/v2\/tribe_events_cat?post=22725"}],"curies":[{"name":"wp","href":"https:\/\/api.w.org\/{rel}","templated":true}]}}

<p>Am Sonntag, 27.11. um 12 Uhr feiern wir einen Gottesdienst zum 1. Advent. Der Bläserkreis wird den Gottesdienste musikalisch gestalten. Die Erzieherinnen und Erzieher aus den Kindertagesstätten feiern mit der Gemeinde am 1. Advent ihre Dienstjubiläen. Herzliche Einladung zum Gottesdienst. Pastor Busemann und das Gottesdienst Team freuen sich auf zahlreiche Gäste.</p>
