{"id":24288,"date":"2023-06-06T20:01:34","date_gmt":"2023-06-06T18:01:34","guid":{"rendered":"https:\/\/christusnews.de\/site\/?post_type=tribe_events&#038;p=24288"},"modified":"2023-06-06T20:01:34","modified_gmt":"2023-06-06T18:01:34","slug":"175-jahre-deutsche-marinen-gottesdienst","status":"publish","type":"tribe_events","link":"https:\/\/christusnews.de\/site\/event\/175-jahre-deutsche-marinen-gottesdienst\/","title":{"rendered":"175 Jahre Deutsche Marinen &#8211; Gottesdienst"},"content":{"rendered":"<p style=\"font-weight: 400;\">Am 14. Juni 1848 wurde die \u201eReichsflotte\u201c von der Nationalversammlung in Frankfurt am Rhein gegr\u00fcndet. Es war der Beginn einer sehr bewegten Geschichte durch unterschiedliche Epochen. Ein R\u00fcckblick auf diese Zeit ist kompliziert. Man kann nicht nahtlos 175 Jahre Geburtstag feiern. Daf\u00fcr sind die historischen Br\u00fcche und Abbr\u00fcche zu schwerwiegend. Und dennoch wollen wir am 14. Juni um 10 Uhr einen Gedenktaggottesdienst zum Auftakt des Tages feiern. Am Mittwoch, 14.06.2023 um 10 Uhr geht es in der Christus- und Garnisonkirche um \u00a0\u201e175 Jahre Deutsche Marinen\u201c.<\/p>\n","protected":false},"excerpt":{"rendered":"<p>Am 14. Juni 1848 wurde die \u201eReichsflotte\u201c von der Nationalversammlung in Frankfurt am Rhein gegr\u00fcndet. Es war der Beginn einer sehr bewegten Geschichte durch unterschiedliche Epochen. Ein R\u00fcckblick auf diese Zeit ist kompliziert. Man kann nicht nahtlos 175 Jahre Geburtstag feiern. Daf\u00fcr sind die historischen Br\u00fcche und Abbr\u00fcche zu schwerwiegend. Und dennoch wollen wir am 14. Juni um 10 Uhr einen Gedenktaggottesdienst zum Auftakt des Tages feiern. Am Mittwoch, 14.06.2023 um 10 Uhr geht es in der Christus- und Garnisonkirche um \u00a0\u201e175 Jahre Deutsche Marinen\u201c.<\/p>\n","protected":false},"author":4,"featured_media":24289,"template":"","meta":{"_tribe_events_status":"","_tribe_events_status_reason":"","footnotes":""},"tags":[],"tribe_events_cat":[39],"class_list":["post-24288","tribe_events","type-tribe_events","status-publish","has-post-thumbnail","hentry","tribe_events_cat-gottesdienst","cat_gottesdienst"],"_links":{"self":[{"href":"https:\/\/christusnews.de\/site\/wp-json\/wp\/v2\/tribe_events\/24288","targetHints":{"allow":["GET"]}}],"collection":[{"href":"https:\/\/christusnews.de\/site\/wp-json\/wp\/v2\/tribe_events"}],"about":[{"href":"https:\/\/christusnews.de\/site\/wp-json\/wp\/v2\/types\/tribe_events"}],"author":[{"embeddable":true,"href":"https:\/\/christusnews.de\/site\/wp-json\/wp\/v2\/users\/4"}],"version-history":[{"count":1,"href":"https:\/\/christusnews.de\/site\/wp-json\/wp\/v2\/tribe_events\/24288\/revisions"}],"predecessor-version":[{"id":24290,"href":"https:\/\/christusnews.de\/site\/wp-json\/wp\/v2\/tribe_events\/24288\/revisions\/24290"}],"wp:featuredmedia":[{"embeddable":true,"href":"https:\/\/christusnews.de\/site\/wp-json\/wp\/v2\/media\/24289"}],"wp:attachment":[{"href":"https:\/\/christusnews.de\/site\/wp-json\/wp\/v2\/media?parent=24288"}],"wp:term":[{"taxonomy":"post_tag","embeddable":true,"href":"https:\/\/christusnews.de\/site\/wp-json\/wp\/v2\/tags?post=24288"},{"taxonomy":"tribe_events_cat","embeddable":true,"href":"https:\/\/christusnews.de\/site\/wp-json\/wp\/v2\/tribe_events_cat?post=24288"}],"curies":[{"name":"wp","href":"https:\/\/api.w.org\/{rel}","templated":true}]}}

<p style="font-weight: 400;">Am 14. Juni 1848 wurde die „Reichsflotte“ von der Nationalversammlung in Frankfurt am Rhein gegründet. Es war der Beginn einer sehr bewegten Geschichte durch unterschiedliche Epochen. Ein Rückblick auf diese Zeit ist kompliziert. Man kann nicht nahtlos 175 Jahre Geburtstag feiern. Dafür sind die historischen Brüche und Abbrüche zu schwerwiegend. Und dennoch wollen wir am 14. Juni um 10 Uhr einen Gedenktaggottesdienst zum Auftakt des Tages feiern. Am Mittwoch, 14.06.2023 um 10 Uhr geht es in der Christus- und Garnisonkirche um  „175 Jahre Deutsche Marinen“.</p>

<p>Am 14. Juni 1848 wurde die „Reichsflotte“ von der Nationalversammlung in Frankfurt am Rhein gegründet. Es war der Beginn einer sehr bewegten Geschichte durch unterschiedliche Epochen. Ein Rückblick auf diese Zeit ist kompliziert. Man kann nicht nahtlos 175 Jahre Geburtstag feiern. Dafür sind die historischen Brüche und Abbrüche zu schwerwiegend. Und dennoch wollen wir am 14. Juni um 10 Uhr einen Gedenktaggottesdienst zum Auftakt des Tages feiern. Am Mittwoch, 14.06.2023 um 10 Uhr geht es in der Christus- und Garnisonkirche um  „175 Jahre Deutsche Marinen“.</p>
