{"id":24450,"date":"2023-06-21T12:41:58","date_gmt":"2023-06-21T10:41:58","guid":{"rendered":"https:\/\/christusnews.de\/site\/?post_type=tribe_events&#038;p=24450"},"modified":"2023-08-07T21:27:59","modified_gmt":"2023-08-07T19:27:59","slug":"im-kino-uci-der-vermessene-mensch","status":"publish","type":"tribe_events","link":"https:\/\/christusnews.de\/site\/event\/im-kino-uci-der-vermessene-mensch\/","title":{"rendered":"Verscho0ben auf September &#8211; Im Kino UCI &#8211; Der vermessene Mensch"},"content":{"rendered":"<p><strong>Verschoben auf September &#8211; Im Kino UCI<br \/>\n<\/strong><strong>Unsere gemeinsame Aktion ist verschoben worden &#8211; Der vermessene Mensch<br \/>\n<\/strong>Als erster Kinofilm handelt DER VERMESSENE MENSCH vom Genozid, den die \u201eDeutsche Schutztruppe\u201c zwischen 1904 und 1908 in der Kolonie \u201eDeutsch-S\u00fcdwestafrika\u201c begangen hat. Der Film (Lars Kraumes Drehbuch) erz\u00e4hlt von einem jungen Berliner Ethnologen, der zum Zeugen dieses V\u00f6lkermords an den Ovaherero und Nama wird. (<em>Genaue Uhrzeit auf UCI oder christusnews.de ebenso Vorgespr\u00e4ch mit Morgenstern<\/em>)<\/p>\n<p>Bildrechte: Der-vermesssene-Mensch-_www.studiocanal.de_.jpeg<\/p>\n","protected":false},"excerpt":{"rendered":"<p>Verschoben auf September &#8211; Im Kino UCI Unsere gemeinsame Aktion ist verschoben worden &#8211; Der vermessene Mensch Als erster Kinofilm handelt DER VERMESSENE MENSCH vom Genozid, den die \u201eDeutsche Schutztruppe\u201c zwischen 1904 und 1908 in der Kolonie \u201eDeutsch-S\u00fcdwestafrika\u201c begangen hat. Der Film (Lars Kraumes Drehbuch) erz\u00e4hlt von einem jungen Berliner Ethnologen, der zum Zeugen dieses V\u00f6lkermords an den Ovaherero und Nama wird. (Genaue Uhrzeit auf UCI oder christusnews.de ebenso Vorgespr\u00e4ch mit Morgenstern) Bildrechte: Der-vermesssene-Mensch-_www.studiocanal.de_.jpeg<\/p>\n","protected":false},"author":2,"featured_media":24452,"template":"","meta":{"_tribe_events_status":"","_tribe_events_status_reason":"","footnotes":""},"tags":[],"tribe_events_cat":[30,29],"class_list":["post-24450","tribe_events","type-tribe_events","status-publish","has-post-thumbnail","hentry","tribe_events_cat-citykirche","tribe_events_cat-veranstaltung","cat_citykirche","cat_veranstaltung"],"_links":{"self":[{"href":"https:\/\/christusnews.de\/site\/wp-json\/wp\/v2\/tribe_events\/24450","targetHints":{"allow":["GET"]}}],"collection":[{"href":"https:\/\/christusnews.de\/site\/wp-json\/wp\/v2\/tribe_events"}],"about":[{"href":"https:\/\/christusnews.de\/site\/wp-json\/wp\/v2\/types\/tribe_events"}],"author":[{"embeddable":true,"href":"https:\/\/christusnews.de\/site\/wp-json\/wp\/v2\/users\/2"}],"version-history":[{"count":3,"href":"https:\/\/christusnews.de\/site\/wp-json\/wp\/v2\/tribe_events\/24450\/revisions"}],"predecessor-version":[{"id":24781,"href":"https:\/\/christusnews.de\/site\/wp-json\/wp\/v2\/tribe_events\/24450\/revisions\/24781"}],"wp:featuredmedia":[{"embeddable":true,"href":"https:\/\/christusnews.de\/site\/wp-json\/wp\/v2\/media\/24452"}],"wp:attachment":[{"href":"https:\/\/christusnews.de\/site\/wp-json\/wp\/v2\/media?parent=24450"}],"wp:term":[{"taxonomy":"post_tag","embeddable":true,"href":"https:\/\/christusnews.de\/site\/wp-json\/wp\/v2\/tags?post=24450"},{"taxonomy":"tribe_events_cat","embeddable":true,"href":"https:\/\/christusnews.de\/site\/wp-json\/wp\/v2\/tribe_events_cat?post=24450"}],"curies":[{"name":"wp","href":"https:\/\/api.w.org\/{rel}","templated":true}]}}

<p><strong>Verschoben auf September &#8211; Im Kino UCI<br />
</strong><strong>Unsere gemeinsame Aktion ist verschoben worden &#8211; Der vermessene Mensch<br />
</strong>Als erster Kinofilm handelt DER VERMESSENE MENSCH vom Genozid, den die „Deutsche Schutztruppe“ zwischen 1904 und 1908 in der Kolonie „Deutsch-Südwestafrika“ begangen hat. Der Film (Lars Kraumes Drehbuch) erzählt von einem jungen Berliner Ethnologen, der zum Zeugen dieses Völkermords an den Ovaherero und Nama wird. (<em>Genaue Uhrzeit auf UCI oder christusnews.de ebenso Vorgespräch mit Morgenstern</em>)</p>
<p>Bildrechte: Der-vermesssene-Mensch-_www.studiocanal.de_.jpeg</p>

<p>Verschoben auf September &#8211; Im Kino UCI Unsere gemeinsame Aktion ist verschoben worden &#8211; Der vermessene Mensch Als erster Kinofilm handelt DER VERMESSENE MENSCH vom Genozid, den die „Deutsche Schutztruppe“ zwischen 1904 und 1908 in der Kolonie „Deutsch-Südwestafrika“ begangen hat. Der Film (Lars Kraumes Drehbuch) erzählt von einem jungen Berliner Ethnologen, der zum Zeugen dieses Völkermords an den Ovaherero und Nama wird. (Genaue Uhrzeit auf UCI oder christusnews.de ebenso Vorgespräch mit Morgenstern) Bildrechte: Der-vermesssene-Mensch-_www.studiocanal.de_.jpeg</p>
