{"id":24864,"date":"2023-08-19T11:55:14","date_gmt":"2023-08-19T09:55:14","guid":{"rendered":"https:\/\/christusnews.de\/site\/?post_type=tribe_events&#038;p=24864"},"modified":"2023-08-19T11:55:14","modified_gmt":"2023-08-19T09:55:14","slug":"mia-knop-jacobsen-hauke-renken-collegium-vocale-jever-the-choir-project","status":"publish","type":"tribe_events","link":"https:\/\/christusnews.de\/site\/event\/mia-knop-jacobsen-hauke-renken-collegium-vocale-jever-the-choir-project\/","title":{"rendered":"Mia Knop Jacobsen &#038; Hauke Renken \/ Collegium Vocale Jever   &#8211; The Choir Project"},"content":{"rendered":"<p><b>Freitag, 01.09.<\/b><\/p>\n<p><b>Mia Knop Jacobsen &amp; Hauke Renken \/ Collegium Vocale Jever<\/b><\/p>\n<p><b><i>The Choir Project<\/i><\/b><\/p>\n<p><b>19 Uhr, Christus- und Garnisonkirche<\/b><\/p>\n<p><span style=\"font-weight: 400;\">Mit einem besonderen musikalischen Leckerbissen startet das Festival in die dritte Saison: Das renommierte Berliner Duo Mia Knop Jacobsen (Gesang) &amp; Hauke Renken (Vibraphon) trifft auf den Chor Collegium Vocale Jever unter der Leitung von Simon Kasper. Gemeinsam verleihen sie\u00a0 ber<\/span><span style=\"font-weight: 400;\">\u00fc<\/span><span style=\"font-weight: 400;\">hmten Werken der Klassik von Beethoven, Brahms oder Rachmaninow eine eigene, ganz pers<\/span><span style=\"font-weight: 400;\">\u00f6<\/span><span style=\"font-weight: 400;\">nliche Note &#8211; und das mit viel Feingef<\/span><span style=\"font-weight: 400;\">\u00fc<\/span><span style=\"font-weight: 400;\">hl, Kreativit<\/span><span style=\"font-weight: 400;\">\u00e4<\/span><span style=\"font-weight: 400;\">t und untr<\/span><span style=\"font-weight: 400;\">\u00fc<\/span><span style=\"font-weight: 400;\">glichem musikalischen Instinkt. Alle Arrangements und fast alle Texte, die u. a. inspiriert sind von der Lyrik Rainer Maria Rilkes, entstammen der Musikwerkstatt des Berliner Duos. Oft geh<\/span><span style=\"font-weight: 400;\">\u00f6<\/span><span style=\"font-weight: 400;\">rte Melodien werden zu <\/span><span style=\"font-weight: 400;\">\u00fc<\/span><span style=\"font-weight: 400;\">berraschend neuen, ber<\/span><span style=\"font-weight: 400;\">\u00fc<\/span><span style=\"font-weight: 400;\">hrenden, mehrstimmigen Liedern!<\/span><\/p>\n","protected":false},"excerpt":{"rendered":"<p>Freitag, 01.09. Mia Knop Jacobsen &amp; Hauke Renken \/ Collegium Vocale Jever The Choir Project 19 Uhr, Christus- und Garnisonkirche Mit einem besonderen musikalischen Leckerbissen startet das Festival in die dritte Saison: Das renommierte Berliner Duo Mia Knop Jacobsen (Gesang) &amp; Hauke Renken (Vibraphon) trifft auf den Chor Collegium Vocale Jever unter der Leitung von Simon Kasper. Gemeinsam verleihen sie\u00a0 ber\u00fchmten Werken der Klassik von Beethoven, Brahms oder Rachmaninow eine eigene, ganz pers\u00f6nliche Note &#8211; und das mit viel Feingef\u00fchl, Kreativit\u00e4t und untr\u00fcglichem musikalischen Instinkt. Alle Arrangements und fast alle Texte, die u. a. inspiriert sind von der Lyrik Rainer&#8230;<\/p>\n","protected":false},"author":2,"featured_media":24874,"template":"","meta":{"_tribe_events_status":"","_tribe_events_status_reason":"","footnotes":""},"tags":[],"tribe_events_cat":[30,41,77],"class_list":["post-24864","tribe_events","type-tribe_events","status-publish","has-post-thumbnail","hentry","tribe_events_cat-citykirche","tribe_events_cat-konzert","tribe_events_cat-vibe-festival","cat_citykirche","cat_konzert","cat_vibe-festival"],"_links":{"self":[{"href":"https:\/\/christusnews.de\/site\/wp-json\/wp\/v2\/tribe_events\/24864","targetHints":{"allow":["GET"]}}],"collection":[{"href":"https:\/\/christusnews.de\/site\/wp-json\/wp\/v2\/tribe_events"}],"about":[{"href":"https:\/\/christusnews.de\/site\/wp-json\/wp\/v2\/types\/tribe_events"}],"author":[{"embeddable":true,"href":"https:\/\/christusnews.de\/site\/wp-json\/wp\/v2\/users\/2"}],"version-history":[{"count":1,"href":"https:\/\/christusnews.de\/site\/wp-json\/wp\/v2\/tribe_events\/24864\/revisions"}],"predecessor-version":[{"id":24876,"href":"https:\/\/christusnews.de\/site\/wp-json\/wp\/v2\/tribe_events\/24864\/revisions\/24876"}],"wp:featuredmedia":[{"embeddable":true,"href":"https:\/\/christusnews.de\/site\/wp-json\/wp\/v2\/media\/24874"}],"wp:attachment":[{"href":"https:\/\/christusnews.de\/site\/wp-json\/wp\/v2\/media?parent=24864"}],"wp:term":[{"taxonomy":"post_tag","embeddable":true,"href":"https:\/\/christusnews.de\/site\/wp-json\/wp\/v2\/tags?post=24864"},{"taxonomy":"tribe_events_cat","embeddable":true,"href":"https:\/\/christusnews.de\/site\/wp-json\/wp\/v2\/tribe_events_cat?post=24864"}],"curies":[{"name":"wp","href":"https:\/\/api.w.org\/{rel}","templated":true}]}}

<p><b>Freitag, 01.09.</b></p>
<p><b>Mia Knop Jacobsen &amp; Hauke Renken / Collegium Vocale Jever</b></p>
<p><b><i>The Choir Project</i></b></p>
<p><b>19 Uhr, Christus- und Garnisonkirche</b></p>
<p><span style="font-weight: 400;">Mit einem besonderen musikalischen Leckerbissen startet das Festival in die dritte Saison: Das renommierte Berliner Duo Mia Knop Jacobsen (Gesang) &amp; Hauke Renken (Vibraphon) trifft auf den Chor Collegium Vocale Jever unter der Leitung von Simon Kasper. Gemeinsam verleihen sie  ber</span><span style="font-weight: 400;">ü</span><span style="font-weight: 400;">hmten Werken der Klassik von Beethoven, Brahms oder Rachmaninow eine eigene, ganz pers</span><span style="font-weight: 400;">ö</span><span style="font-weight: 400;">nliche Note &#8211; und das mit viel Feingef</span><span style="font-weight: 400;">ü</span><span style="font-weight: 400;">hl, Kreativit</span><span style="font-weight: 400;">ä</span><span style="font-weight: 400;">t und untr</span><span style="font-weight: 400;">ü</span><span style="font-weight: 400;">glichem musikalischen Instinkt. Alle Arrangements und fast alle Texte, die u. a. inspiriert sind von der Lyrik Rainer Maria Rilkes, entstammen der Musikwerkstatt des Berliner Duos. Oft geh</span><span style="font-weight: 400;">ö</span><span style="font-weight: 400;">rte Melodien werden zu </span><span style="font-weight: 400;">ü</span><span style="font-weight: 400;">berraschend neuen, ber</span><span style="font-weight: 400;">ü</span><span style="font-weight: 400;">hrenden, mehrstimmigen Liedern!</span></p>

<p>Freitag, 01.09. Mia Knop Jacobsen &amp; Hauke Renken / Collegium Vocale Jever The Choir Project 19 Uhr, Christus- und Garnisonkirche Mit einem besonderen musikalischen Leckerbissen startet das Festival in die dritte Saison: Das renommierte Berliner Duo Mia Knop Jacobsen (Gesang) &amp; Hauke Renken (Vibraphon) trifft auf den Chor Collegium Vocale Jever unter der Leitung von Simon Kasper. Gemeinsam verleihen sie  berühmten Werken der Klassik von Beethoven, Brahms oder Rachmaninow eine eigene, ganz persönliche Note &#8211; und das mit viel Feingefühl, Kreativität und untrüglichem musikalischen Instinkt. Alle Arrangements und fast alle Texte, die u. a. inspiriert sind von der Lyrik Rainer&#8230;</p>
