{"id":24877,"date":"2023-08-19T11:57:37","date_gmt":"2023-08-19T09:57:37","guid":{"rendered":"https:\/\/christusnews.de\/site\/?post_type=tribe_events&#038;p=24877"},"modified":"2023-08-19T11:57:37","modified_gmt":"2023-08-19T09:57:37","slug":"johanna-bastian-hauke-renken-was-hoerst-du","status":"publish","type":"tribe_events","link":"https:\/\/christusnews.de\/site\/event\/johanna-bastian-hauke-renken-was-hoerst-du\/","title":{"rendered":"Johanna Bastian &#038; Hauke Renken  &#8211; Was h\u00f6rst du?"},"content":{"rendered":"<p><b>Johanna Bastian &amp; Hauke Renken<\/b><\/p>\n<p><b><i>Was h\u00f6rst du?<\/i><\/b><\/p>\n<p><b>\u00a021 Uhr, Gemeindehaus der Christus- und Garnisonkirche<br \/>\n<\/b><span style=\"font-weight: 400;\">Das neue Format <\/span><span style=\"font-weight: 400;\">\u201e<\/span><span style=\"font-weight: 400;\">Was h<\/span><span style=\"font-weight: 400;\">\u00f6<\/span><span style=\"font-weight: 400;\">rst du? <\/span><span style=\"font-weight: 400;\">\u201c <\/span><span style=\"font-weight: 400;\">mit dem Jazzvibraphonisten Hauke Renken und der klassichen Geigerin Johanna Bastian empfiehlt Musik, die beide K<\/span><span style=\"font-weight: 400;\">\u00fc<\/span><span style=\"font-weight: 400;\">nstler besonders bewegt. Dazu musizieren sie oder legen auf und mehr noch: Sie tauschen sich aus, erz<\/span><span style=\"font-weight: 400;\">\u00e4<\/span><span style=\"font-weight: 400;\">hlen und diskutieren &#8211; <\/span><span style=\"font-weight: 400;\">\u00fc<\/span><span style=\"font-weight: 400;\">ber eindrucksvolle Konzerterfahrungen und das Musikerdasein, <\/span><span style=\"font-weight: 400;\">\u00fc<\/span><span style=\"font-weight: 400;\">ber H<\/span><span style=\"font-weight: 400;\">\u00f6<\/span><span style=\"font-weight: 400;\">rgewohnheiten, Krisen und Lieblingsplatten. Ganz nach den klugen Worten des unvergessenen Roger Willemsen: <\/span><span style=\"font-weight: 400;\">\u201e<\/span><span style=\"font-weight: 400;\">Musik ernst nehmen hei<\/span><span style=\"font-weight: 400;\">\u00df<\/span><span style=\"font-weight: 400;\">t sie pers<\/span><span style=\"font-weight: 400;\">\u00f6<\/span><span style=\"font-weight: 400;\">nlich nehmen<\/span><span style=\"font-weight: 400;\">\u201c<\/span><span style=\"font-weight: 400;\">. Der Abend m<\/span><span style=\"font-weight: 400;\">\u00f6<\/span><span style=\"font-weight: 400;\">chte Interesse wecken an ganz unterschiedlichen Musikstilen und dazu anregen, <\/span><span style=\"font-weight: 400;\">\u00fc<\/span><span style=\"font-weight: 400;\">ber Musik <\/span><span style=\"font-weight: 400;\">\u2013 <\/span><span style=\"font-weight: 400;\">und nicht nur dar<\/span><span style=\"font-weight: 400;\">\u00fc<\/span><span style=\"font-weight: 400;\">ber <\/span><span style=\"font-weight: 400;\">\u2013 <\/span><span style=\"font-weight: 400;\">wieder ins Gespr<\/span><span style=\"font-weight: 400;\">\u00e4<\/span><span style=\"font-weight: 400;\">ch zu kommen&#8230;.Und was h<\/span><span style=\"font-weight: 400;\">\u00f6<\/span><span style=\"font-weight: 400;\">rst du?<\/span><\/p>\n","protected":false},"excerpt":{"rendered":"<p>Johanna Bastian &amp; Hauke Renken Was h\u00f6rst du? \u00a021 Uhr, Gemeindehaus der Christus- und Garnisonkirche Das neue Format \u201eWas h\u00f6rst du? \u201c mit dem Jazzvibraphonisten Hauke Renken und der klassichen Geigerin Johanna Bastian empfiehlt Musik, die beide K\u00fcnstler besonders bewegt. Dazu musizieren sie oder legen auf und mehr noch: Sie tauschen sich aus, erz\u00e4hlen und diskutieren &#8211; \u00fcber eindrucksvolle Konzerterfahrungen und das Musikerdasein, \u00fcber H\u00f6rgewohnheiten, Krisen und Lieblingsplatten. Ganz nach den klugen Worten des unvergessenen Roger Willemsen: \u201eMusik ernst nehmen hei\u00dft sie pers\u00f6nlich nehmen\u201c. Der Abend m\u00f6chte Interesse wecken an ganz unterschiedlichen Musikstilen und dazu anregen, \u00fcber Musik \u2013 und&#8230;<\/p>\n","protected":false},"author":2,"featured_media":24872,"template":"","meta":{"_tribe_events_status":"","_tribe_events_status_reason":"","footnotes":""},"tags":[],"tribe_events_cat":[30,41,29,77],"class_list":["post-24877","tribe_events","type-tribe_events","status-publish","has-post-thumbnail","hentry","tribe_events_cat-citykirche","tribe_events_cat-konzert","tribe_events_cat-veranstaltung","tribe_events_cat-vibe-festival","cat_citykirche","cat_konzert","cat_veranstaltung","cat_vibe-festival"],"_links":{"self":[{"href":"https:\/\/christusnews.de\/site\/wp-json\/wp\/v2\/tribe_events\/24877","targetHints":{"allow":["GET"]}}],"collection":[{"href":"https:\/\/christusnews.de\/site\/wp-json\/wp\/v2\/tribe_events"}],"about":[{"href":"https:\/\/christusnews.de\/site\/wp-json\/wp\/v2\/types\/tribe_events"}],"author":[{"embeddable":true,"href":"https:\/\/christusnews.de\/site\/wp-json\/wp\/v2\/users\/2"}],"version-history":[{"count":1,"href":"https:\/\/christusnews.de\/site\/wp-json\/wp\/v2\/tribe_events\/24877\/revisions"}],"predecessor-version":[{"id":24878,"href":"https:\/\/christusnews.de\/site\/wp-json\/wp\/v2\/tribe_events\/24877\/revisions\/24878"}],"wp:featuredmedia":[{"embeddable":true,"href":"https:\/\/christusnews.de\/site\/wp-json\/wp\/v2\/media\/24872"}],"wp:attachment":[{"href":"https:\/\/christusnews.de\/site\/wp-json\/wp\/v2\/media?parent=24877"}],"wp:term":[{"taxonomy":"post_tag","embeddable":true,"href":"https:\/\/christusnews.de\/site\/wp-json\/wp\/v2\/tags?post=24877"},{"taxonomy":"tribe_events_cat","embeddable":true,"href":"https:\/\/christusnews.de\/site\/wp-json\/wp\/v2\/tribe_events_cat?post=24877"}],"curies":[{"name":"wp","href":"https:\/\/api.w.org\/{rel}","templated":true}]}}

Johanna Bastian &#038; Hauke Renken  &#8211; Was hörst du?

<p><b>Johanna Bastian &amp; Hauke Renken</b></p>
<p><b><i>Was hörst du?</i></b></p>
<p><b> 21 Uhr, Gemeindehaus der Christus- und Garnisonkirche<br />
</b><span style="font-weight: 400;">Das neue Format </span><span style="font-weight: 400;">„</span><span style="font-weight: 400;">Was h</span><span style="font-weight: 400;">ö</span><span style="font-weight: 400;">rst du? </span><span style="font-weight: 400;">“ </span><span style="font-weight: 400;">mit dem Jazzvibraphonisten Hauke Renken und der klassichen Geigerin Johanna Bastian empfiehlt Musik, die beide K</span><span style="font-weight: 400;">ü</span><span style="font-weight: 400;">nstler besonders bewegt. Dazu musizieren sie oder legen auf und mehr noch: Sie tauschen sich aus, erz</span><span style="font-weight: 400;">ä</span><span style="font-weight: 400;">hlen und diskutieren &#8211; </span><span style="font-weight: 400;">ü</span><span style="font-weight: 400;">ber eindrucksvolle Konzerterfahrungen und das Musikerdasein, </span><span style="font-weight: 400;">ü</span><span style="font-weight: 400;">ber H</span><span style="font-weight: 400;">ö</span><span style="font-weight: 400;">rgewohnheiten, Krisen und Lieblingsplatten. Ganz nach den klugen Worten des unvergessenen Roger Willemsen: </span><span style="font-weight: 400;">„</span><span style="font-weight: 400;">Musik ernst nehmen hei</span><span style="font-weight: 400;">ß</span><span style="font-weight: 400;">t sie pers</span><span style="font-weight: 400;">ö</span><span style="font-weight: 400;">nlich nehmen</span><span style="font-weight: 400;">“</span><span style="font-weight: 400;">. Der Abend m</span><span style="font-weight: 400;">ö</span><span style="font-weight: 400;">chte Interesse wecken an ganz unterschiedlichen Musikstilen und dazu anregen, </span><span style="font-weight: 400;">ü</span><span style="font-weight: 400;">ber Musik </span><span style="font-weight: 400;">– </span><span style="font-weight: 400;">und nicht nur dar</span><span style="font-weight: 400;">ü</span><span style="font-weight: 400;">ber </span><span style="font-weight: 400;">– </span><span style="font-weight: 400;">wieder ins Gespr</span><span style="font-weight: 400;">ä</span><span style="font-weight: 400;">ch zu kommen&#8230;.Und was h</span><span style="font-weight: 400;">ö</span><span style="font-weight: 400;">rst du?</span></p>

<p>Johanna Bastian &amp; Hauke Renken Was hörst du?  21 Uhr, Gemeindehaus der Christus- und Garnisonkirche Das neue Format „Was hörst du? “ mit dem Jazzvibraphonisten Hauke Renken und der klassichen Geigerin Johanna Bastian empfiehlt Musik, die beide Künstler besonders bewegt. Dazu musizieren sie oder legen auf und mehr noch: Sie tauschen sich aus, erzählen und diskutieren &#8211; über eindrucksvolle Konzerterfahrungen und das Musikerdasein, über Hörgewohnheiten, Krisen und Lieblingsplatten. Ganz nach den klugen Worten des unvergessenen Roger Willemsen: „Musik ernst nehmen heißt sie persönlich nehmen“. Der Abend möchte Interesse wecken an ganz unterschiedlichen Musikstilen und dazu anregen, über Musik – und&#8230;</p>
