{"id":24879,"date":"2023-08-19T12:00:19","date_gmt":"2023-08-19T10:00:19","guid":{"rendered":"https:\/\/christusnews.de\/site\/?post_type=tribe_events&#038;p=24879"},"modified":"2023-08-19T12:00:19","modified_gmt":"2023-08-19T10:00:19","slug":"duo-incanto-verweile-doch","status":"publish","type":"tribe_events","link":"https:\/\/christusnews.de\/site\/event\/duo-incanto-verweile-doch\/","title":{"rendered":"Duo InCanto &#8211; Verweile doch\u2026"},"content":{"rendered":"<p><b>Duo InCanto<br \/>\n<\/b><b><i>Verweile doch\u2026<br \/>\n<\/i><\/b><b>15 Uhr, Grundschule Rheinstra\u00dfe<br \/>\n<\/b><span style=\"font-weight: 400;\">\u201e<\/span><span style=\"font-weight: 400;\">Verweile doch, du bist so sch<\/span><span style=\"font-weight: 400;\">\u00f6<\/span><span style=\"font-weight: 400;\">n<\/span><span style=\"font-weight: 400;\">\u201c <\/span><span style=\"font-weight: 400;\">verhei<\/span><span style=\"font-weight: 400;\">\u00df<\/span><span style=\"font-weight: 400;\">t eine musikalische Reflexion <\/span><span style=\"font-weight: 400;\">\u00fc<\/span><span style=\"font-weight: 400;\">ber pers<\/span><span style=\"font-weight: 400;\">\u00f6<\/span><span style=\"font-weight: 400;\">nlich erlebte Augenblicke. Dabei wird all das zum Gegenstand, was Johanna Bastian (Violine &amp; Moderation) und Emilia Lomakova (Violoncello &amp; Gesang) aktuell besch<\/span><span style=\"font-weight: 400;\">\u00e4<\/span><span style=\"font-weight: 400;\">ftigt: allt<\/span><span style=\"font-weight: 400;\">\u00e4<\/span><span style=\"font-weight: 400;\">gliche Beobachtungen, politisches Nachdenken, Leidenschaften, Skurilit<\/span><span style=\"font-weight: 400;\">\u00e4<\/span><span style=\"font-weight: 400;\">ten und Sehns<\/span><span style=\"font-weight: 400;\">\u00fc<\/span><span style=\"font-weight: 400;\">chte. So entsteht ein musikalisches Journal, das Zeitgeschehnisse aufbl<\/span><span style=\"font-weight: 400;\">\u00e4<\/span><span style=\"font-weight: 400;\">ttert und zugleich eine sehr pers<\/span><span style=\"font-weight: 400;\">\u00f6<\/span><span style=\"font-weight: 400;\">nliche Handschrift tr<\/span><span style=\"font-weight: 400;\">\u00e4<\/span><span style=\"font-weight: 400;\">gt. Offenheit und Interaktion sind hierbei erw<\/span><span style=\"font-weight: 400;\">\u00fc<\/span><span style=\"font-weight: 400;\">nscht: Bewusst suchen die Musikerinnen aus Berlin und Odessa den Austausch mit dem Publikum, bewusst begeben sich hierzu an einen Ort nahe einer Unterkunft f<\/span><span style=\"font-weight: 400;\">\u00fc<\/span><span style=\"font-weight: 400;\">r Menschen aus der Ukraine.<\/span><\/p>\n","protected":false},"excerpt":{"rendered":"<p>Duo InCanto Verweile doch\u2026 15 Uhr, Grundschule Rheinstra\u00dfe \u201eVerweile doch, du bist so sch\u00f6n\u201c verhei\u00dft eine musikalische Reflexion \u00fcber pers\u00f6nlich erlebte Augenblicke. Dabei wird all das zum Gegenstand, was Johanna Bastian (Violine &amp; Moderation) und Emilia Lomakova (Violoncello &amp; Gesang) aktuell besch\u00e4ftigt: allt\u00e4gliche Beobachtungen, politisches Nachdenken, Leidenschaften, Skurilit\u00e4ten und Sehns\u00fcchte. So entsteht ein musikalisches Journal, das Zeitgeschehnisse aufbl\u00e4ttert und zugleich eine sehr pers\u00f6nliche Handschrift tr\u00e4gt. Offenheit und Interaktion sind hierbei erw\u00fcnscht: Bewusst suchen die Musikerinnen aus Berlin und Odessa den Austausch mit dem Publikum, bewusst begeben sich hierzu an einen Ort nahe einer Unterkunft f\u00fcr Menschen aus der Ukraine.<\/p>\n","protected":false},"author":2,"featured_media":24871,"template":"","meta":{"_tribe_events_status":"","_tribe_events_status_reason":"","footnotes":""},"tags":[],"tribe_events_cat":[30,41,77],"class_list":["post-24879","tribe_events","type-tribe_events","status-publish","has-post-thumbnail","hentry","tribe_events_cat-citykirche","tribe_events_cat-konzert","tribe_events_cat-vibe-festival","cat_citykirche","cat_konzert","cat_vibe-festival"],"_links":{"self":[{"href":"https:\/\/christusnews.de\/site\/wp-json\/wp\/v2\/tribe_events\/24879","targetHints":{"allow":["GET"]}}],"collection":[{"href":"https:\/\/christusnews.de\/site\/wp-json\/wp\/v2\/tribe_events"}],"about":[{"href":"https:\/\/christusnews.de\/site\/wp-json\/wp\/v2\/types\/tribe_events"}],"author":[{"embeddable":true,"href":"https:\/\/christusnews.de\/site\/wp-json\/wp\/v2\/users\/2"}],"version-history":[{"count":1,"href":"https:\/\/christusnews.de\/site\/wp-json\/wp\/v2\/tribe_events\/24879\/revisions"}],"predecessor-version":[{"id":24880,"href":"https:\/\/christusnews.de\/site\/wp-json\/wp\/v2\/tribe_events\/24879\/revisions\/24880"}],"wp:featuredmedia":[{"embeddable":true,"href":"https:\/\/christusnews.de\/site\/wp-json\/wp\/v2\/media\/24871"}],"wp:attachment":[{"href":"https:\/\/christusnews.de\/site\/wp-json\/wp\/v2\/media?parent=24879"}],"wp:term":[{"taxonomy":"post_tag","embeddable":true,"href":"https:\/\/christusnews.de\/site\/wp-json\/wp\/v2\/tags?post=24879"},{"taxonomy":"tribe_events_cat","embeddable":true,"href":"https:\/\/christusnews.de\/site\/wp-json\/wp\/v2\/tribe_events_cat?post=24879"}],"curies":[{"name":"wp","href":"https:\/\/api.w.org\/{rel}","templated":true}]}}

<p><b>Duo InCanto<br />
</b><b><i>Verweile doch…<br />
</i></b><b>15 Uhr, Grundschule Rheinstraße<br />
</b><span style="font-weight: 400;">„</span><span style="font-weight: 400;">Verweile doch, du bist so sch</span><span style="font-weight: 400;">ö</span><span style="font-weight: 400;">n</span><span style="font-weight: 400;">“ </span><span style="font-weight: 400;">verhei</span><span style="font-weight: 400;">ß</span><span style="font-weight: 400;">t eine musikalische Reflexion </span><span style="font-weight: 400;">ü</span><span style="font-weight: 400;">ber pers</span><span style="font-weight: 400;">ö</span><span style="font-weight: 400;">nlich erlebte Augenblicke. Dabei wird all das zum Gegenstand, was Johanna Bastian (Violine &amp; Moderation) und Emilia Lomakova (Violoncello &amp; Gesang) aktuell besch</span><span style="font-weight: 400;">ä</span><span style="font-weight: 400;">ftigt: allt</span><span style="font-weight: 400;">ä</span><span style="font-weight: 400;">gliche Beobachtungen, politisches Nachdenken, Leidenschaften, Skurilit</span><span style="font-weight: 400;">ä</span><span style="font-weight: 400;">ten und Sehns</span><span style="font-weight: 400;">ü</span><span style="font-weight: 400;">chte. So entsteht ein musikalisches Journal, das Zeitgeschehnisse aufbl</span><span style="font-weight: 400;">ä</span><span style="font-weight: 400;">ttert und zugleich eine sehr pers</span><span style="font-weight: 400;">ö</span><span style="font-weight: 400;">nliche Handschrift tr</span><span style="font-weight: 400;">ä</span><span style="font-weight: 400;">gt. Offenheit und Interaktion sind hierbei erw</span><span style="font-weight: 400;">ü</span><span style="font-weight: 400;">nscht: Bewusst suchen die Musikerinnen aus Berlin und Odessa den Austausch mit dem Publikum, bewusst begeben sich hierzu an einen Ort nahe einer Unterkunft f</span><span style="font-weight: 400;">ü</span><span style="font-weight: 400;">r Menschen aus der Ukraine.</span></p>

<p>Duo InCanto Verweile doch… 15 Uhr, Grundschule Rheinstraße „Verweile doch, du bist so schön“ verheißt eine musikalische Reflexion über persönlich erlebte Augenblicke. Dabei wird all das zum Gegenstand, was Johanna Bastian (Violine &amp; Moderation) und Emilia Lomakova (Violoncello &amp; Gesang) aktuell beschäftigt: alltägliche Beobachtungen, politisches Nachdenken, Leidenschaften, Skurilitäten und Sehnsüchte. So entsteht ein musikalisches Journal, das Zeitgeschehnisse aufblättert und zugleich eine sehr persönliche Handschrift trägt. Offenheit und Interaktion sind hierbei erwünscht: Bewusst suchen die Musikerinnen aus Berlin und Odessa den Austausch mit dem Publikum, bewusst begeben sich hierzu an einen Ort nahe einer Unterkunft für Menschen aus der Ukraine.</p>
