{"id":24885,"date":"2023-08-19T12:06:38","date_gmt":"2023-08-19T10:06:38","guid":{"rendered":"https:\/\/christusnews.de\/site\/?post_type=tribe_events&#038;p=24885"},"modified":"2023-08-19T12:06:46","modified_gmt":"2023-08-19T10:06:46","slug":"laura-saleh-anne-stabler-jazz-trio-happy-birthday-sesamstrasse","status":"publish","type":"tribe_events","link":"https:\/\/christusnews.de\/site\/event\/laura-saleh-anne-stabler-jazz-trio-happy-birthday-sesamstrasse\/","title":{"rendered":"Laura Saleh &#038; Anne Stabler \/ Jazz Trio\u00a0  &#8211; Happy birthday Sesamstra\u00dfe!"},"content":{"rendered":"<p><b>Laura Saleh &amp; Anne Stabler \/ Jazz Trio<br \/>\n<\/b><b><i>Happy birthday Sesamstra\u00dfe!<br \/>\n<\/i><\/b><b>15 Uhr, TheOs<br \/>\n<\/b><span style=\"font-weight: 400;\">Die <\/span><span style=\"font-weight: 400;\">\u201e<\/span><span style=\"font-weight: 400;\">Sesamstra<\/span><span style=\"font-weight: 400;\">\u00df<\/span><span style=\"font-weight: 400;\">e<\/span><span style=\"font-weight: 400;\">\u201c <\/span><span style=\"font-weight: 400;\">feiert ihren 50. Geburtstag im deutschen Fernsehen und wir feiern mit! Schlie<\/span><span style=\"font-weight: 400;\">\u00df<\/span><span style=\"font-weight: 400;\">lich steht die traditionsreiche Serie nicht nur f<\/span><span style=\"font-weight: 400;\">\u00fc<\/span><span style=\"font-weight: 400;\">r lehrreiches Kinderprogramm, sondern auch f<\/span><span style=\"font-weight: 400;\">\u00fc<\/span><span style=\"font-weight: 400;\">r Musik voller Witz und Verstand. Die Lieder der Sesamstra<\/span><span style=\"font-weight: 400;\">\u00df<\/span><span style=\"font-weight: 400;\">e sind den Musikern Hauke Renken und Leon Saleh aus eigenen Kindertagen wohlvertraut und die Idee lag nah, sie f<\/span><span style=\"font-weight: 400;\">\u00fc<\/span><span style=\"font-weight: 400;\">r die Kids von heute neu zu arrangieren und damit etwas weiterzugeben von dem, was sie selbst ma<\/span><span style=\"font-weight: 400;\">\u00df<\/span><span style=\"font-weight: 400;\">geblich pr<\/span><span style=\"font-weight: 400;\">\u00e4<\/span><span style=\"font-weight: 400;\">gte. In dem 30- bis 45-min<\/span><span style=\"font-weight: 400;\">\u00fc<\/span><span style=\"font-weight: 400;\">tigen Konzert werden Klassiker wie <\/span><span style=\"font-weight: 400;\">\u201e<\/span><span style=\"font-weight: 400;\">Der, die, das<\/span><span style=\"font-weight: 400;\">\u201c<\/span><span style=\"font-weight: 400;\">, <\/span><span style=\"font-weight: 400;\">\u201e<\/span><span style=\"font-weight: 400;\">Mahna, Mahna<\/span><span style=\"font-weight: 400;\">\u201c <\/span><span style=\"font-weight: 400;\">oder <\/span><span style=\"font-weight: 400;\">\u201e<\/span><span style=\"font-weight: 400;\">Ernies Quietscheentchenlied<\/span><span style=\"font-weight: 400;\">\u201c <\/span><span style=\"font-weight: 400;\">von zwei S<\/span><span style=\"font-weight: 400;\">\u00e4<\/span><span style=\"font-weight: 400;\">ngerinnen und einem Jazz Trio, bestehend aus Tilman Oberbeck (Bass), Hauke Renken (Vibraphon) und Leon Saleh (Schlagzeug), auf die B<\/span><span style=\"font-weight: 400;\">\u00fc<\/span><span style=\"font-weight: 400;\">hne gebracht. Ein toller Spa<\/span><span style=\"font-weight: 400;\">\u00df <\/span><span style=\"font-weight: 400;\">f<\/span><span style=\"font-weight: 400;\">\u00fc<\/span><span style=\"font-weight: 400;\">r Klein und Gro<\/span><span style=\"font-weight: 400;\">\u00df<\/span><span style=\"font-weight: 400;\">, auch zum Mitsingen und Tanzen!<\/span><\/p>\n","protected":false},"excerpt":{"rendered":"<p>Laura Saleh &amp; Anne Stabler \/ Jazz Trio Happy birthday Sesamstra\u00dfe! 15 Uhr, TheOs Die \u201eSesamstra\u00dfe\u201c feiert ihren 50. Geburtstag im deutschen Fernsehen und wir feiern mit! Schlie\u00dflich steht die traditionsreiche Serie nicht nur f\u00fcr lehrreiches Kinderprogramm, sondern auch f\u00fcr Musik voller Witz und Verstand. Die Lieder der Sesamstra\u00dfe sind den Musikern Hauke Renken und Leon Saleh aus eigenen Kindertagen wohlvertraut und die Idee lag nah, sie f\u00fcr die Kids von heute neu zu arrangieren und damit etwas weiterzugeben von dem, was sie selbst ma\u00dfgeblich pr\u00e4gte. In dem 30- bis 45-min\u00fctigen Konzert werden Klassiker wie \u201eDer, die, das\u201c, \u201eMahna, Mahna\u201c&#8230;<\/p>\n","protected":false},"author":2,"featured_media":24869,"template":"","meta":{"_tribe_events_status":"","_tribe_events_status_reason":"","footnotes":""},"tags":[],"tribe_events_cat":[30,41,77],"class_list":["post-24885","tribe_events","type-tribe_events","status-publish","has-post-thumbnail","hentry","tribe_events_cat-citykirche","tribe_events_cat-konzert","tribe_events_cat-vibe-festival","cat_citykirche","cat_konzert","cat_vibe-festival"],"_links":{"self":[{"href":"https:\/\/christusnews.de\/site\/wp-json\/wp\/v2\/tribe_events\/24885","targetHints":{"allow":["GET"]}}],"collection":[{"href":"https:\/\/christusnews.de\/site\/wp-json\/wp\/v2\/tribe_events"}],"about":[{"href":"https:\/\/christusnews.de\/site\/wp-json\/wp\/v2\/types\/tribe_events"}],"author":[{"embeddable":true,"href":"https:\/\/christusnews.de\/site\/wp-json\/wp\/v2\/users\/2"}],"version-history":[{"count":1,"href":"https:\/\/christusnews.de\/site\/wp-json\/wp\/v2\/tribe_events\/24885\/revisions"}],"predecessor-version":[{"id":24886,"href":"https:\/\/christusnews.de\/site\/wp-json\/wp\/v2\/tribe_events\/24885\/revisions\/24886"}],"wp:featuredmedia":[{"embeddable":true,"href":"https:\/\/christusnews.de\/site\/wp-json\/wp\/v2\/media\/24869"}],"wp:attachment":[{"href":"https:\/\/christusnews.de\/site\/wp-json\/wp\/v2\/media?parent=24885"}],"wp:term":[{"taxonomy":"post_tag","embeddable":true,"href":"https:\/\/christusnews.de\/site\/wp-json\/wp\/v2\/tags?post=24885"},{"taxonomy":"tribe_events_cat","embeddable":true,"href":"https:\/\/christusnews.de\/site\/wp-json\/wp\/v2\/tribe_events_cat?post=24885"}],"curies":[{"name":"wp","href":"https:\/\/api.w.org\/{rel}","templated":true}]}}

Laura Saleh &#038; Anne Stabler / Jazz Trio   &#8211; Happy birthday Sesamstraße!

<p><b>Laura Saleh &amp; Anne Stabler / Jazz Trio<br />
</b><b><i>Happy birthday Sesamstraße!<br />
</i></b><b>15 Uhr, TheOs<br />
</b><span style="font-weight: 400;">Die </span><span style="font-weight: 400;">„</span><span style="font-weight: 400;">Sesamstra</span><span style="font-weight: 400;">ß</span><span style="font-weight: 400;">e</span><span style="font-weight: 400;">“ </span><span style="font-weight: 400;">feiert ihren 50. Geburtstag im deutschen Fernsehen und wir feiern mit! Schlie</span><span style="font-weight: 400;">ß</span><span style="font-weight: 400;">lich steht die traditionsreiche Serie nicht nur f</span><span style="font-weight: 400;">ü</span><span style="font-weight: 400;">r lehrreiches Kinderprogramm, sondern auch f</span><span style="font-weight: 400;">ü</span><span style="font-weight: 400;">r Musik voller Witz und Verstand. Die Lieder der Sesamstra</span><span style="font-weight: 400;">ß</span><span style="font-weight: 400;">e sind den Musikern Hauke Renken und Leon Saleh aus eigenen Kindertagen wohlvertraut und die Idee lag nah, sie f</span><span style="font-weight: 400;">ü</span><span style="font-weight: 400;">r die Kids von heute neu zu arrangieren und damit etwas weiterzugeben von dem, was sie selbst ma</span><span style="font-weight: 400;">ß</span><span style="font-weight: 400;">geblich pr</span><span style="font-weight: 400;">ä</span><span style="font-weight: 400;">gte. In dem 30- bis 45-min</span><span style="font-weight: 400;">ü</span><span style="font-weight: 400;">tigen Konzert werden Klassiker wie </span><span style="font-weight: 400;">„</span><span style="font-weight: 400;">Der, die, das</span><span style="font-weight: 400;">“</span><span style="font-weight: 400;">, </span><span style="font-weight: 400;">„</span><span style="font-weight: 400;">Mahna, Mahna</span><span style="font-weight: 400;">“ </span><span style="font-weight: 400;">oder </span><span style="font-weight: 400;">„</span><span style="font-weight: 400;">Ernies Quietscheentchenlied</span><span style="font-weight: 400;">“ </span><span style="font-weight: 400;">von zwei S</span><span style="font-weight: 400;">ä</span><span style="font-weight: 400;">ngerinnen und einem Jazz Trio, bestehend aus Tilman Oberbeck (Bass), Hauke Renken (Vibraphon) und Leon Saleh (Schlagzeug), auf die B</span><span style="font-weight: 400;">ü</span><span style="font-weight: 400;">hne gebracht. Ein toller Spa</span><span style="font-weight: 400;">ß </span><span style="font-weight: 400;">f</span><span style="font-weight: 400;">ü</span><span style="font-weight: 400;">r Klein und Gro</span><span style="font-weight: 400;">ß</span><span style="font-weight: 400;">, auch zum Mitsingen und Tanzen!</span></p>

<p>Laura Saleh &amp; Anne Stabler / Jazz Trio Happy birthday Sesamstraße! 15 Uhr, TheOs Die „Sesamstraße“ feiert ihren 50. Geburtstag im deutschen Fernsehen und wir feiern mit! Schließlich steht die traditionsreiche Serie nicht nur für lehrreiches Kinderprogramm, sondern auch für Musik voller Witz und Verstand. Die Lieder der Sesamstraße sind den Musikern Hauke Renken und Leon Saleh aus eigenen Kindertagen wohlvertraut und die Idee lag nah, sie für die Kids von heute neu zu arrangieren und damit etwas weiterzugeben von dem, was sie selbst maßgeblich prägte. In dem 30- bis 45-minütigen Konzert werden Klassiker wie „Der, die, das“, „Mahna, Mahna“&#8230;</p>
