{"id":24887,"date":"2023-08-19T12:08:23","date_gmt":"2023-08-19T10:08:23","guid":{"rendered":"https:\/\/christusnews.de\/site\/?post_type=tribe_events&#038;p=24887"},"modified":"2023-08-19T12:08:33","modified_gmt":"2023-08-19T10:08:33","slug":"clara-lucas-hauke-renken-with-strings-vielsaitige-begegnung","status":"publish","type":"tribe_events","link":"https:\/\/christusnews.de\/site\/event\/clara-lucas-hauke-renken-with-strings-vielsaitige-begegnung\/","title":{"rendered":"Clara Lucas &#038; Hauke Renken with Strings &#8211; Vielsaitige Begegnung\u00a0"},"content":{"rendered":"<p><b>Clara Lucas &amp; Hauke Renken with Strings<br \/>\n<\/b><b><i>Vielsaitige Begegnung<br \/>\n<\/i><\/b><b>18 Uhr, Neuapostolische Kirche<br \/>\n<\/b><span style=\"font-weight: 400;\">Im Abschlusskonzert gibt es ein Wiedersehen mit Clara Lucas und Hauke Renken. Schon 2021 beeindruckte das Duo mit klarem, brillantem Sound und einf<\/span><span style=\"font-weight: 400;\">\u00fc<\/span><span style=\"font-weight: 400;\">hlsamen Interpretationen. F<\/span><span style=\"font-weight: 400;\">\u00fc<\/span><span style=\"font-weight: 400;\">r ihr neues Programm <\/span><span style=\"font-weight: 400;\">\u201e<\/span><span style=\"font-weight: 400;\">Green<\/span><span style=\"font-weight: 400;\">\u201c <\/span><span style=\"font-weight: 400;\">haben sich die S<\/span><span style=\"font-weight: 400;\">\u00e4<\/span><span style=\"font-weight: 400;\">ngerin und der Vibraphonist nun ein Streichsextett an die Seite geholt, um als achtk<\/span><span style=\"font-weight: 400;\">\u00f6<\/span><span style=\"font-weight: 400;\">pfiges Ensemble mit ihren liebsten Jazzst<\/span><span style=\"font-weight: 400;\">\u00fc<\/span><span style=\"font-weight: 400;\">cken sowie Songs von Paul Simon oder Michel Legrand zu verw<\/span><span style=\"font-weight: 400;\">\u00f6<\/span><span style=\"font-weight: 400;\">hnen. Auch erinnern sie an gro<\/span><span style=\"font-weight: 400;\">\u00df<\/span><span style=\"font-weight: 400;\">e Musiker wie Billie Holiday, Melody Gardot oder sogar Richard Wagner. Und nicht zuletzt stehen eigene St<\/span><span style=\"font-weight: 400;\">\u00fc<\/span><span style=\"font-weight: 400;\">cke auf dem Programm: Musik, die ebenso fr<\/span><span style=\"font-weight: 400;\">\u00f6<\/span><span style=\"font-weight: 400;\">hlich wie traurig, anr<\/span><span style=\"font-weight: 400;\">\u00fc<\/span><span style=\"font-weight: 400;\">hrend und eing<\/span><span style=\"font-weight: 400;\">\u00e4<\/span><span style=\"font-weight: 400;\">ngig wie besonders ist. Die K<\/span><span style=\"font-weight: 400;\">\u00f6<\/span><span style=\"font-weight: 400;\">lnerin und der Friese verstehen es, mit ihrer entspannten Art jede Performance zu einem intimen und einzigartigen Erlebnis zu machen!<\/span><\/p>\n","protected":false},"excerpt":{"rendered":"<p>Clara Lucas &amp; Hauke Renken with Strings Vielsaitige Begegnung 18 Uhr, Neuapostolische Kirche Im Abschlusskonzert gibt es ein Wiedersehen mit Clara Lucas und Hauke Renken. Schon 2021 beeindruckte das Duo mit klarem, brillantem Sound und einf\u00fchlsamen Interpretationen. F\u00fcr ihr neues Programm \u201eGreen\u201c haben sich die S\u00e4ngerin und der Vibraphonist nun ein Streichsextett an die Seite geholt, um als achtk\u00f6pfiges Ensemble mit ihren liebsten Jazzst\u00fccken sowie Songs von Paul Simon oder Michel Legrand zu verw\u00f6hnen. Auch erinnern sie an gro\u00dfe Musiker wie Billie Holiday, Melody Gardot oder sogar Richard Wagner. Und nicht zuletzt stehen eigene St\u00fccke auf dem Programm: Musik, die&#8230;<\/p>\n","protected":false},"author":2,"featured_media":24867,"template":"","meta":{"_tribe_events_status":"","_tribe_events_status_reason":"","footnotes":""},"tags":[],"tribe_events_cat":[30,41,77],"class_list":["post-24887","tribe_events","type-tribe_events","status-publish","has-post-thumbnail","hentry","tribe_events_cat-citykirche","tribe_events_cat-konzert","tribe_events_cat-vibe-festival","cat_citykirche","cat_konzert","cat_vibe-festival"],"_links":{"self":[{"href":"https:\/\/christusnews.de\/site\/wp-json\/wp\/v2\/tribe_events\/24887","targetHints":{"allow":["GET"]}}],"collection":[{"href":"https:\/\/christusnews.de\/site\/wp-json\/wp\/v2\/tribe_events"}],"about":[{"href":"https:\/\/christusnews.de\/site\/wp-json\/wp\/v2\/types\/tribe_events"}],"author":[{"embeddable":true,"href":"https:\/\/christusnews.de\/site\/wp-json\/wp\/v2\/users\/2"}],"version-history":[{"count":1,"href":"https:\/\/christusnews.de\/site\/wp-json\/wp\/v2\/tribe_events\/24887\/revisions"}],"predecessor-version":[{"id":24888,"href":"https:\/\/christusnews.de\/site\/wp-json\/wp\/v2\/tribe_events\/24887\/revisions\/24888"}],"wp:featuredmedia":[{"embeddable":true,"href":"https:\/\/christusnews.de\/site\/wp-json\/wp\/v2\/media\/24867"}],"wp:attachment":[{"href":"https:\/\/christusnews.de\/site\/wp-json\/wp\/v2\/media?parent=24887"}],"wp:term":[{"taxonomy":"post_tag","embeddable":true,"href":"https:\/\/christusnews.de\/site\/wp-json\/wp\/v2\/tags?post=24887"},{"taxonomy":"tribe_events_cat","embeddable":true,"href":"https:\/\/christusnews.de\/site\/wp-json\/wp\/v2\/tribe_events_cat?post=24887"}],"curies":[{"name":"wp","href":"https:\/\/api.w.org\/{rel}","templated":true}]}}

<p><b>Clara Lucas &amp; Hauke Renken with Strings<br />
</b><b><i>Vielsaitige Begegnung<br />
</i></b><b>18 Uhr, Neuapostolische Kirche<br />
</b><span style="font-weight: 400;">Im Abschlusskonzert gibt es ein Wiedersehen mit Clara Lucas und Hauke Renken. Schon 2021 beeindruckte das Duo mit klarem, brillantem Sound und einf</span><span style="font-weight: 400;">ü</span><span style="font-weight: 400;">hlsamen Interpretationen. F</span><span style="font-weight: 400;">ü</span><span style="font-weight: 400;">r ihr neues Programm </span><span style="font-weight: 400;">„</span><span style="font-weight: 400;">Green</span><span style="font-weight: 400;">“ </span><span style="font-weight: 400;">haben sich die S</span><span style="font-weight: 400;">ä</span><span style="font-weight: 400;">ngerin und der Vibraphonist nun ein Streichsextett an die Seite geholt, um als achtk</span><span style="font-weight: 400;">ö</span><span style="font-weight: 400;">pfiges Ensemble mit ihren liebsten Jazzst</span><span style="font-weight: 400;">ü</span><span style="font-weight: 400;">cken sowie Songs von Paul Simon oder Michel Legrand zu verw</span><span style="font-weight: 400;">ö</span><span style="font-weight: 400;">hnen. Auch erinnern sie an gro</span><span style="font-weight: 400;">ß</span><span style="font-weight: 400;">e Musiker wie Billie Holiday, Melody Gardot oder sogar Richard Wagner. Und nicht zuletzt stehen eigene St</span><span style="font-weight: 400;">ü</span><span style="font-weight: 400;">cke auf dem Programm: Musik, die ebenso fr</span><span style="font-weight: 400;">ö</span><span style="font-weight: 400;">hlich wie traurig, anr</span><span style="font-weight: 400;">ü</span><span style="font-weight: 400;">hrend und eing</span><span style="font-weight: 400;">ä</span><span style="font-weight: 400;">ngig wie besonders ist. Die K</span><span style="font-weight: 400;">ö</span><span style="font-weight: 400;">lnerin und der Friese verstehen es, mit ihrer entspannten Art jede Performance zu einem intimen und einzigartigen Erlebnis zu machen!</span></p>

<p>Clara Lucas &amp; Hauke Renken with Strings Vielsaitige Begegnung 18 Uhr, Neuapostolische Kirche Im Abschlusskonzert gibt es ein Wiedersehen mit Clara Lucas und Hauke Renken. Schon 2021 beeindruckte das Duo mit klarem, brillantem Sound und einfühlsamen Interpretationen. Für ihr neues Programm „Green“ haben sich die Sängerin und der Vibraphonist nun ein Streichsextett an die Seite geholt, um als achtköpfiges Ensemble mit ihren liebsten Jazzstücken sowie Songs von Paul Simon oder Michel Legrand zu verwöhnen. Auch erinnern sie an große Musiker wie Billie Holiday, Melody Gardot oder sogar Richard Wagner. Und nicht zuletzt stehen eigene Stücke auf dem Programm: Musik, die&#8230;</p>
