{"id":26418,"date":"2024-02-08T17:37:08","date_gmt":"2024-02-08T16:37:08","guid":{"rendered":"https:\/\/christusnews.de\/site\/?post_type=tribe_events&#038;p=26418"},"modified":"2024-02-08T17:37:26","modified_gmt":"2024-02-08T16:37:26","slug":"abendklang-finn-hark-holger-trempeck-wilken","status":"publish","type":"tribe_events","link":"https:\/\/christusnews.de\/site\/event\/abendklang-finn-hark-holger-trempeck-wilken\/","title":{"rendered":"Abendklang Finn Hark &#038; Holger Trempeck-Wilken"},"content":{"rendered":"<p><strong>25. Februar Abendklang Finn Hark &amp; Holger Trempeck-Wilken<\/strong><\/p>\n<p><strong>18 Uhr Christus- und Garnisonkirche<br \/>\n<\/strong>Holger Trempeck-Wilken spielt im Rahmen des Abendklangs ein kleines Doppelkonzert mit Finn Hark. Hark ist seit 10 Jahren ein Sch\u00fcler von Trempeck-Wilken. Filmmusiken, neue Klassiker und alte Sch\u00e4tze werden im Mittelpunkt stehen. Ein Konzert zum Tr\u00e4umen und Dahinfliegen. <em>Holger Trempeck-Wilken<\/em> ist freischaffender Musiker und freiberuflicher Klavierlehrer. Seine Schwerpunkte sind\u00a0 zeitgen\u00f6ssische Musik und Improvisation. Er ist eines der musikalischen Gesichter der Havenkirche.<\/p>\n","protected":false},"excerpt":{"rendered":"<p>25. Februar Abendklang Finn Hark &amp; Holger Trempeck-Wilken 18 Uhr Christus- und Garnisonkirche Holger Trempeck-Wilken spielt im Rahmen des Abendklangs ein kleines Doppelkonzert mit Finn Hark. Hark ist seit 10 Jahren ein Sch\u00fcler von Trempeck-Wilken. Filmmusiken, neue Klassiker und alte Sch\u00e4tze werden im Mittelpunkt stehen. Ein Konzert zum Tr\u00e4umen und Dahinfliegen. Holger Trempeck-Wilken ist freischaffender Musiker und freiberuflicher Klavierlehrer. Seine Schwerpunkte sind\u00a0 zeitgen\u00f6ssische Musik und Improvisation. Er ist eines der musikalischen Gesichter der Havenkirche.<\/p>\n","protected":false},"author":2,"featured_media":26327,"template":"","meta":{"_tribe_events_status":"","_tribe_events_status_reason":"","footnotes":""},"tags":[],"tribe_events_cat":[30,39,29],"class_list":["post-26418","tribe_events","type-tribe_events","status-publish","has-post-thumbnail","hentry","tribe_events_cat-citykirche","tribe_events_cat-gottesdienst","tribe_events_cat-veranstaltung","cat_citykirche","cat_gottesdienst","cat_veranstaltung"],"_links":{"self":[{"href":"https:\/\/christusnews.de\/site\/wp-json\/wp\/v2\/tribe_events\/26418","targetHints":{"allow":["GET"]}}],"collection":[{"href":"https:\/\/christusnews.de\/site\/wp-json\/wp\/v2\/tribe_events"}],"about":[{"href":"https:\/\/christusnews.de\/site\/wp-json\/wp\/v2\/types\/tribe_events"}],"author":[{"embeddable":true,"href":"https:\/\/christusnews.de\/site\/wp-json\/wp\/v2\/users\/2"}],"version-history":[{"count":1,"href":"https:\/\/christusnews.de\/site\/wp-json\/wp\/v2\/tribe_events\/26418\/revisions"}],"predecessor-version":[{"id":26419,"href":"https:\/\/christusnews.de\/site\/wp-json\/wp\/v2\/tribe_events\/26418\/revisions\/26419"}],"wp:featuredmedia":[{"embeddable":true,"href":"https:\/\/christusnews.de\/site\/wp-json\/wp\/v2\/media\/26327"}],"wp:attachment":[{"href":"https:\/\/christusnews.de\/site\/wp-json\/wp\/v2\/media?parent=26418"}],"wp:term":[{"taxonomy":"post_tag","embeddable":true,"href":"https:\/\/christusnews.de\/site\/wp-json\/wp\/v2\/tags?post=26418"},{"taxonomy":"tribe_events_cat","embeddable":true,"href":"https:\/\/christusnews.de\/site\/wp-json\/wp\/v2\/tribe_events_cat?post=26418"}],"curies":[{"name":"wp","href":"https:\/\/api.w.org\/{rel}","templated":true}]}}

<p><strong>25. Februar Abendklang Finn Hark &amp; Holger Trempeck-Wilken</strong></p>
<p><strong>18 Uhr Christus- und Garnisonkirche<br />
</strong>Holger Trempeck-Wilken spielt im Rahmen des Abendklangs ein kleines Doppelkonzert mit Finn Hark. Hark ist seit 10 Jahren ein Schüler von Trempeck-Wilken. Filmmusiken, neue Klassiker und alte Schätze werden im Mittelpunkt stehen. Ein Konzert zum Träumen und Dahinfliegen. <em>Holger Trempeck-Wilken</em> ist freischaffender Musiker und freiberuflicher Klavierlehrer. Seine Schwerpunkte sind  zeitgenössische Musik und Improvisation. Er ist eines der musikalischen Gesichter der Havenkirche.</p>

<p>25. Februar Abendklang Finn Hark &amp; Holger Trempeck-Wilken 18 Uhr Christus- und Garnisonkirche Holger Trempeck-Wilken spielt im Rahmen des Abendklangs ein kleines Doppelkonzert mit Finn Hark. Hark ist seit 10 Jahren ein Schüler von Trempeck-Wilken. Filmmusiken, neue Klassiker und alte Schätze werden im Mittelpunkt stehen. Ein Konzert zum Träumen und Dahinfliegen. Holger Trempeck-Wilken ist freischaffender Musiker und freiberuflicher Klavierlehrer. Seine Schwerpunkte sind  zeitgenössische Musik und Improvisation. Er ist eines der musikalischen Gesichter der Havenkirche.</p>
