{"id":26721,"date":"2024-03-09T12:28:39","date_gmt":"2024-03-09T11:28:39","guid":{"rendered":"https:\/\/christusnews.de\/site\/?post_type=tribe_events&#038;p=26721"},"modified":"2024-03-09T12:28:39","modified_gmt":"2024-03-09T11:28:39","slug":"passionspunkte-2024-traditionell-findet-der-passionspunkt-am-gruendonnerstag-in-der-christus-und-garnisonkirche-statt","status":"publish","type":"tribe_events","link":"https:\/\/christusnews.de\/site\/event\/passionspunkte-2024-traditionell-findet-der-passionspunkt-am-gruendonnerstag-in-der-christus-und-garnisonkirche-statt\/","title":{"rendered":"Passionspunkte 2024 &#8211; Traditionell findet der Passionspunkt am Gr\u00fcndonnerstag in der Christus- und Garnisonkirche statt"},"content":{"rendered":"<p><b>Passionspunkte 2024<\/b><b><br \/>\n<\/b><b>Von gew\u00fcnschten Orten und vergessenen Geschichten<\/b><b><br \/>\n<\/b><i><span style=\"font-weight: 400;\">Zum 24. Mal ein Weg durch die Geschichte und Gegenwart<\/span><\/i><i><span style=\"font-weight: 400;\"><br \/>\n<\/span><\/i><i><span style=\"font-weight: 400;\">der S\u00fcdstadt von Wilhelmshaven<\/span><\/i><\/p>\n<p><span style=\"font-weight: 400;\"> <b>28. M\u00e4rz: <\/b>Traditionell findet der Passionspunkt am Gr\u00fcndonnerstag in der Christus- und Garnisonkirche statt. Ausnahmsweise wird an diesem Ort der Blick erheblich erweitert. Vor der Gedenktafel an den Herero-Krieg wird an eine deutsche Etappe in den 80er Jahren des letzten Jahrhunderts gedacht. Deutsch-namibianische Verbindungen w\u00e4hrend eines fernen Krieges. \u201d\u00dcberrollt \u201c so nennt sich dieser Passionspunkt.\u00a0<\/span><\/p>\n<p><span style=\"font-weight: 400;\">Vom 24. &#8211; 30. M\u00e4rz finden wieder die Passionspunkte statt. Jeweils um 18 Uhr geht die Gemeinde der Havenkirche nach drau\u00dfen und feiert sogenannte Passionspunkte an wunden Punkten in der S\u00fcd- und Innenstadt.<\/span><span style=\"font-weight: 400;\"><br \/>\n<\/span><span style=\"font-weight: 400;\">35 Minuten lang werden Fachleute, MusikerInnen, LektorInnen und TheologInnen den jeweiligen Ort im Kontext der Passionsgeschichte Jesu beleuchten. Ein ausgezeichnetes Projekt, so stellte im Jahr 2017 die \u201eStiftung Gottesdienst\u201c aus Kassel fest und zeichnete das Format mit dem allj\u00e4hrlichen Preis aus. Dabei bewerteten sie die Passionspunkte als sehr besonders, weil sie es sich zur Aufgabe gemacht h\u00e4tten, die Stadt gottesdienstlich zu kartographieren. Ein besonderes Kompliment, dem die Passionspunkte auch dieses Jahr gerecht werden wollen. Es sind wieder eindr\u00fcckliche Orte gefunden worden, die sowohl die Stadtgeschichte als auch die Geschichte Jesu in neuem und anderem Licht erscheinen lassen. Dies sind die sieben Orte:<\/span><\/p>\n<p>&nbsp;<\/p>\n","protected":false},"excerpt":{"rendered":"<p>Passionspunkte 2024 Von gew\u00fcnschten Orten und vergessenen Geschichten Zum 24. Mal ein Weg durch die Geschichte und Gegenwart der S\u00fcdstadt von Wilhelmshaven 28. M\u00e4rz: Traditionell findet der Passionspunkt am Gr\u00fcndonnerstag in der Christus- und Garnisonkirche statt. Ausnahmsweise wird an diesem Ort der Blick erheblich erweitert. Vor der Gedenktafel an den Herero-Krieg wird an eine deutsche Etappe in den 80er Jahren des letzten Jahrhunderts gedacht. Deutsch-namibianische Verbindungen w\u00e4hrend eines fernen Krieges. \u201d\u00dcberrollt \u201c so nennt sich dieser Passionspunkt.\u00a0 Vom 24. &#8211; 30. M\u00e4rz finden wieder die Passionspunkte statt. Jeweils um 18 Uhr geht die Gemeinde der Havenkirche nach drau\u00dfen und feiert&#8230;<\/p>\n","protected":false},"author":2,"featured_media":26501,"template":"","meta":{"_tribe_events_status":"","_tribe_events_status_reason":"","footnotes":""},"tags":[],"tribe_events_cat":[30,39,79,29],"class_list":["post-26721","tribe_events","type-tribe_events","status-publish","has-post-thumbnail","hentry","tribe_events_cat-citykirche","tribe_events_cat-gottesdienst","tribe_events_cat-passionspunkte","tribe_events_cat-veranstaltung","cat_citykirche","cat_gottesdienst","cat_passionspunkte","cat_veranstaltung"],"_links":{"self":[{"href":"https:\/\/christusnews.de\/site\/wp-json\/wp\/v2\/tribe_events\/26721","targetHints":{"allow":["GET"]}}],"collection":[{"href":"https:\/\/christusnews.de\/site\/wp-json\/wp\/v2\/tribe_events"}],"about":[{"href":"https:\/\/christusnews.de\/site\/wp-json\/wp\/v2\/types\/tribe_events"}],"author":[{"embeddable":true,"href":"https:\/\/christusnews.de\/site\/wp-json\/wp\/v2\/users\/2"}],"version-history":[{"count":1,"href":"https:\/\/christusnews.de\/site\/wp-json\/wp\/v2\/tribe_events\/26721\/revisions"}],"predecessor-version":[{"id":26722,"href":"https:\/\/christusnews.de\/site\/wp-json\/wp\/v2\/tribe_events\/26721\/revisions\/26722"}],"wp:featuredmedia":[{"embeddable":true,"href":"https:\/\/christusnews.de\/site\/wp-json\/wp\/v2\/media\/26501"}],"wp:attachment":[{"href":"https:\/\/christusnews.de\/site\/wp-json\/wp\/v2\/media?parent=26721"}],"wp:term":[{"taxonomy":"post_tag","embeddable":true,"href":"https:\/\/christusnews.de\/site\/wp-json\/wp\/v2\/tags?post=26721"},{"taxonomy":"tribe_events_cat","embeddable":true,"href":"https:\/\/christusnews.de\/site\/wp-json\/wp\/v2\/tribe_events_cat?post=26721"}],"curies":[{"name":"wp","href":"https:\/\/api.w.org\/{rel}","templated":true}]}}

Passionspunkte 2024 &#8211; Traditionell findet der Passionspunkt am Gründonnerstag in der Christus- und Garnisonkirche statt

<p><b>Passionspunkte 2024</b><b><br />
</b><b>Von gewünschten Orten und vergessenen Geschichten</b><b><br />
</b><i><span style="font-weight: 400;">Zum 24. Mal ein Weg durch die Geschichte und Gegenwart</span></i><i><span style="font-weight: 400;"><br />
</span></i><i><span style="font-weight: 400;">der Südstadt von Wilhelmshaven</span></i></p>
<p><span style="font-weight: 400;"> <b>28. März: </b>Traditionell findet der Passionspunkt am Gründonnerstag in der Christus- und Garnisonkirche statt. Ausnahmsweise wird an diesem Ort der Blick erheblich erweitert. Vor der Gedenktafel an den Herero-Krieg wird an eine deutsche Etappe in den 80er Jahren des letzten Jahrhunderts gedacht. Deutsch-namibianische Verbindungen während eines fernen Krieges. ”Überrollt “ so nennt sich dieser Passionspunkt. </span></p>
<p><span style="font-weight: 400;">Vom 24. &#8211; 30. März finden wieder die Passionspunkte statt. Jeweils um 18 Uhr geht die Gemeinde der Havenkirche nach draußen und feiert sogenannte Passionspunkte an wunden Punkten in der Süd- und Innenstadt.</span><span style="font-weight: 400;"><br />
</span><span style="font-weight: 400;">35 Minuten lang werden Fachleute, MusikerInnen, LektorInnen und TheologInnen den jeweiligen Ort im Kontext der Passionsgeschichte Jesu beleuchten. Ein ausgezeichnetes Projekt, so stellte im Jahr 2017 die „Stiftung Gottesdienst“ aus Kassel fest und zeichnete das Format mit dem alljährlichen Preis aus. Dabei bewerteten sie die Passionspunkte als sehr besonders, weil sie es sich zur Aufgabe gemacht hätten, die Stadt gottesdienstlich zu kartographieren. Ein besonderes Kompliment, dem die Passionspunkte auch dieses Jahr gerecht werden wollen. Es sind wieder eindrückliche Orte gefunden worden, die sowohl die Stadtgeschichte als auch die Geschichte Jesu in neuem und anderem Licht erscheinen lassen. Dies sind die sieben Orte:</span></p>
<p>&nbsp;</p>

<p>Passionspunkte 2024 Von gewünschten Orten und vergessenen Geschichten Zum 24. Mal ein Weg durch die Geschichte und Gegenwart der Südstadt von Wilhelmshaven 28. März: Traditionell findet der Passionspunkt am Gründonnerstag in der Christus- und Garnisonkirche statt. Ausnahmsweise wird an diesem Ort der Blick erheblich erweitert. Vor der Gedenktafel an den Herero-Krieg wird an eine deutsche Etappe in den 80er Jahren des letzten Jahrhunderts gedacht. Deutsch-namibianische Verbindungen während eines fernen Krieges. ”Überrollt “ so nennt sich dieser Passionspunkt.  Vom 24. &#8211; 30. März finden wieder die Passionspunkte statt. Jeweils um 18 Uhr geht die Gemeinde der Havenkirche nach draußen und feiert&#8230;</p>
