{"id":26747,"date":"2024-03-09T12:52:30","date_gmt":"2024-03-09T11:52:30","guid":{"rendered":"https:\/\/christusnews.de\/site\/?post_type=tribe_events&#038;p=26747"},"modified":"2024-03-09T12:52:30","modified_gmt":"2024-03-09T11:52:30","slug":"ostergottesdienst-am-ostermontag-mit-einfuehrung-von-morgenstern-auf-die-pfarrstelle-in-der-havenkirche","status":"publish","type":"tribe_events","link":"https:\/\/christusnews.de\/site\/event\/ostergottesdienst-am-ostermontag-mit-einfuehrung-von-morgenstern-auf-die-pfarrstelle-in-der-havenkirche\/","title":{"rendered":"Ostergottesdienst am Ostermontag mit Einf\u00fchrung von Morgenstern auf die Pfarrstelle in der Havenkirche"},"content":{"rendered":"<p>Am 28. Januar beim Gr\u00fcndungsgottesdienst der Havenkirche war Morgenstern krank. Jetzt wird er auf die neue Pfarrstelle eingef\u00fchrt.<\/p>\n","protected":false},"excerpt":{"rendered":"<p>Am 28. Januar beim Gr\u00fcndungsgottesdienst der Havenkirche war Morgenstern krank. Jetzt wird er auf die neue Pfarrstelle eingef\u00fchrt.<\/p>\n","protected":false},"author":2,"featured_media":26738,"template":"","meta":{"_tribe_events_status":"","_tribe_events_status_reason":"","footnotes":""},"tags":[],"tribe_events_cat":[30,39,29],"class_list":["post-26747","tribe_events","type-tribe_events","status-publish","has-post-thumbnail","hentry","tribe_events_cat-citykirche","tribe_events_cat-gottesdienst","tribe_events_cat-veranstaltung","cat_citykirche","cat_gottesdienst","cat_veranstaltung"],"_links":{"self":[{"href":"https:\/\/christusnews.de\/site\/wp-json\/wp\/v2\/tribe_events\/26747","targetHints":{"allow":["GET"]}}],"collection":[{"href":"https:\/\/christusnews.de\/site\/wp-json\/wp\/v2\/tribe_events"}],"about":[{"href":"https:\/\/christusnews.de\/site\/wp-json\/wp\/v2\/types\/tribe_events"}],"author":[{"embeddable":true,"href":"https:\/\/christusnews.de\/site\/wp-json\/wp\/v2\/users\/2"}],"version-history":[{"count":1,"href":"https:\/\/christusnews.de\/site\/wp-json\/wp\/v2\/tribe_events\/26747\/revisions"}],"predecessor-version":[{"id":26748,"href":"https:\/\/christusnews.de\/site\/wp-json\/wp\/v2\/tribe_events\/26747\/revisions\/26748"}],"wp:featuredmedia":[{"embeddable":true,"href":"https:\/\/christusnews.de\/site\/wp-json\/wp\/v2\/media\/26738"}],"wp:attachment":[{"href":"https:\/\/christusnews.de\/site\/wp-json\/wp\/v2\/media?parent=26747"}],"wp:term":[{"taxonomy":"post_tag","embeddable":true,"href":"https:\/\/christusnews.de\/site\/wp-json\/wp\/v2\/tags?post=26747"},{"taxonomy":"tribe_events_cat","embeddable":true,"href":"https:\/\/christusnews.de\/site\/wp-json\/wp\/v2\/tribe_events_cat?post=26747"}],"curies":[{"name":"wp","href":"https:\/\/api.w.org\/{rel}","templated":true}]}}

Ostergottesdienst am Ostermontag mit Einführung von Morgenstern auf die Pfarrstelle in der Havenkirche

<p>Am 28. Januar beim Gründungsgottesdienst der Havenkirche war Morgenstern krank. Jetzt wird er auf die neue Pfarrstelle eingeführt.</p>
