{"id":26973,"date":"2024-05-11T13:12:54","date_gmt":"2024-05-11T11:12:54","guid":{"rendered":"https:\/\/christusnews.de\/site\/?post_type=tribe_events&#038;p=26973"},"modified":"2024-05-11T13:13:03","modified_gmt":"2024-05-11T11:13:03","slug":"kubanisches-chorereignis-am-21-05-2024-in-wilhelmshaven","status":"publish","type":"tribe_events","link":"https:\/\/christusnews.de\/site\/event\/kubanisches-chorereignis-am-21-05-2024-in-wilhelmshaven\/","title":{"rendered":"Kubanisches Chorereignis am 21.05.2024 in Wilhelmshaven"},"content":{"rendered":"<p>Kubanisches Chorereignis am 21.05.2024 in Wilhelmshaven<br \/>\nVocal Leo ist ein kubanischer Solistenchor, der unter der Leitung von<br \/>\nCorina Campos weit \u00fcber die Grenzen des eigenen Landes internationale Anerkennung<br \/>\nerf\u00e4hrt. Er geh\u00f6rt zu den besten Gesangsformationen Mittelamerikas und setzt sich aus<br \/>\nStimmvirtuosen zusammen, die alle ihren Abschluss in klassischem Gesang an der<br \/>\nMusikhochschule in Havanna absolvierten und einzeln auch als Solisten t\u00e4tig sind.<br \/>\nAls Chor pr\u00e4sentieren sie ihr umfangreiches Repertoire auf verschiedenen Gastspielreisen in<br \/>\nS\u00fcdamerika und Europa.<br \/>\nIm Anschluss an das internationale Chorfestival \u201eHarmonie\u201c in Limburg an der Lahn<br \/>\nverl\u00e4ngern sie ihren Aufenthalt, um einige Konzerte in Norddeutschland zu pr\u00e4sentieren.<br \/>\nAm Dienstag, den 21.05.2024 ist der Chor im Rahmen einer Konzert-Tournee zu Gast in<br \/>\nWilhelmshaven und gibt um 18.30 Uhr ein Konzert in der Christus- und Garnisonkirche.<br \/>\nZeitgen\u00f6ssische kubanische Chormusik, traditionelle popul\u00e4re Gesangstitel und Lieder aus<br \/>\nder klassischen Gesangsliteratur bieten ein abwechslungsreiches und unterhaltsames<br \/>\nChorprogramm, das durch choreografische Einlagen aufgelockert wird.<br \/>\nIm Rahmen einer \u00e4hnlichen Konzertreise begeisterte Vocal Leo in den Jahren 2017 und 2022<br \/>\nschon einmal auch das Publikum in der Region.<\/p>\n","protected":false},"excerpt":{"rendered":"<p>Kubanisches Chorereignis am 21.05.2024 in Wilhelmshaven Vocal Leo ist ein kubanischer Solistenchor, der unter der Leitung von Corina Campos weit \u00fcber die Grenzen des eigenen Landes internationale Anerkennung erf\u00e4hrt. Er geh\u00f6rt zu den besten Gesangsformationen Mittelamerikas und setzt sich aus Stimmvirtuosen zusammen, die alle ihren Abschluss in klassischem Gesang an der Musikhochschule in Havanna absolvierten und einzeln auch als Solisten t\u00e4tig sind. Als Chor pr\u00e4sentieren sie ihr umfangreiches Repertoire auf verschiedenen Gastspielreisen in S\u00fcdamerika und Europa. Im Anschluss an das internationale Chorfestival \u201eHarmonie\u201c in Limburg an der Lahn verl\u00e4ngern sie ihren Aufenthalt, um einige Konzerte in Norddeutschland zu pr\u00e4sentieren. Am&#8230;<\/p>\n","protected":false},"author":2,"featured_media":26974,"template":"","meta":{"_tribe_events_status":"","_tribe_events_status_reason":"","footnotes":""},"tags":[],"tribe_events_cat":[30,41,29],"class_list":["post-26973","tribe_events","type-tribe_events","status-publish","has-post-thumbnail","hentry","tribe_events_cat-citykirche","tribe_events_cat-konzert","tribe_events_cat-veranstaltung","cat_citykirche","cat_konzert","cat_veranstaltung"],"_links":{"self":[{"href":"https:\/\/christusnews.de\/site\/wp-json\/wp\/v2\/tribe_events\/26973","targetHints":{"allow":["GET"]}}],"collection":[{"href":"https:\/\/christusnews.de\/site\/wp-json\/wp\/v2\/tribe_events"}],"about":[{"href":"https:\/\/christusnews.de\/site\/wp-json\/wp\/v2\/types\/tribe_events"}],"author":[{"embeddable":true,"href":"https:\/\/christusnews.de\/site\/wp-json\/wp\/v2\/users\/2"}],"version-history":[{"count":1,"href":"https:\/\/christusnews.de\/site\/wp-json\/wp\/v2\/tribe_events\/26973\/revisions"}],"predecessor-version":[{"id":26975,"href":"https:\/\/christusnews.de\/site\/wp-json\/wp\/v2\/tribe_events\/26973\/revisions\/26975"}],"wp:featuredmedia":[{"embeddable":true,"href":"https:\/\/christusnews.de\/site\/wp-json\/wp\/v2\/media\/26974"}],"wp:attachment":[{"href":"https:\/\/christusnews.de\/site\/wp-json\/wp\/v2\/media?parent=26973"}],"wp:term":[{"taxonomy":"post_tag","embeddable":true,"href":"https:\/\/christusnews.de\/site\/wp-json\/wp\/v2\/tags?post=26973"},{"taxonomy":"tribe_events_cat","embeddable":true,"href":"https:\/\/christusnews.de\/site\/wp-json\/wp\/v2\/tribe_events_cat?post=26973"}],"curies":[{"name":"wp","href":"https:\/\/api.w.org\/{rel}","templated":true}]}}

<p>Kubanisches Chorereignis am 21.05.2024 in Wilhelmshaven<br />
Vocal Leo ist ein kubanischer Solistenchor, der unter der Leitung von<br />
Corina Campos weit über die Grenzen des eigenen Landes internationale Anerkennung<br />
erfährt. Er gehört zu den besten Gesangsformationen Mittelamerikas und setzt sich aus<br />
Stimmvirtuosen zusammen, die alle ihren Abschluss in klassischem Gesang an der<br />
Musikhochschule in Havanna absolvierten und einzeln auch als Solisten tätig sind.<br />
Als Chor präsentieren sie ihr umfangreiches Repertoire auf verschiedenen Gastspielreisen in<br />
Südamerika und Europa.<br />
Im Anschluss an das internationale Chorfestival „Harmonie“ in Limburg an der Lahn<br />
verlängern sie ihren Aufenthalt, um einige Konzerte in Norddeutschland zu präsentieren.<br />
Am Dienstag, den 21.05.2024 ist der Chor im Rahmen einer Konzert-Tournee zu Gast in<br />
Wilhelmshaven und gibt um 18.30 Uhr ein Konzert in der Christus- und Garnisonkirche.<br />
Zeitgenössische kubanische Chormusik, traditionelle populäre Gesangstitel und Lieder aus<br />
der klassischen Gesangsliteratur bieten ein abwechslungsreiches und unterhaltsames<br />
Chorprogramm, das durch choreografische Einlagen aufgelockert wird.<br />
Im Rahmen einer ähnlichen Konzertreise begeisterte Vocal Leo in den Jahren 2017 und 2022<br />
schon einmal auch das Publikum in der Region.</p>

<p>Kubanisches Chorereignis am 21.05.2024 in Wilhelmshaven Vocal Leo ist ein kubanischer Solistenchor, der unter der Leitung von Corina Campos weit über die Grenzen des eigenen Landes internationale Anerkennung erfährt. Er gehört zu den besten Gesangsformationen Mittelamerikas und setzt sich aus Stimmvirtuosen zusammen, die alle ihren Abschluss in klassischem Gesang an der Musikhochschule in Havanna absolvierten und einzeln auch als Solisten tätig sind. Als Chor präsentieren sie ihr umfangreiches Repertoire auf verschiedenen Gastspielreisen in Südamerika und Europa. Im Anschluss an das internationale Chorfestival „Harmonie“ in Limburg an der Lahn verlängern sie ihren Aufenthalt, um einige Konzerte in Norddeutschland zu präsentieren. Am&#8230;</p>
