{"id":27115,"date":"2024-07-01T19:32:51","date_gmt":"2024-07-01T17:32:51","guid":{"rendered":"https:\/\/christusnews.de\/site\/?post_type=tribe_events&#038;p=27115"},"modified":"2024-07-01T19:32:51","modified_gmt":"2024-07-01T17:32:51","slug":"abendklang-axel-scholz","status":"publish","type":"tribe_events","link":"https:\/\/christusnews.de\/site\/event\/abendklang-axel-scholz\/","title":{"rendered":"Abendklang Axel Scholz"},"content":{"rendered":"<p><strong>Axel Scholz<\/strong><\/p>\n<p><strong>21.Juli, 18 Uhr Abendklang<\/strong><\/p>\n<p>Auf ein \u201eetwas anderes\u201c Spiritual- und Gospelkonzert mit dem Kirchenmusiker Axel Scholz freut sich der Abendklang.<\/p>\n<p>Klavierarrangements zu bekannten Spirituals des Amerikaners Mark Hayes bringen l\u00e4ssige, legere Barpiano-Atmosph\u00e4re in den Kirchenraum. In Orgelkompositionen von Carsten Klomp und Michael Sch\u00fctz \u00fcber Spirituals, die mit dt. Texten auch Einzug in unsere Gesangb\u00fccher gefunden haben, stehen treibende, kraftvolle Blues- und Boogierhythmen im Vordergrund. \u00a0Ein abwechslungsreiches und schwungvolles Programm. Der Eintritt ist frei, um eine Kollekte wird gebeten.<\/p>\n","protected":false},"excerpt":{"rendered":"<p>Axel Scholz 21.Juli, 18 Uhr Abendklang Auf ein \u201eetwas anderes\u201c Spiritual- und Gospelkonzert mit dem Kirchenmusiker Axel Scholz freut sich der Abendklang. Klavierarrangements zu bekannten Spirituals des Amerikaners Mark Hayes bringen l\u00e4ssige, legere Barpiano-Atmosph\u00e4re in den Kirchenraum. In Orgelkompositionen von Carsten Klomp und Michael Sch\u00fctz \u00fcber Spirituals, die mit dt. Texten auch Einzug in unsere Gesangb\u00fccher gefunden haben, stehen treibende, kraftvolle Blues- und Boogierhythmen im Vordergrund. \u00a0Ein abwechslungsreiches und schwungvolles Programm. Der Eintritt ist frei, um eine Kollekte wird gebeten.<\/p>\n","protected":false},"author":2,"featured_media":27084,"template":"","meta":{"_tribe_events_status":"","_tribe_events_status_reason":"","footnotes":""},"tags":[],"tribe_events_cat":[30,39,29],"class_list":["post-27115","tribe_events","type-tribe_events","status-publish","has-post-thumbnail","hentry","tribe_events_cat-citykirche","tribe_events_cat-gottesdienst","tribe_events_cat-veranstaltung","cat_citykirche","cat_gottesdienst","cat_veranstaltung"],"_links":{"self":[{"href":"https:\/\/christusnews.de\/site\/wp-json\/wp\/v2\/tribe_events\/27115","targetHints":{"allow":["GET"]}}],"collection":[{"href":"https:\/\/christusnews.de\/site\/wp-json\/wp\/v2\/tribe_events"}],"about":[{"href":"https:\/\/christusnews.de\/site\/wp-json\/wp\/v2\/types\/tribe_events"}],"author":[{"embeddable":true,"href":"https:\/\/christusnews.de\/site\/wp-json\/wp\/v2\/users\/2"}],"version-history":[{"count":1,"href":"https:\/\/christusnews.de\/site\/wp-json\/wp\/v2\/tribe_events\/27115\/revisions"}],"predecessor-version":[{"id":27116,"href":"https:\/\/christusnews.de\/site\/wp-json\/wp\/v2\/tribe_events\/27115\/revisions\/27116"}],"wp:featuredmedia":[{"embeddable":true,"href":"https:\/\/christusnews.de\/site\/wp-json\/wp\/v2\/media\/27084"}],"wp:attachment":[{"href":"https:\/\/christusnews.de\/site\/wp-json\/wp\/v2\/media?parent=27115"}],"wp:term":[{"taxonomy":"post_tag","embeddable":true,"href":"https:\/\/christusnews.de\/site\/wp-json\/wp\/v2\/tags?post=27115"},{"taxonomy":"tribe_events_cat","embeddable":true,"href":"https:\/\/christusnews.de\/site\/wp-json\/wp\/v2\/tribe_events_cat?post=27115"}],"curies":[{"name":"wp","href":"https:\/\/api.w.org\/{rel}","templated":true}]}}

<p><strong>Axel Scholz</strong></p>
<p><strong>21.Juli, 18 Uhr Abendklang</strong></p>
<p>Auf ein „etwas anderes“ Spiritual- und Gospelkonzert mit dem Kirchenmusiker Axel Scholz freut sich der Abendklang.</p>
<p>Klavierarrangements zu bekannten Spirituals des Amerikaners Mark Hayes bringen lässige, legere Barpiano-Atmosphäre in den Kirchenraum. In Orgelkompositionen von Carsten Klomp und Michael Schütz über Spirituals, die mit dt. Texten auch Einzug in unsere Gesangbücher gefunden haben, stehen treibende, kraftvolle Blues- und Boogierhythmen im Vordergrund.  Ein abwechslungsreiches und schwungvolles Programm. Der Eintritt ist frei, um eine Kollekte wird gebeten.</p>

<p>Axel Scholz 21.Juli, 18 Uhr Abendklang Auf ein „etwas anderes“ Spiritual- und Gospelkonzert mit dem Kirchenmusiker Axel Scholz freut sich der Abendklang. Klavierarrangements zu bekannten Spirituals des Amerikaners Mark Hayes bringen lässige, legere Barpiano-Atmosphäre in den Kirchenraum. In Orgelkompositionen von Carsten Klomp und Michael Schütz über Spirituals, die mit dt. Texten auch Einzug in unsere Gesangbücher gefunden haben, stehen treibende, kraftvolle Blues- und Boogierhythmen im Vordergrund.  Ein abwechslungsreiches und schwungvolles Programm. Der Eintritt ist frei, um eine Kollekte wird gebeten.</p>
