{"id":27123,"date":"2024-07-01T19:40:50","date_gmt":"2024-07-01T17:40:50","guid":{"rendered":"https:\/\/christusnews.de\/site\/?post_type=tribe_events&#038;p=27123"},"modified":"2024-07-01T19:41:32","modified_gmt":"2024-07-01T17:41:32","slug":"fiori-concertati-mit-barockmusik","status":"publish","type":"tribe_events","link":"https:\/\/christusnews.de\/site\/event\/fiori-concertati-mit-barockmusik\/","title":{"rendered":"Fiori Concertati mit Barockmusik"},"content":{"rendered":"<p><strong>Fiori Concertati mit <\/strong><strong>Barockmusik <\/strong><\/p>\n<p><strong>\u00a03. <\/strong><strong>August, 18 Uhr<\/strong><\/p>\n<p>Gleich zwei Solisten von au\u00dfergew\u00f6hnlichem Format hat das Ensemble Fiori Concertati in diesem Jahr f\u00fcr sein traditionelles Sommerkonzert gewonnen: Die geb\u00fcrtige Australierin Emma Black ist Professorin f\u00fcr Oboe an der Wiener Universit\u00e4t f\u00fcr Musik. Zusammen mit dem Geiger Daniel Sepec, seines Zeichens Professor am Brahms-Institut der Musikhochschule L\u00fcbeck und Konzertmeister der Deutschen Kammerphilharmonie Bremen, wird sie Bachs ber\u00fchmtes Doppelkonzert BWV 1060 spielen. Leitung .Matthias Hengelbrock. Eintritt frei.<\/p>\n","protected":false},"excerpt":{"rendered":"<p>Fiori Concertati mit Barockmusik \u00a03. August, 18 Uhr Gleich zwei Solisten von au\u00dfergew\u00f6hnlichem Format hat das Ensemble Fiori Concertati in diesem Jahr f\u00fcr sein traditionelles Sommerkonzert gewonnen: Die geb\u00fcrtige Australierin Emma Black ist Professorin f\u00fcr Oboe an der Wiener Universit\u00e4t f\u00fcr Musik. Zusammen mit dem Geiger Daniel Sepec, seines Zeichens Professor am Brahms-Institut der Musikhochschule L\u00fcbeck und Konzertmeister der Deutschen Kammerphilharmonie Bremen, wird sie Bachs ber\u00fchmtes Doppelkonzert BWV 1060 spielen. Leitung .Matthias Hengelbrock. Eintritt frei.<\/p>\n","protected":false},"author":2,"featured_media":27086,"template":"","meta":{"_tribe_events_status":"","_tribe_events_status_reason":"","footnotes":""},"tags":[],"tribe_events_cat":[30,29],"class_list":["post-27123","tribe_events","type-tribe_events","status-publish","has-post-thumbnail","hentry","tribe_events_cat-citykirche","tribe_events_cat-veranstaltung","cat_citykirche","cat_veranstaltung"],"_links":{"self":[{"href":"https:\/\/christusnews.de\/site\/wp-json\/wp\/v2\/tribe_events\/27123","targetHints":{"allow":["GET"]}}],"collection":[{"href":"https:\/\/christusnews.de\/site\/wp-json\/wp\/v2\/tribe_events"}],"about":[{"href":"https:\/\/christusnews.de\/site\/wp-json\/wp\/v2\/types\/tribe_events"}],"author":[{"embeddable":true,"href":"https:\/\/christusnews.de\/site\/wp-json\/wp\/v2\/users\/2"}],"version-history":[{"count":1,"href":"https:\/\/christusnews.de\/site\/wp-json\/wp\/v2\/tribe_events\/27123\/revisions"}],"predecessor-version":[{"id":27124,"href":"https:\/\/christusnews.de\/site\/wp-json\/wp\/v2\/tribe_events\/27123\/revisions\/27124"}],"wp:featuredmedia":[{"embeddable":true,"href":"https:\/\/christusnews.de\/site\/wp-json\/wp\/v2\/media\/27086"}],"wp:attachment":[{"href":"https:\/\/christusnews.de\/site\/wp-json\/wp\/v2\/media?parent=27123"}],"wp:term":[{"taxonomy":"post_tag","embeddable":true,"href":"https:\/\/christusnews.de\/site\/wp-json\/wp\/v2\/tags?post=27123"},{"taxonomy":"tribe_events_cat","embeddable":true,"href":"https:\/\/christusnews.de\/site\/wp-json\/wp\/v2\/tribe_events_cat?post=27123"}],"curies":[{"name":"wp","href":"https:\/\/api.w.org\/{rel}","templated":true}]}}

<p><strong>Fiori Concertati mit </strong><strong>Barockmusik </strong></p>
<p><strong> 3. </strong><strong>August, 18 Uhr</strong></p>
<p>Gleich zwei Solisten von außergewöhnlichem Format hat das Ensemble Fiori Concertati in diesem Jahr für sein traditionelles Sommerkonzert gewonnen: Die gebürtige Australierin Emma Black ist Professorin für Oboe an der Wiener Universität für Musik. Zusammen mit dem Geiger Daniel Sepec, seines Zeichens Professor am Brahms-Institut der Musikhochschule Lübeck und Konzertmeister der Deutschen Kammerphilharmonie Bremen, wird sie Bachs berühmtes Doppelkonzert BWV 1060 spielen. Leitung .Matthias Hengelbrock. Eintritt frei.</p>

<p>Fiori Concertati mit Barockmusik  3. August, 18 Uhr Gleich zwei Solisten von außergewöhnlichem Format hat das Ensemble Fiori Concertati in diesem Jahr für sein traditionelles Sommerkonzert gewonnen: Die gebürtige Australierin Emma Black ist Professorin für Oboe an der Wiener Universität für Musik. Zusammen mit dem Geiger Daniel Sepec, seines Zeichens Professor am Brahms-Institut der Musikhochschule Lübeck und Konzertmeister der Deutschen Kammerphilharmonie Bremen, wird sie Bachs berühmtes Doppelkonzert BWV 1060 spielen. Leitung .Matthias Hengelbrock. Eintritt frei.</p>
