{"id":27283,"date":"2024-08-29T15:33:17","date_gmt":"2024-08-29T13:33:17","guid":{"rendered":"https:\/\/christusnews.de\/site\/?post_type=tribe_events&#038;p=27283"},"modified":"2024-08-29T15:33:35","modified_gmt":"2024-08-29T13:33:35","slug":"sommerkonzert-mit-the-twaeng","status":"publish","type":"tribe_events","link":"https:\/\/christusnews.de\/site\/event\/sommerkonzert-mit-the-twaeng\/","title":{"rendered":"Sommerkonzert mit The Tw\u00c4ng"},"content":{"rendered":"<p>Sommerkonzert mit The Tw\u00c4ng<br \/>\nThe Tw\u00c4ng, der Wilhelmshavener Popchor l\u00e4dt ein zum poppigen Sommerkonzert in der Christus- und Garnisonkirche am 22. September um 18 Uhr.\u00a0 The Tw\u00c4ng ist ein lokalans\u00e4ssiger Popchor, dessen Mitglieder aus Wilhelmshaven und Jever kommen. Der Chor wurde Ende 2018 von der Chorleiterin Anna-Rabea Pacheco gegr\u00fcndet und konzertiert seit 2022 \u00f6ffentlich. Das Repertoire des Chores besteht in erster Linie aus Pop- und Musicalsongs. Begleitet wird der Chor von Jorge Luis Pacheco (Klavier), \u00a0Hendrik Ohlhoff (Gitarre) und Malte Bischoff am Schlagzeug. <em>Der Eintritt f\u00fcr das Konzert betr\u00e4gt 5\u20ac, Kinder bis 12J. zahlen keinen Eintritt. Tickets gibt es ab August \u00fcber den Chor oder in der Buchhandlung Prien zu kaufen.<\/em><\/p>\n","protected":false},"excerpt":{"rendered":"<p>Sommerkonzert mit The Tw\u00c4ng The Tw\u00c4ng, der Wilhelmshavener Popchor l\u00e4dt ein zum poppigen Sommerkonzert in der Christus- und Garnisonkirche am 22. September um 18 Uhr.\u00a0 The Tw\u00c4ng ist ein lokalans\u00e4ssiger Popchor, dessen Mitglieder aus Wilhelmshaven und Jever kommen. Der Chor wurde Ende 2018 von der Chorleiterin Anna-Rabea Pacheco gegr\u00fcndet und konzertiert seit 2022 \u00f6ffentlich. Das Repertoire des Chores besteht in erster Linie aus Pop- und Musicalsongs. Begleitet wird der Chor von Jorge Luis Pacheco (Klavier), \u00a0Hendrik Ohlhoff (Gitarre) und Malte Bischoff am Schlagzeug. Der Eintritt f\u00fcr das Konzert betr\u00e4gt 5\u20ac, Kinder bis 12J. zahlen keinen Eintritt. Tickets gibt es ab&#8230;<\/p>\n","protected":false},"author":2,"featured_media":27101,"template":"","meta":{"_tribe_events_status":"","_tribe_events_status_reason":"","footnotes":""},"tags":[],"tribe_events_cat":[30,41,29],"class_list":["post-27283","tribe_events","type-tribe_events","status-publish","has-post-thumbnail","hentry","tribe_events_cat-citykirche","tribe_events_cat-konzert","tribe_events_cat-veranstaltung","cat_citykirche","cat_konzert","cat_veranstaltung"],"_links":{"self":[{"href":"https:\/\/christusnews.de\/site\/wp-json\/wp\/v2\/tribe_events\/27283","targetHints":{"allow":["GET"]}}],"collection":[{"href":"https:\/\/christusnews.de\/site\/wp-json\/wp\/v2\/tribe_events"}],"about":[{"href":"https:\/\/christusnews.de\/site\/wp-json\/wp\/v2\/types\/tribe_events"}],"author":[{"embeddable":true,"href":"https:\/\/christusnews.de\/site\/wp-json\/wp\/v2\/users\/2"}],"version-history":[{"count":1,"href":"https:\/\/christusnews.de\/site\/wp-json\/wp\/v2\/tribe_events\/27283\/revisions"}],"predecessor-version":[{"id":27284,"href":"https:\/\/christusnews.de\/site\/wp-json\/wp\/v2\/tribe_events\/27283\/revisions\/27284"}],"wp:featuredmedia":[{"embeddable":true,"href":"https:\/\/christusnews.de\/site\/wp-json\/wp\/v2\/media\/27101"}],"wp:attachment":[{"href":"https:\/\/christusnews.de\/site\/wp-json\/wp\/v2\/media?parent=27283"}],"wp:term":[{"taxonomy":"post_tag","embeddable":true,"href":"https:\/\/christusnews.de\/site\/wp-json\/wp\/v2\/tags?post=27283"},{"taxonomy":"tribe_events_cat","embeddable":true,"href":"https:\/\/christusnews.de\/site\/wp-json\/wp\/v2\/tribe_events_cat?post=27283"}],"curies":[{"name":"wp","href":"https:\/\/api.w.org\/{rel}","templated":true}]}}

Sommerkonzert mit The TwÄng

<p>Sommerkonzert mit The TwÄng<br />
The TwÄng, der Wilhelmshavener Popchor lädt ein zum poppigen Sommerkonzert in der Christus- und Garnisonkirche am 22. September um 18 Uhr.  The TwÄng ist ein lokalansässiger Popchor, dessen Mitglieder aus Wilhelmshaven und Jever kommen. Der Chor wurde Ende 2018 von der Chorleiterin Anna-Rabea Pacheco gegründet und konzertiert seit 2022 öffentlich. Das Repertoire des Chores besteht in erster Linie aus Pop- und Musicalsongs. Begleitet wird der Chor von Jorge Luis Pacheco (Klavier),  Hendrik Ohlhoff (Gitarre) und Malte Bischoff am Schlagzeug. <em>Der Eintritt für das Konzert beträgt 5€, Kinder bis 12J. zahlen keinen Eintritt. Tickets gibt es ab August über den Chor oder in der Buchhandlung Prien zu kaufen.</em></p>

<p>Sommerkonzert mit The TwÄng The TwÄng, der Wilhelmshavener Popchor lädt ein zum poppigen Sommerkonzert in der Christus- und Garnisonkirche am 22. September um 18 Uhr.  The TwÄng ist ein lokalansässiger Popchor, dessen Mitglieder aus Wilhelmshaven und Jever kommen. Der Chor wurde Ende 2018 von der Chorleiterin Anna-Rabea Pacheco gegründet und konzertiert seit 2022 öffentlich. Das Repertoire des Chores besteht in erster Linie aus Pop- und Musicalsongs. Begleitet wird der Chor von Jorge Luis Pacheco (Klavier),  Hendrik Ohlhoff (Gitarre) und Malte Bischoff am Schlagzeug. Der Eintritt für das Konzert beträgt 5€, Kinder bis 12J. zahlen keinen Eintritt. Tickets gibt es ab&#8230;</p>
