{"id":27308,"date":"2024-08-29T16:04:11","date_gmt":"2024-08-29T14:04:11","guid":{"rendered":"https:\/\/christusnews.de\/site\/?post_type=tribe_events&#038;p=27308"},"modified":"2024-08-29T16:52:18","modified_gmt":"2024-08-29T14:52:18","slug":"beaula-byoolah-vibe-festival","status":"publish","type":"tribe_events","link":"https:\/\/christusnews.de\/site\/event\/beaula-byoolah-vibe-festival\/","title":{"rendered":"BEAULA [BYOO:LAH] &#8212; Vibe Festival"},"content":{"rendered":"<p>VIBE FESTIVAL<\/p>\n<p>Abschlusskonzert um Wattenmeerhaus<\/p>\n<p>Auch in diesem Jahr bringt Hauke Renken ein neues musikalisches<br \/>\nProjekt mit nach Wilhelmshaven. Dieses Jahr stellt er seine<br \/>\ninnovative Band \u201eBeaula\u201c (gesprochen: bjulah) vor.<br \/>\nIn dieser Formation begleitet Hauke Renken am Vibraphon drei<br \/>\nS\u00e4ngerinnen, die mit harmonischen Stimmen und ausdrucksstarker<br \/>\nPerformance das Publikum verzaubern.<br \/>\n\u201eBeaula\u201c verbindet auf faszinierende Weise die klanglichen M\u00f6glichkeiten<br \/>\ndes Vibraphons mit den vielf\u00e4ltigen Ausdrucksformen<br \/>\nder menschlichen Stimme und schafft so ein neues, unvergleichliches<br \/>\nH\u00f6rerlebnis.<br \/>\nVor dem Panorama des Wattenmeeres erleben Sie in luftiger<br \/>\nH\u00f6he die Premiere von \u201eBeaula\u201c und lassen sich von der musikalischen<br \/>\nKreativit\u00e4t und dem Einfallsreichtum dieser au\u00dfergew\u00f6hnlichen<br \/>\nBand begeistern. Das Abschlusskonzert des Festivals<br \/>\nverspricht einen Abend voller magischer Momente und beeindruckender<br \/>\nmusikalischer Vielfalt.<\/p>\n<p>&nbsp;<\/p>\n<p>Der Eintritt ist Frei. Um eine Kollekte wird gebeten.<\/p>\n","protected":false},"excerpt":{"rendered":"<p>VIBE FESTIVAL Abschlusskonzert um Wattenmeerhaus Auch in diesem Jahr bringt Hauke Renken ein neues musikalisches Projekt mit nach Wilhelmshaven. Dieses Jahr stellt er seine innovative Band \u201eBeaula\u201c (gesprochen: bjulah) vor. In dieser Formation begleitet Hauke Renken am Vibraphon drei S\u00e4ngerinnen, die mit harmonischen Stimmen und ausdrucksstarker Performance das Publikum verzaubern. \u201eBeaula\u201c verbindet auf faszinierende Weise die klanglichen M\u00f6glichkeiten des Vibraphons mit den vielf\u00e4ltigen Ausdrucksformen der menschlichen Stimme und schafft so ein neues, unvergleichliches H\u00f6rerlebnis. Vor dem Panorama des Wattenmeeres erleben Sie in luftiger H\u00f6he die Premiere von \u201eBeaula\u201c und lassen sich von der musikalischen Kreativit\u00e4t und dem Einfallsreichtum dieser au\u00dfergew\u00f6hnlichen&#8230;<\/p>\n","protected":false},"author":2,"featured_media":27313,"template":"","meta":{"_tribe_events_status":"","_tribe_events_status_reason":"","footnotes":""},"tags":[],"tribe_events_cat":[30,39,29,77],"class_list":["post-27308","tribe_events","type-tribe_events","status-publish","has-post-thumbnail","hentry","tribe_events_cat-citykirche","tribe_events_cat-gottesdienst","tribe_events_cat-veranstaltung","tribe_events_cat-vibe-festival","cat_citykirche","cat_gottesdienst","cat_veranstaltung","cat_vibe-festival"],"_links":{"self":[{"href":"https:\/\/christusnews.de\/site\/wp-json\/wp\/v2\/tribe_events\/27308","targetHints":{"allow":["GET"]}}],"collection":[{"href":"https:\/\/christusnews.de\/site\/wp-json\/wp\/v2\/tribe_events"}],"about":[{"href":"https:\/\/christusnews.de\/site\/wp-json\/wp\/v2\/types\/tribe_events"}],"author":[{"embeddable":true,"href":"https:\/\/christusnews.de\/site\/wp-json\/wp\/v2\/users\/2"}],"version-history":[{"count":1,"href":"https:\/\/christusnews.de\/site\/wp-json\/wp\/v2\/tribe_events\/27308\/revisions"}],"predecessor-version":[{"id":27310,"href":"https:\/\/christusnews.de\/site\/wp-json\/wp\/v2\/tribe_events\/27308\/revisions\/27310"}],"wp:featuredmedia":[{"embeddable":true,"href":"https:\/\/christusnews.de\/site\/wp-json\/wp\/v2\/media\/27313"}],"wp:attachment":[{"href":"https:\/\/christusnews.de\/site\/wp-json\/wp\/v2\/media?parent=27308"}],"wp:term":[{"taxonomy":"post_tag","embeddable":true,"href":"https:\/\/christusnews.de\/site\/wp-json\/wp\/v2\/tags?post=27308"},{"taxonomy":"tribe_events_cat","embeddable":true,"href":"https:\/\/christusnews.de\/site\/wp-json\/wp\/v2\/tribe_events_cat?post=27308"}],"curies":[{"name":"wp","href":"https:\/\/api.w.org\/{rel}","templated":true}]}}

<p>VIBE FESTIVAL</p>
<p>Abschlusskonzert um Wattenmeerhaus</p>
<p>Auch in diesem Jahr bringt Hauke Renken ein neues musikalisches<br />
Projekt mit nach Wilhelmshaven. Dieses Jahr stellt er seine<br />
innovative Band „Beaula“ (gesprochen: bjulah) vor.<br />
In dieser Formation begleitet Hauke Renken am Vibraphon drei<br />
Sängerinnen, die mit harmonischen Stimmen und ausdrucksstarker<br />
Performance das Publikum verzaubern.<br />
„Beaula“ verbindet auf faszinierende Weise die klanglichen Möglichkeiten<br />
des Vibraphons mit den vielfältigen Ausdrucksformen<br />
der menschlichen Stimme und schafft so ein neues, unvergleichliches<br />
Hörerlebnis.<br />
Vor dem Panorama des Wattenmeeres erleben Sie in luftiger<br />
Höhe die Premiere von „Beaula“ und lassen sich von der musikalischen<br />
Kreativität und dem Einfallsreichtum dieser außergewöhnlichen<br />
Band begeistern. Das Abschlusskonzert des Festivals<br />
verspricht einen Abend voller magischer Momente und beeindruckender<br />
musikalischer Vielfalt.</p>
<p>&nbsp;</p>
<p>Der Eintritt ist Frei. Um eine Kollekte wird gebeten.</p>

<p>VIBE FESTIVAL Abschlusskonzert um Wattenmeerhaus Auch in diesem Jahr bringt Hauke Renken ein neues musikalisches Projekt mit nach Wilhelmshaven. Dieses Jahr stellt er seine innovative Band „Beaula“ (gesprochen: bjulah) vor. In dieser Formation begleitet Hauke Renken am Vibraphon drei Sängerinnen, die mit harmonischen Stimmen und ausdrucksstarker Performance das Publikum verzaubern. „Beaula“ verbindet auf faszinierende Weise die klanglichen Möglichkeiten des Vibraphons mit den vielfältigen Ausdrucksformen der menschlichen Stimme und schafft so ein neues, unvergleichliches Hörerlebnis. Vor dem Panorama des Wattenmeeres erleben Sie in luftiger Höhe die Premiere von „Beaula“ und lassen sich von der musikalischen Kreativität und dem Einfallsreichtum dieser außergewöhnlichen&#8230;</p>
