{"id":5982,"date":"2017-02-20T19:07:28","date_gmt":"2017-02-20T18:07:28","guid":{"rendered":"http:\/\/christusnews.de\/site\/?post_type=tribe_events&#038;p=5982"},"modified":"2017-02-20T19:43:14","modified_gmt":"2017-02-20T18:43:14","slug":"theaterkirche-unschuld-am-26-maerz","status":"publish","type":"tribe_events","link":"https:\/\/christusnews.de\/site\/event\/theaterkirche-unschuld-am-26-maerz\/","title":{"rendered":"TheaterKirche \u201eUnschuld\u201c am 26. M\u00e4rz"},"content":{"rendered":"<p>Am Sonntag, <a href=\"https:\/\/www.facebook.com\/events\/1335263113201959\/\">26. M\u00e4rz, 18 Uhr<\/a>, greift die TheaterKirche eine weitere aktuelle Inszenierung der <a href=\"http:\/\/www.landesbuehne-nord.de\/stueck\/725\">Landesb\u00fchne<\/a> auf: \u201eUnschuld\u201c. Zwei Immigranten. Der eine f\u00fcrchtet daraufhin schlaflose N\u00e4chte, der andere findet Gott in einer T\u00fcte. Die blinde Striptease-T\u00e4nzerin, die alleinstehende Frau, der Bestatter Franz. Viele Biographien, die sich miteinander verkn\u00fcpfen. Und dann ist da noch die Philosophin Ella, die in ihrer Theorie \u201e\u00dcber die Unzuverl\u00e4ssigkeit der Welt\u201c all diese Geschichten zu vereinen scheint. Viele Ankn\u00fcpfungspunkte f\u00fcr die TheaterKirche mit der Dramaturgin Lea Redlich des St\u00fccks, einem Pastoren und Mitglieder des Ensembles.<\/p>\n","protected":false},"excerpt":{"rendered":"<p>Am Sonntag, 26. M\u00e4rz, 18 Uhr, greift die TheaterKirche eine weitere aktuelle Inszenierung der Landesb\u00fchne auf: \u201eUnschuld\u201c. Zwei Immigranten. Der eine f\u00fcrchtet daraufhin schlaflose N\u00e4chte, der andere findet Gott in einer T\u00fcte. Die blinde Striptease-T\u00e4nzerin, die alleinstehende Frau, der Bestatter Franz. Viele Biographien, die sich miteinander verkn\u00fcpfen. Und dann ist da noch die Philosophin Ella, die in ihrer Theorie \u201e\u00dcber die Unzuverl\u00e4ssigkeit der Welt\u201c all diese Geschichten zu vereinen scheint. Viele Ankn\u00fcpfungspunkte f\u00fcr die TheaterKirche mit der Dramaturgin Lea Redlich des St\u00fccks, einem Pastoren und Mitglieder des Ensembles.<\/p>\n","protected":false},"author":1,"featured_media":5983,"template":"","meta":{"_tribe_events_status":"","_tribe_events_status_reason":"","footnotes":""},"tags":[],"tribe_events_cat":[30,39,42,29],"class_list":["post-5982","tribe_events","type-tribe_events","status-publish","has-post-thumbnail","hentry","tribe_events_cat-citykirche","tribe_events_cat-gottesdienst","tribe_events_cat-theaterkirche","tribe_events_cat-veranstaltung","cat_citykirche","cat_gottesdienst","cat_theaterkirche","cat_veranstaltung"],"_links":{"self":[{"href":"https:\/\/christusnews.de\/site\/wp-json\/wp\/v2\/tribe_events\/5982","targetHints":{"allow":["GET"]}}],"collection":[{"href":"https:\/\/christusnews.de\/site\/wp-json\/wp\/v2\/tribe_events"}],"about":[{"href":"https:\/\/christusnews.de\/site\/wp-json\/wp\/v2\/types\/tribe_events"}],"author":[{"embeddable":true,"href":"https:\/\/christusnews.de\/site\/wp-json\/wp\/v2\/users\/1"}],"version-history":[{"count":2,"href":"https:\/\/christusnews.de\/site\/wp-json\/wp\/v2\/tribe_events\/5982\/revisions"}],"predecessor-version":[{"id":5985,"href":"https:\/\/christusnews.de\/site\/wp-json\/wp\/v2\/tribe_events\/5982\/revisions\/5985"}],"wp:featuredmedia":[{"embeddable":true,"href":"https:\/\/christusnews.de\/site\/wp-json\/wp\/v2\/media\/5983"}],"wp:attachment":[{"href":"https:\/\/christusnews.de\/site\/wp-json\/wp\/v2\/media?parent=5982"}],"wp:term":[{"taxonomy":"post_tag","embeddable":true,"href":"https:\/\/christusnews.de\/site\/wp-json\/wp\/v2\/tags?post=5982"},{"taxonomy":"tribe_events_cat","embeddable":true,"href":"https:\/\/christusnews.de\/site\/wp-json\/wp\/v2\/tribe_events_cat?post=5982"}],"curies":[{"name":"wp","href":"https:\/\/api.w.org\/{rel}","templated":true}]}}

TheaterKirche „Unschuld“ am 26. März

<p>Am Sonntag, <a href="https://www.facebook.com/events/1335263113201959/">26. März, 18 Uhr</a>, greift die TheaterKirche eine weitere aktuelle Inszenierung der <a href="http://www.landesbuehne-nord.de/stueck/725">Landesbühne</a> auf: „Unschuld“. Zwei Immigranten. Der eine fürchtet daraufhin schlaflose Nächte, der andere findet Gott in einer Tüte. Die blinde Striptease-Tänzerin, die alleinstehende Frau, der Bestatter Franz. Viele Biographien, die sich miteinander verknüpfen. Und dann ist da noch die Philosophin Ella, die in ihrer Theorie „Über die Unzuverlässigkeit der Welt“ all diese Geschichten zu vereinen scheint. Viele Anknüpfungspunkte für die TheaterKirche mit der Dramaturgin Lea Redlich des Stücks, einem Pastoren und Mitglieder des Ensembles.</p>

<p>Am Sonntag, 26. März, 18 Uhr, greift die TheaterKirche eine weitere aktuelle Inszenierung der Landesbühne auf: „Unschuld“. Zwei Immigranten. Der eine fürchtet daraufhin schlaflose Nächte, der andere findet Gott in einer Tüte. Die blinde Striptease-Tänzerin, die alleinstehende Frau, der Bestatter Franz. Viele Biographien, die sich miteinander verknüpfen. Und dann ist da noch die Philosophin Ella, die in ihrer Theorie „Über die Unzuverlässigkeit der Welt“ all diese Geschichten zu vereinen scheint. Viele Anknüpfungspunkte für die TheaterKirche mit der Dramaturgin Lea Redlich des Stücks, einem Pastoren und Mitglieder des Ensembles.</p>
