{"id":6080,"date":"2017-03-05T12:45:34","date_gmt":"2017-03-05T11:45:34","guid":{"rendered":"http:\/\/christusnews.de\/site\/?post_type=tribe_events&#038;p=6080"},"modified":"2017-03-29T19:32:22","modified_gmt":"2017-03-29T17:32:22","slug":"passionspunkt-sag-was-schweig-nicht","status":"publish","type":"tribe_events","link":"https:\/\/christusnews.de\/site\/event\/passionspunkt-sag-was-schweig-nicht\/","title":{"rendered":"Passionspunkt: &#8220;Sag was &#8211; schweig nicht!&#8221;"},"content":{"rendered":"<p><a href=\"http:\/\/christusnews.de\/site\/wp-content\/uploads\/Bildschirmfoto-2017-03-01-um-10.37.43.png\"><img loading=\"lazy\" decoding=\"async\" class=\"alignleft size-medium wp-image-6089\" src=\"http:\/\/christusnews.de\/site\/wp-content\/uploads\/Bildschirmfoto-2017-03-01-um-10.37.43-180x300.png\" alt=\"\" width=\"180\" height=\"300\" srcset=\"https:\/\/christusnews.de\/site\/wp-content\/uploads\/Bildschirmfoto-2017-03-01-um-10.37.43-180x300.png 180w, https:\/\/christusnews.de\/site\/wp-content\/uploads\/Bildschirmfoto-2017-03-01-um-10.37.43-616x1024.png 616w, https:\/\/christusnews.de\/site\/wp-content\/uploads\/Bildschirmfoto-2017-03-01-um-10.37.43.png 662w\" sizes=\"auto, (max-width: 180px) 100vw, 180px\" \/><\/a>Vom 9. bis 15. April finden wieder die Passionspunkte statt. Jeweils um 18 Uhr verl\u00e4sst die Gemeinde der Christus- und Garnisonkirche die Kirche und feiert sogenannte Passionspunkte an wunden Punkten in der S\u00fcd- und Innenstadt.<\/p>\n<p>35 Minuten lang werden Fachleute, MusikerInnen, LektorInnen und TheologInnen den Ort im Kontext der Passionsgeschichte Jesu beleuchten. F\u00fcr dieses Jahr sind wieder eindr\u00fcckliche Orte gefunden worden, die sowohl die Stadtgeschichte als auch die Geschichte Jesu in neuem und anderem Licht erscheinen lassen. Folgende Orte sind f\u00fcr die Karwoche geplant: Theos am Bontekai, Parkstra\u00dfe 16, Marinemuseum, Kaiser Wilhelm Br\u00fccke, Kirche, Kunsthalle und die alten Minenlagerh\u00e4user. Im letzten Jahr z\u00e4hlten die Organisatoren um die beiden Pastoren Busemann und Morgenstern noch einmal mehr Besuchende. 1298 Besuchende verteilten sich auf die sieben Orte der Passionspunkte. Auch in diesem Jahr hat jeder Passionspunkt seinen ganz besonderen Charme. Viele Geschichten warten darauf, erz\u00e4hlt zu werden.<br \/>\nZum ersten Mal werden in diesem Jahr kurzfristig Stra\u00dfen gesperrt, weil Passionspunkte dort viele Menschen zusammenf\u00fchren werden (KW Br\u00fccke und Passionspunkte). \u00dcberhaupt hat in diesem Jahr die Zusammenarbeit auch mit st\u00e4dtischen Vertretern eine neue Dimension bekommen. So treten Ulrich R\u00e4cker-Wellnitz und Oliver Leinert als Fachleute auf und an drei Stellen w\u00e4re ohne die Unterst\u00fctzung der Stadt der Passionspunkt nicht m\u00f6glich. Ebenfalls zum ersten Mal werden Schauspieler einen Passionspunkt theatral bereichern.<br \/>\nEine feste musikalische und inhaltliche Ordnung f\u00fcr die Passionspunkte f\u00fchrt Fans oder Neuinteressierte durch die kurze Andacht.<\/p>\n<p>Alle Interessierten sind herzlich eingeladen, sich auf diesen Weg durch die Geschichte der Stadt und die Geschichte Jesu einzulassen.<\/p>\n<p><strong><em><a href=\"http:\/\/christusnews.de\/site\/wp-content\/uploads\/Bildschirmfoto-2017-03-01-um-10.38.35-1.png\"><img loading=\"lazy\" decoding=\"async\" class=\"alignright size-medium wp-image-6093\" src=\"http:\/\/christusnews.de\/site\/wp-content\/uploads\/Bildschirmfoto-2017-03-01-um-10.38.35-1-300x145.png\" sizes=\"auto, (max-width: 300px) 100vw, 300px\" srcset=\"http:\/\/christusnews.de\/site\/wp-content\/uploads\/Bildschirmfoto-2017-03-01-um-10.38.35-1-300x145.png 300x, http:\/\/christusnews.de\/site\/wp-content\/uploads\/Bildschirmfoto-2017-03-01-um-10.38.35-1-768x371.png 768x, http:\/\/christusnews.de\/site\/wp-content\/uploads\/Bildschirmfoto-2017-03-01-um-10.38.35-1-1024x495.png 1024x, http:\/\/christusnews.de\/site\/wp-content\/uploads\/Bildschirmfoto-2017-03-01-um-10.38.35-1.png 1065x\" alt=\"\" width=\"300\" height=\"145\" \/><\/a><\/em><\/strong><strong><em>Heute: <a href=\"https:\/\/www.facebook.com\/events\/184541362042244\/\">Sonntag, 9. April: &#8220;Sag was \u2013 Schweig nicht!&#8221;<\/a><\/em><\/strong><\/p>\n<p>Im neu er\u00f6ffnetet Theos beginnen die Passionspunkte. Im Theater der Jungen Landesb\u00fchne (Am Bontekai 67) hei\u00dft der erste Passionspunkt in diesem Jahr\u00a0<em>Sag was \u2013 Schweig nicht!<\/em>. Dieser Passionspunkt ist wie eine \u00dcberschrift \u00fcber das Konzept dieser Reihe. Theatral werden die Mitglieder des Ensembles Zenzi Huber und Vasilios Zavrakis Szenen aus dem Jugendst\u00fcck Nashorn spielen. Ulrich R\u00e4cker\u2013Wellnitz, Stadtarchivar wird die Geschichte des Hauses zusammenfassen. Pastor Bernhard Busemann wird den Ort theologisch und seelsorgerlich einordnen. Musikalisch wird das Ensemble QuintAnima die Woche er\u00f6ffnen.<\/p>\n","protected":false},"excerpt":{"rendered":"<p>Vom 9. bis 15. April finden wieder die Passionspunkte statt. Jeweils um 18 Uhr verl\u00e4sst die Gemeinde der Christus- und Garnisonkirche die Kirche und feiert sogenannte Passionspunkte an wunden Punkten in der S\u00fcd- und Innenstadt. 35 Minuten lang werden Fachleute, MusikerInnen, LektorInnen und TheologInnen den Ort im Kontext der Passionsgeschichte Jesu beleuchten. F\u00fcr dieses Jahr sind wieder eindr\u00fcckliche Orte gefunden worden, die sowohl die Stadtgeschichte als auch die Geschichte Jesu in neuem und anderem Licht erscheinen lassen. Folgende Orte sind f\u00fcr die Karwoche geplant: Theos am Bontekai, Parkstra\u00dfe 16, Marinemuseum, Kaiser Wilhelm Br\u00fccke, Kirche, Kunsthalle und die alten Minenlagerh\u00e4user. Im&#8230;<\/p>\n","protected":false},"author":1,"featured_media":6081,"template":"","meta":{"_tribe_events_status":"","_tribe_events_status_reason":"","footnotes":""},"tags":[],"tribe_events_cat":[39,29],"class_list":["post-6080","tribe_events","type-tribe_events","status-publish","has-post-thumbnail","hentry","tribe_events_cat-gottesdienst","tribe_events_cat-veranstaltung","cat_gottesdienst","cat_veranstaltung"],"_links":{"self":[{"href":"https:\/\/christusnews.de\/site\/wp-json\/wp\/v2\/tribe_events\/6080","targetHints":{"allow":["GET"]}}],"collection":[{"href":"https:\/\/christusnews.de\/site\/wp-json\/wp\/v2\/tribe_events"}],"about":[{"href":"https:\/\/christusnews.de\/site\/wp-json\/wp\/v2\/types\/tribe_events"}],"author":[{"embeddable":true,"href":"https:\/\/christusnews.de\/site\/wp-json\/wp\/v2\/users\/1"}],"version-history":[{"count":6,"href":"https:\/\/christusnews.de\/site\/wp-json\/wp\/v2\/tribe_events\/6080\/revisions"}],"predecessor-version":[{"id":6307,"href":"https:\/\/christusnews.de\/site\/wp-json\/wp\/v2\/tribe_events\/6080\/revisions\/6307"}],"wp:featuredmedia":[{"embeddable":true,"href":"https:\/\/christusnews.de\/site\/wp-json\/wp\/v2\/media\/6081"}],"wp:attachment":[{"href":"https:\/\/christusnews.de\/site\/wp-json\/wp\/v2\/media?parent=6080"}],"wp:term":[{"taxonomy":"post_tag","embeddable":true,"href":"https:\/\/christusnews.de\/site\/wp-json\/wp\/v2\/tags?post=6080"},{"taxonomy":"tribe_events_cat","embeddable":true,"href":"https:\/\/christusnews.de\/site\/wp-json\/wp\/v2\/tribe_events_cat?post=6080"}],"curies":[{"name":"wp","href":"https:\/\/api.w.org\/{rel}","templated":true}]}}

<p><a href="http://christusnews.de/site/wp-content/uploads/Bildschirmfoto-2017-03-01-um-10.37.43.png"><img loading="lazy" decoding="async" class="alignleft size-medium wp-image-6089" src="http://christusnews.de/site/wp-content/uploads/Bildschirmfoto-2017-03-01-um-10.37.43-180x300.png" alt="" width="180" height="300" srcset="https://christusnews.de/site/wp-content/uploads/Bildschirmfoto-2017-03-01-um-10.37.43-180x300.png 180w, https://christusnews.de/site/wp-content/uploads/Bildschirmfoto-2017-03-01-um-10.37.43-616x1024.png 616w, https://christusnews.de/site/wp-content/uploads/Bildschirmfoto-2017-03-01-um-10.37.43.png 662w" sizes="auto, (max-width: 180px) 100vw, 180px" /></a>Vom 9. bis 15. April finden wieder die Passionspunkte statt. Jeweils um 18 Uhr verlässt die Gemeinde der Christus- und Garnisonkirche die Kirche und feiert sogenannte Passionspunkte an wunden Punkten in der Süd- und Innenstadt.</p>
<p>35 Minuten lang werden Fachleute, MusikerInnen, LektorInnen und TheologInnen den Ort im Kontext der Passionsgeschichte Jesu beleuchten. Für dieses Jahr sind wieder eindrückliche Orte gefunden worden, die sowohl die Stadtgeschichte als auch die Geschichte Jesu in neuem und anderem Licht erscheinen lassen. Folgende Orte sind für die Karwoche geplant: Theos am Bontekai, Parkstraße 16, Marinemuseum, Kaiser Wilhelm Brücke, Kirche, Kunsthalle und die alten Minenlagerhäuser. Im letzten Jahr zählten die Organisatoren um die beiden Pastoren Busemann und Morgenstern noch einmal mehr Besuchende. 1298 Besuchende verteilten sich auf die sieben Orte der Passionspunkte. Auch in diesem Jahr hat jeder Passionspunkt seinen ganz besonderen Charme. Viele Geschichten warten darauf, erzählt zu werden.<br />
Zum ersten Mal werden in diesem Jahr kurzfristig Straßen gesperrt, weil Passionspunkte dort viele Menschen zusammenführen werden (KW Brücke und Passionspunkte). Überhaupt hat in diesem Jahr die Zusammenarbeit auch mit städtischen Vertretern eine neue Dimension bekommen. So treten Ulrich Räcker-Wellnitz und Oliver Leinert als Fachleute auf und an drei Stellen wäre ohne die Unterstützung der Stadt der Passionspunkt nicht möglich. Ebenfalls zum ersten Mal werden Schauspieler einen Passionspunkt theatral bereichern.<br />
Eine feste musikalische und inhaltliche Ordnung für die Passionspunkte führt Fans oder Neuinteressierte durch die kurze Andacht.</p>
<p>Alle Interessierten sind herzlich eingeladen, sich auf diesen Weg durch die Geschichte der Stadt und die Geschichte Jesu einzulassen.</p>
<p><strong><em><a href="http://christusnews.de/site/wp-content/uploads/Bildschirmfoto-2017-03-01-um-10.38.35-1.png"><img loading="lazy" decoding="async" class="alignright size-medium wp-image-6093" src="http://christusnews.de/site/wp-content/uploads/Bildschirmfoto-2017-03-01-um-10.38.35-1-300x145.png" sizes="auto, (max-width: 300px) 100vw, 300px" srcset="http://christusnews.de/site/wp-content/uploads/Bildschirmfoto-2017-03-01-um-10.38.35-1-300x145.png 300x, http://christusnews.de/site/wp-content/uploads/Bildschirmfoto-2017-03-01-um-10.38.35-1-768x371.png 768x, http://christusnews.de/site/wp-content/uploads/Bildschirmfoto-2017-03-01-um-10.38.35-1-1024x495.png 1024x, http://christusnews.de/site/wp-content/uploads/Bildschirmfoto-2017-03-01-um-10.38.35-1.png 1065x" alt="" width="300" height="145" /></a></em></strong><strong><em>Heute: <a href="https://www.facebook.com/events/184541362042244/">Sonntag, 9. April: &#8220;Sag was – Schweig nicht!&#8221;</a></em></strong></p>
<p>Im neu eröffnetet Theos beginnen die Passionspunkte. Im Theater der Jungen Landesbühne (Am Bontekai 67) heißt der erste Passionspunkt in diesem Jahr <em>Sag was – Schweig nicht!</em>. Dieser Passionspunkt ist wie eine Überschrift über das Konzept dieser Reihe. Theatral werden die Mitglieder des Ensembles Zenzi Huber und Vasilios Zavrakis Szenen aus dem Jugendstück Nashorn spielen. Ulrich Räcker–Wellnitz, Stadtarchivar wird die Geschichte des Hauses zusammenfassen. Pastor Bernhard Busemann wird den Ort theologisch und seelsorgerlich einordnen. Musikalisch wird das Ensemble QuintAnima die Woche eröffnen.</p>

<p>Vom 9. bis 15. April finden wieder die Passionspunkte statt. Jeweils um 18 Uhr verlässt die Gemeinde der Christus- und Garnisonkirche die Kirche und feiert sogenannte Passionspunkte an wunden Punkten in der Süd- und Innenstadt. 35 Minuten lang werden Fachleute, MusikerInnen, LektorInnen und TheologInnen den Ort im Kontext der Passionsgeschichte Jesu beleuchten. Für dieses Jahr sind wieder eindrückliche Orte gefunden worden, die sowohl die Stadtgeschichte als auch die Geschichte Jesu in neuem und anderem Licht erscheinen lassen. Folgende Orte sind für die Karwoche geplant: Theos am Bontekai, Parkstraße 16, Marinemuseum, Kaiser Wilhelm Brücke, Kirche, Kunsthalle und die alten Minenlagerhäuser. Im&#8230;</p>
