{"id":6083,"date":"2017-03-05T12:55:08","date_gmt":"2017-03-05T11:55:08","guid":{"rendered":"http:\/\/christusnews.de\/site\/?post_type=tribe_events&#038;p=6083"},"modified":"2017-03-29T19:41:54","modified_gmt":"2017-03-29T17:41:54","slug":"passionspunkt-diese-geschichte-muss-erzaehlt-werden","status":"publish","type":"tribe_events","link":"https:\/\/christusnews.de\/site\/event\/passionspunkt-diese-geschichte-muss-erzaehlt-werden\/","title":{"rendered":"Passionspunkt: &#8220;Diese Geschichte muss erz\u00e4hlt werden&#8221;"},"content":{"rendered":"<p><a href=\"http:\/\/christusnews.de\/site\/wp-content\/uploads\/Bildschirmfoto-2017-03-01-um-10.38.05.png\"><img loading=\"lazy\" decoding=\"async\" class=\"alignleft size-medium wp-image-6085\" src=\"http:\/\/christusnews.de\/site\/wp-content\/uploads\/Bildschirmfoto-2017-03-01-um-10.38.05-200x300.png\" alt=\"\" width=\"200\" height=\"300\" srcset=\"https:\/\/christusnews.de\/site\/wp-content\/uploads\/Bildschirmfoto-2017-03-01-um-10.38.05-200x300.png 200w, https:\/\/christusnews.de\/site\/wp-content\/uploads\/Bildschirmfoto-2017-03-01-um-10.38.05.png 550w\" sizes=\"auto, (max-width: 200px) 100vw, 200px\" \/><\/a><\/p>\n<p>Vom 9. bis 15. April finden wieder die Passionspunkte statt. Jeweils um 18 Uhr verl\u00e4sst die Gemeinde der Christus- und Garnisonkirche die Kirche und feiert sogenannte Passionspunkte an wunden Punkten in der S\u00fcd- und Innenstadt.<\/p>\n<p>35 Minuten lang werden Fachleute, MusikerInnen, LektorInnen und TheologInnen den Ort im Kontext der Passionsgeschichte Jesu beleuchten. F\u00fcr dieses Jahr sind wieder eindr\u00fcckliche Orte gefunden worden, die sowohl die Stadtgeschichte als auch die Geschichte Jesu in neuem und anderem Licht erscheinen lassen. Folgende Orte sind f\u00fcr die Karwoche geplant: Theos am Bontekai, Parkstra\u00dfe 16, Marinemuseum, Kaiser Wilhelm Br\u00fccke, Kirche, Kunsthalle und die alten Minenlagerh\u00e4user. Im letzten Jahr z\u00e4hlten die Organisatoren um die beiden Pastoren Busemann und Morgenstern noch einmal mehr Besuchende. 1298 Besuchende verteilten sich auf die sieben Orte der Passionspunkte. Auch in diesem Jahr hat jeder Passionspunkt seinen ganz besonderen Charme. Viele Geschichten warten darauf, erz\u00e4hlt zu werden.<br \/>\nZum ersten Mal werden in diesem Jahr kurzfristig Stra\u00dfen gesperrt, weil Passionspunkte dort viele Menschen zusammenf\u00fchren werden (KW Br\u00fccke und Passionspunkte). \u00dcberhaupt hat in diesem Jahr die Zusammenarbeit auch mit st\u00e4dtischen Vertretern eine neue Dimension bekommen. So treten Ulrich R\u00e4cker-Wellnitz und Oliver Leinert als Fachleute auf und an drei Stellen w\u00e4re ohne die Unterst\u00fctzung der Stadt der Passionspunkt nicht m\u00f6glich. Ebenfalls zum ersten Mal werden Schauspieler einen Passionspunkt theatral bereichern.<br \/>\nEine feste musikalische und inhaltliche Ordnung f\u00fcr die Passionspunkte f\u00fchrt Fans oder Neuinteressierte durch die kurze Andacht.<\/p>\n<p>Alle Interessierten sind herzlich eingeladen, sich auf diesen Weg durch die Geschichte der Stadt und die Geschichte Jesu einzulassen.<\/p>\n<p><strong><em><a href=\"http:\/\/christusnews.de\/site\/wp-content\/uploads\/Bildschirmfoto-2017-03-01-um-10.38.35-1.png\"><img loading=\"lazy\" decoding=\"async\" class=\"alignright size-medium wp-image-6093\" src=\"http:\/\/christusnews.de\/site\/wp-content\/uploads\/Bildschirmfoto-2017-03-01-um-10.38.35-1-300x145.png\" alt=\"\" width=\"300\" height=\"145\" srcset=\"https:\/\/christusnews.de\/site\/wp-content\/uploads\/Bildschirmfoto-2017-03-01-um-10.38.35-1-300x145.png 300w, https:\/\/christusnews.de\/site\/wp-content\/uploads\/Bildschirmfoto-2017-03-01-um-10.38.35-1-768x371.png 768w, https:\/\/christusnews.de\/site\/wp-content\/uploads\/Bildschirmfoto-2017-03-01-um-10.38.35-1-1024x495.png 1024w, https:\/\/christusnews.de\/site\/wp-content\/uploads\/Bildschirmfoto-2017-03-01-um-10.38.35-1.png 1065w\" sizes=\"auto, (max-width: 300px) 100vw, 300px\" \/><\/a><\/em><\/strong><\/p>\n<p><strong><em>Heute: <a href=\"https:\/\/www.facebook.com\/events\/236038516868290\/\">Montag, 10. April: &#8220;Diese Geschichte muss erz\u00e4hlt werden.&#8221;<\/a><\/em><\/strong><\/p>\n<p>Viele Menschen sind schon an ihren Skulpturen vorbeigegangen, aber die meisten haben nicht gewusst, welche Geschichte hinten diesen steckt. In der Parkstra\u00dfe 16 zieren zwei kleine Figuren den Eingang des Hauses. Josefa Egberts hat diese Figuren hergestellt. Eine K\u00fcnstlerin aus Wilhelmshaven, die im Faschismus umgebracht wurde und derer zu Ehren im letzten Jahr eine Ausstellung im Schlossmuseum stattfand. Dr. Antje Sander (Schlossmuseum) wird von dieser Frau berichten. Pastor Frank Morgenstern wird die Lebensgeschichte mit der Passionsgeschichte verkn\u00fcpfen. Extra f\u00fcr diesen und den Passionspunkt am Mittwoch haben sich die drei Musiker Simon Kasper, J\u00f6rdis W\u00f6lk und Emanuel Jessel zusammengefunden.\u00a0<em>Diese Geschichte muss erz\u00e4hlt werden,\u00a0<\/em>denken alle Beteiligten und werden die Geschichte vor dem Haus und auf der Stra\u00dfe ins Bewusstsein holen.<\/p>\n<p>&nbsp;<\/p>\n","protected":false},"excerpt":{"rendered":"<p>Vom 9. bis 15. April finden wieder die Passionspunkte statt. Jeweils um 18 Uhr verl\u00e4sst die Gemeinde der Christus- und Garnisonkirche die Kirche und feiert sogenannte Passionspunkte an wunden Punkten in der S\u00fcd- und Innenstadt. 35 Minuten lang werden Fachleute, MusikerInnen, LektorInnen und TheologInnen den Ort im Kontext der Passionsgeschichte Jesu beleuchten. F\u00fcr dieses Jahr sind wieder eindr\u00fcckliche Orte gefunden worden, die sowohl die Stadtgeschichte als auch die Geschichte Jesu in neuem und anderem Licht erscheinen lassen. Folgende Orte sind f\u00fcr die Karwoche geplant: Theos am Bontekai, Parkstra\u00dfe 16, Marinemuseum, Kaiser Wilhelm Br\u00fccke, Kirche, Kunsthalle und die alten Minenlagerh\u00e4user. Im&#8230;<\/p>\n","protected":false},"author":1,"featured_media":6084,"template":"","meta":{"_tribe_events_status":"","_tribe_events_status_reason":"","footnotes":""},"tags":[],"tribe_events_cat":[39,29],"class_list":["post-6083","tribe_events","type-tribe_events","status-publish","has-post-thumbnail","hentry","tribe_events_cat-gottesdienst","tribe_events_cat-veranstaltung","cat_gottesdienst","cat_veranstaltung"],"_links":{"self":[{"href":"https:\/\/christusnews.de\/site\/wp-json\/wp\/v2\/tribe_events\/6083","targetHints":{"allow":["GET"]}}],"collection":[{"href":"https:\/\/christusnews.de\/site\/wp-json\/wp\/v2\/tribe_events"}],"about":[{"href":"https:\/\/christusnews.de\/site\/wp-json\/wp\/v2\/types\/tribe_events"}],"author":[{"embeddable":true,"href":"https:\/\/christusnews.de\/site\/wp-json\/wp\/v2\/users\/1"}],"version-history":[{"count":3,"href":"https:\/\/christusnews.de\/site\/wp-json\/wp\/v2\/tribe_events\/6083\/revisions"}],"predecessor-version":[{"id":6311,"href":"https:\/\/christusnews.de\/site\/wp-json\/wp\/v2\/tribe_events\/6083\/revisions\/6311"}],"wp:featuredmedia":[{"embeddable":true,"href":"https:\/\/christusnews.de\/site\/wp-json\/wp\/v2\/media\/6084"}],"wp:attachment":[{"href":"https:\/\/christusnews.de\/site\/wp-json\/wp\/v2\/media?parent=6083"}],"wp:term":[{"taxonomy":"post_tag","embeddable":true,"href":"https:\/\/christusnews.de\/site\/wp-json\/wp\/v2\/tags?post=6083"},{"taxonomy":"tribe_events_cat","embeddable":true,"href":"https:\/\/christusnews.de\/site\/wp-json\/wp\/v2\/tribe_events_cat?post=6083"}],"curies":[{"name":"wp","href":"https:\/\/api.w.org\/{rel}","templated":true}]}}

Passionspunkt: &#8220;Diese Geschichte muss erzählt werden&#8221;

<p><a href="http://christusnews.de/site/wp-content/uploads/Bildschirmfoto-2017-03-01-um-10.38.05.png"><img loading="lazy" decoding="async" class="alignleft size-medium wp-image-6085" src="http://christusnews.de/site/wp-content/uploads/Bildschirmfoto-2017-03-01-um-10.38.05-200x300.png" alt="" width="200" height="300" srcset="https://christusnews.de/site/wp-content/uploads/Bildschirmfoto-2017-03-01-um-10.38.05-200x300.png 200w, https://christusnews.de/site/wp-content/uploads/Bildschirmfoto-2017-03-01-um-10.38.05.png 550w" sizes="auto, (max-width: 200px) 100vw, 200px" /></a></p>
<p>Vom 9. bis 15. April finden wieder die Passionspunkte statt. Jeweils um 18 Uhr verlässt die Gemeinde der Christus- und Garnisonkirche die Kirche und feiert sogenannte Passionspunkte an wunden Punkten in der Süd- und Innenstadt.</p>
<p>35 Minuten lang werden Fachleute, MusikerInnen, LektorInnen und TheologInnen den Ort im Kontext der Passionsgeschichte Jesu beleuchten. Für dieses Jahr sind wieder eindrückliche Orte gefunden worden, die sowohl die Stadtgeschichte als auch die Geschichte Jesu in neuem und anderem Licht erscheinen lassen. Folgende Orte sind für die Karwoche geplant: Theos am Bontekai, Parkstraße 16, Marinemuseum, Kaiser Wilhelm Brücke, Kirche, Kunsthalle und die alten Minenlagerhäuser. Im letzten Jahr zählten die Organisatoren um die beiden Pastoren Busemann und Morgenstern noch einmal mehr Besuchende. 1298 Besuchende verteilten sich auf die sieben Orte der Passionspunkte. Auch in diesem Jahr hat jeder Passionspunkt seinen ganz besonderen Charme. Viele Geschichten warten darauf, erzählt zu werden.<br />
Zum ersten Mal werden in diesem Jahr kurzfristig Straßen gesperrt, weil Passionspunkte dort viele Menschen zusammenführen werden (KW Brücke und Passionspunkte). Überhaupt hat in diesem Jahr die Zusammenarbeit auch mit städtischen Vertretern eine neue Dimension bekommen. So treten Ulrich Räcker-Wellnitz und Oliver Leinert als Fachleute auf und an drei Stellen wäre ohne die Unterstützung der Stadt der Passionspunkt nicht möglich. Ebenfalls zum ersten Mal werden Schauspieler einen Passionspunkt theatral bereichern.<br />
Eine feste musikalische und inhaltliche Ordnung für die Passionspunkte führt Fans oder Neuinteressierte durch die kurze Andacht.</p>
<p>Alle Interessierten sind herzlich eingeladen, sich auf diesen Weg durch die Geschichte der Stadt und die Geschichte Jesu einzulassen.</p>
<p><strong><em><a href="http://christusnews.de/site/wp-content/uploads/Bildschirmfoto-2017-03-01-um-10.38.35-1.png"><img loading="lazy" decoding="async" class="alignright size-medium wp-image-6093" src="http://christusnews.de/site/wp-content/uploads/Bildschirmfoto-2017-03-01-um-10.38.35-1-300x145.png" alt="" width="300" height="145" srcset="https://christusnews.de/site/wp-content/uploads/Bildschirmfoto-2017-03-01-um-10.38.35-1-300x145.png 300w, https://christusnews.de/site/wp-content/uploads/Bildschirmfoto-2017-03-01-um-10.38.35-1-768x371.png 768w, https://christusnews.de/site/wp-content/uploads/Bildschirmfoto-2017-03-01-um-10.38.35-1-1024x495.png 1024w, https://christusnews.de/site/wp-content/uploads/Bildschirmfoto-2017-03-01-um-10.38.35-1.png 1065w" sizes="auto, (max-width: 300px) 100vw, 300px" /></a></em></strong></p>
<p><strong><em>Heute: <a href="https://www.facebook.com/events/236038516868290/">Montag, 10. April: &#8220;Diese Geschichte muss erzählt werden.&#8221;</a></em></strong></p>
<p>Viele Menschen sind schon an ihren Skulpturen vorbeigegangen, aber die meisten haben nicht gewusst, welche Geschichte hinten diesen steckt. In der Parkstraße 16 zieren zwei kleine Figuren den Eingang des Hauses. Josefa Egberts hat diese Figuren hergestellt. Eine Künstlerin aus Wilhelmshaven, die im Faschismus umgebracht wurde und derer zu Ehren im letzten Jahr eine Ausstellung im Schlossmuseum stattfand. Dr. Antje Sander (Schlossmuseum) wird von dieser Frau berichten. Pastor Frank Morgenstern wird die Lebensgeschichte mit der Passionsgeschichte verknüpfen. Extra für diesen und den Passionspunkt am Mittwoch haben sich die drei Musiker Simon Kasper, Jördis Wölk und Emanuel Jessel zusammengefunden. <em>Diese Geschichte muss erzählt werden, </em>denken alle Beteiligten und werden die Geschichte vor dem Haus und auf der Straße ins Bewusstsein holen.</p>
<p>&nbsp;</p>

<p>Vom 9. bis 15. April finden wieder die Passionspunkte statt. Jeweils um 18 Uhr verlässt die Gemeinde der Christus- und Garnisonkirche die Kirche und feiert sogenannte Passionspunkte an wunden Punkten in der Süd- und Innenstadt. 35 Minuten lang werden Fachleute, MusikerInnen, LektorInnen und TheologInnen den Ort im Kontext der Passionsgeschichte Jesu beleuchten. Für dieses Jahr sind wieder eindrückliche Orte gefunden worden, die sowohl die Stadtgeschichte als auch die Geschichte Jesu in neuem und anderem Licht erscheinen lassen. Folgende Orte sind für die Karwoche geplant: Theos am Bontekai, Parkstraße 16, Marinemuseum, Kaiser Wilhelm Brücke, Kirche, Kunsthalle und die alten Minenlagerhäuser. Im&#8230;</p>
