{"id":6735,"date":"2017-05-24T06:17:34","date_gmt":"2017-05-24T04:17:34","guid":{"rendered":"http:\/\/christusnews.de\/site\/?post_type=tribe_events&#038;p=6735"},"modified":"2017-05-24T06:17:34","modified_gmt":"2017-05-24T04:17:34","slug":"gottesdienst-am-himmelfahrtstag","status":"publish","type":"tribe_events","link":"https:\/\/christusnews.de\/site\/event\/gottesdienst-am-himmelfahrtstag\/","title":{"rendered":"Gottesdienst am Himmelfahrtstag"},"content":{"rendered":"<p>Herzliche Einladung zum Gottesdienst am Himmelfahrtstag. Pr\u00e4dikant und Lektor Heiko B\u00f6ncker wird den Gottesdienst leiten. Mit dem Gottesdienst wird er eine kleine Br\u00fccke zu den vielen Gottesdiensten auf dem Kirchentag schlagen, die alle unter dem Motto &#8220;Du siehst mich&#8221; stehen.<\/p>\n","protected":false},"excerpt":{"rendered":"<p>Herzliche Einladung zum Gottesdienst am Himmelfahrtstag. Pr\u00e4dikant und Lektor Heiko B\u00f6ncker wird den Gottesdienst leiten. Mit dem Gottesdienst wird er eine kleine Br\u00fccke zu den vielen Gottesdiensten auf dem Kirchentag schlagen, die alle unter dem Motto &#8220;Du siehst mich&#8221; stehen.<\/p>\n","protected":false},"author":2,"featured_media":6435,"template":"","meta":{"_tribe_events_status":"","_tribe_events_status_reason":"","footnotes":""},"tags":[],"tribe_events_cat":[39],"class_list":["post-6735","tribe_events","type-tribe_events","status-publish","has-post-thumbnail","hentry","tribe_events_cat-gottesdienst","cat_gottesdienst"],"_links":{"self":[{"href":"https:\/\/christusnews.de\/site\/wp-json\/wp\/v2\/tribe_events\/6735","targetHints":{"allow":["GET"]}}],"collection":[{"href":"https:\/\/christusnews.de\/site\/wp-json\/wp\/v2\/tribe_events"}],"about":[{"href":"https:\/\/christusnews.de\/site\/wp-json\/wp\/v2\/types\/tribe_events"}],"author":[{"embeddable":true,"href":"https:\/\/christusnews.de\/site\/wp-json\/wp\/v2\/users\/2"}],"version-history":[{"count":1,"href":"https:\/\/christusnews.de\/site\/wp-json\/wp\/v2\/tribe_events\/6735\/revisions"}],"predecessor-version":[{"id":6736,"href":"https:\/\/christusnews.de\/site\/wp-json\/wp\/v2\/tribe_events\/6735\/revisions\/6736"}],"wp:featuredmedia":[{"embeddable":true,"href":"https:\/\/christusnews.de\/site\/wp-json\/wp\/v2\/media\/6435"}],"wp:attachment":[{"href":"https:\/\/christusnews.de\/site\/wp-json\/wp\/v2\/media?parent=6735"}],"wp:term":[{"taxonomy":"post_tag","embeddable":true,"href":"https:\/\/christusnews.de\/site\/wp-json\/wp\/v2\/tags?post=6735"},{"taxonomy":"tribe_events_cat","embeddable":true,"href":"https:\/\/christusnews.de\/site\/wp-json\/wp\/v2\/tribe_events_cat?post=6735"}],"curies":[{"name":"wp","href":"https:\/\/api.w.org\/{rel}","templated":true}]}}

<p>Herzliche Einladung zum Gottesdienst am Himmelfahrtstag. Prädikant und Lektor Heiko Böncker wird den Gottesdienst leiten. Mit dem Gottesdienst wird er eine kleine Brücke zu den vielen Gottesdiensten auf dem Kirchentag schlagen, die alle unter dem Motto &#8220;Du siehst mich&#8221; stehen.</p>
